{"id":791,"date":"2024-04-24T13:06:15","date_gmt":"2024-04-24T11:06:15","guid":{"rendered":"https:\/\/gartenrestposten.de\/?post_type=product&#038;p=791"},"modified":"2026-01-09T13:30:14","modified_gmt":"2026-01-09T13:30:14","slug":"stiga-estate-9102-w-benzin-rasentraktor","status":"publish","type":"product","link":"https:\/\/benimarkt.at\/?product=stiga-estate-9102-w-benzin-rasentraktor","title":{"rendered":"Stiga Estate 9102 W Benzin-Rasentraktor"},"content":{"rendered":"<h3>Technische Daten<\/h3>\n<ul>\n<li>Motormodell: HONDA GXV 690<\/li>\n<li>Hubraum: 688cm\u00b3<\/li>\n<li>Anzahl Zylinder: 2<\/li>\n<li>Motor Nennleistung: 12,65 kW<\/li>\n<li>Motordrehzahl: 2500 U\/min<\/li>\n<li>K\u00fchlsystem: Luftgek\u00fchlt<\/li>\n<li>Kraftstoff: Benzin<\/li>\n<li>Tankinhalt: 8 L<\/li>\n<li>Max. M\u00e4hfl\u00e4che: 8500 m\u00b2<\/li>\n<li>Zus\u00e4tzliche M\u00e4hfunktion: Heckauswurf, Multiclip Mulchen<\/li>\n<li>Schnittbreite: 102 cm<\/li>\n<li>Schnitth\u00f6henintervall: 30 \u2013 90 mm<\/li>\n<\/ul>\n","protected":false},"excerpt":{"rendered":"<p>Der Estate 9102 W ist ideal zum Aufsammeln oder Mulchen gro\u00dfer Fl\u00e4chen von 8.500 m2. Ausgestattet mit einem Honda GXV 690 688 ccm Zweizylindermotor mit gro\u00dfem Hubraum, ist er f\u00fcr schwere M\u00e4harbeiten ausgelegt. Dieses Modell ist mit einem 102er M\u00e4hdeck und einem ger\u00e4umigen 320-Liter-Grasfangkorb ausgestattet, um auch auf unebenen oder schwierigen Rasenfl\u00e4chen f\u00fcr Ordnung zu sorgen. Dein langj\u00e4hriger Verb\u00fcndeter bei der Rasenpflege.<\/p>\n<p>Langlebig, leistungsstark &#8211; Verlass dich auf die dauerhafte Zuverl\u00e4ssigkeit und Leistung eines Honda-Benzinmotors, der f\u00fcr schwere Gartenarbeiten entwickelt wurde.<br \/>\nErstklassig &#8211; Erziele hervorragende M\u00e4h- und Sammelergebnisse von Europas f\u00fchrendem Hersteller.<br \/>\nH\u00f6chste Auffangleistung &#8211; f\u00fcr saubere Ergebnisse und m\u00fcheloses M\u00e4hen bei jedem Einsatz. Er wird mit einem 360l Fangsack f\u00fcr lang anhaltende Arbeitssitzungen geliefert<br \/>\nSanftes hydrostatisches Getriebe &#8211; Genie\u00dfe einen nahtlosen und fl\u00fcssigen Antrieb mit dem hydrostatischen Getriebe und dem 102 cm M\u00e4hdeck.<br \/>\nIntelligentes Widescreen-Display &#8211; Profitiere von leicht zu \u00fcberschauenden Betriebsanzeigen.<br \/>\nIm Lieferumfang enthalten sind &#8211; Mulchstecker, Anh\u00e4ngerkupplung und Batterieladeger\u00e4t<\/p>\n","protected":false},"featured_media":13129,"comment_status":"open","ping_status":"closed","template":"","meta":[],"product_brand":[300],"product_cat":[134,135],"product_tag":[459,210,312],"class_list":{"0":"post-791","1":"product","2":"type-product","3":"status-publish","4":"has-post-thumbnail","6":"product_brand-stiga","7":"product_cat-gartenbau","8":"product_cat-rasenmaehertraktor","9":"product_tag-459","10":"product_tag-rasentraktor","11":"product_tag-stiga","13":"first","14":"instock","15":"taxable","16":"shipping-taxable","17":"purchasable","18":"product-type-simple"},"_links":{"self":[{"href":"https:\/\/benimarkt.at\/index.php?rest_route=\/wp\/v2\/product\/791","targetHints":{"allow":["GET"]}}],"collection":[{"href":"https:\/\/benimarkt.at\/index.php?rest_route=\/wp\/v2\/product"}],"about":[{"href":"https:\/\/benimarkt.at\/index.php?rest_route=\/wp\/v2\/types\/product"}],"replies":[{"embeddable":true,"href":"https:\/\/benimarkt.at\/index.php?rest_route=%2Fwp%2Fv2%2Fcomments&post=791"}],"version-history":[{"count":3,"href":"https:\/\/benimarkt.at\/index.php?rest_route=\/wp\/v2\/product\/791\/revisions"}],"predecessor-version":[{"id":13137,"href":"https:\/\/benimarkt.at\/index.php?rest_route=\/wp\/v2\/product\/791\/revisions\/13137"}],"wp:featuredmedia":[{"embeddable":true,"href":"https:\/\/benimarkt.at\/index.php?rest_route=\/wp\/v2\/media\/13129"}],"wp:attachment":[{"href":"https:\/\/benimarkt.at\/index.php?rest_route=%2Fwp%2Fv2%2Fmedia&parent=791"}],"wp:term":[{"taxonomy":"product_brand","embeddable":true,"href":"https:\/\/benimarkt.at\/index.php?rest_route=%2Fwp%2Fv2%2Fproduct_brand&post=791"},{"taxonomy":"product_cat","embeddable":true,"href":"https:\/\/benimarkt.at\/index.php?rest_route=%2Fwp%2Fv2%2Fproduct_cat&post=791"},{"taxonomy":"product_tag","embeddable":true,"href":"https:\/\/benimarkt.at\/index.php?rest_route=%2Fwp%2Fv2%2Fproduct_tag&post=791"}],"curies":[{"name":"wp","href":"https:\/\/api.w.org\/{rel}","templated":true}]}}