{"id":740,"date":"2024-04-24T13:06:09","date_gmt":"2024-04-24T11:06:09","guid":{"rendered":"https:\/\/gartenrestposten.de\/?post_type=product&#038;p=740"},"modified":"2025-12-11T14:02:03","modified_gmt":"2025-12-11T14:02:03","slug":"ego-zt5201e-l-132-cm-nullgrad-wendekreismaeher","status":"publish","type":"product","link":"https:\/\/benimarkt.at\/?product=ego-zt5201e-l-132-cm-nullgrad-wendekreismaeher","title":{"rendered":"EGO ZT5201E-L (132 CM) NULLGRAD-WENDEKREISM\u00c4HER"},"content":{"rendered":"<h5>Technische Daten<\/h5>\n<table class=\"product-accordion__specification-table\">\n<tbody>\n<tr>\n<th class=\"product-accordion__specification-row-heading\">SPANNUNG<\/th>\n<td class=\"product-accordion__specification-row-value\">56 V<\/td>\n<\/tr>\n<tr>\n<th class=\"product-accordion__specification-row-heading\">AKKU-ANSCHLUSS<\/th>\n<td class=\"product-accordion__specification-row-value\">Multi Port<\/td>\n<\/tr>\n<tr>\n<th class=\"product-accordion__specification-row-heading\">BRUSHLESS MOTOR<\/th>\n<td class=\"product-accordion__specification-row-value\">B\u00fcrstenloser Motor<\/td>\n<\/tr>\n<tr>\n<th class=\"product-accordion__specification-row-heading\">GEH\u00c4USEKONSTRUKTION<\/th>\n<td class=\"product-accordion__specification-row-value\">Metalldeck<\/td>\n<\/tr>\n<tr>\n<th class=\"product-accordion__specification-row-heading\">SCHNITTH\u00d6HE ANZAHL<\/th>\n<td class=\"product-accordion__specification-row-value\">10<\/td>\n<\/tr>\n<tr>\n<th class=\"product-accordion__specification-row-heading\">SITZAUFH\u00c4NGUNG<\/th>\n<td class=\"product-accordion__specification-row-value\">Ja<\/td>\n<\/tr>\n<tr>\n<th class=\"product-accordion__specification-row-heading\">LCD-ANZEIGE<\/th>\n<td class=\"product-accordion__specification-row-value\">5 in<\/td>\n<\/tr>\n<tr>\n<th class=\"product-accordion__specification-row-heading\">IP-KLASSE<\/th>\n<td class=\"product-accordion__specification-row-value\">IPX4<\/td>\n<\/tr>\n<\/tbody>\n<\/table>\n<h3><\/h3>\n","protected":false},"excerpt":{"rendered":"<h5>Eigenschaften<\/h5>\n<p>Der neue, gr\u00f6\u00dfere 3-Messer-Rasenm\u00e4her ZT5200E-L verf\u00fcgt \u00fcber ein speziell gefertigtes M\u00e4hwerk und gr\u00f6\u00dfere R\u00e4der, um das zus\u00e4tzliche Gewicht zu tragen, sowie \u00fcber eine Reihe neuer Komfortfunktionen. Die Steuerb\u00fcgel sorgen f\u00fcr eine intuitive Bedienung, w\u00e4hrend drei Fahrmodi und vier Messergeschwindigkeiten individuelle M\u00e4heinstellungen zulassen.<\/p>\n<p>F\u00fcr den Betrieb der Maschine werden mindestens 15 Ah ben\u00f6tigt.<\/p>\n","protected":false},"featured_media":13033,"comment_status":"open","ping_status":"closed","template":"","meta":[],"product_brand":[297],"product_cat":[134,124],"product_tag":[510,152,210],"class_list":{"0":"post-740","1":"product","2":"type-product","3":"status-publish","4":"has-post-thumbnail","6":"product_brand-ego","7":"product_cat-gartenbau","8":"product_cat-rasentraktor","9":"product_tag-510","10":"product_tag-ego","11":"product_tag-rasentraktor","13":"first","14":"instock","15":"taxable","16":"shipping-taxable","17":"purchasable","18":"product-type-simple"},"_links":{"self":[{"href":"https:\/\/benimarkt.at\/index.php?rest_route=\/wp\/v2\/product\/740","targetHints":{"allow":["GET"]}}],"collection":[{"href":"https:\/\/benimarkt.at\/index.php?rest_route=\/wp\/v2\/product"}],"about":[{"href":"https:\/\/benimarkt.at\/index.php?rest_route=\/wp\/v2\/types\/product"}],"replies":[{"embeddable":true,"href":"https:\/\/benimarkt.at\/index.php?rest_route=%2Fwp%2Fv2%2Fcomments&post=740"}],"version-history":[{"count":3,"href":"https:\/\/benimarkt.at\/index.php?rest_route=\/wp\/v2\/product\/740\/revisions"}],"predecessor-version":[{"id":13035,"href":"https:\/\/benimarkt.at\/index.php?rest_route=\/wp\/v2\/product\/740\/revisions\/13035"}],"wp:featuredmedia":[{"embeddable":true,"href":"https:\/\/benimarkt.at\/index.php?rest_route=\/wp\/v2\/media\/13033"}],"wp:attachment":[{"href":"https:\/\/benimarkt.at\/index.php?rest_route=%2Fwp%2Fv2%2Fmedia&parent=740"}],"wp:term":[{"taxonomy":"product_brand","embeddable":true,"href":"https:\/\/benimarkt.at\/index.php?rest_route=%2Fwp%2Fv2%2Fproduct_brand&post=740"},{"taxonomy":"product_cat","embeddable":true,"href":"https:\/\/benimarkt.at\/index.php?rest_route=%2Fwp%2Fv2%2Fproduct_cat&post=740"},{"taxonomy":"product_tag","embeddable":true,"href":"https:\/\/benimarkt.at\/index.php?rest_route=%2Fwp%2Fv2%2Fproduct_tag&post=740"}],"curies":[{"name":"wp","href":"https:\/\/api.w.org\/{rel}","templated":true}]}}