{"id":3839,"date":"2025-03-27T13:03:43","date_gmt":"2025-03-27T12:03:43","guid":{"rendered":"https:\/\/gartenrestposten.de\/?post_type=product&#038;p=3839"},"modified":"2026-03-26T13:28:19","modified_gmt":"2026-03-26T13:28:19","slug":"stiga-gyro-500e-vollelektrischer-axialmaeher","status":"publish","type":"product","link":"https:\/\/benimarkt.at\/?product=stiga-gyro-500e-vollelektrischer-axialmaeher","title":{"rendered":"STIGA Gyro 500e vollelektrischer Axialm\u00e4her"},"content":{"rendered":"<div class=\"allow active\" role=\"tab\" data-role=\"collapsible\" data-collapsible=\"true\" aria-selected=\"true\" aria-expanded=\"true\">\n<div tabindex=\"0\" data-role=\"trigger\"><span class=\"text text-sm\" style=\"font-size: 12pt;\">Leistung<\/span><\/div>\n<\/div>\n<div class=\"allow\" role=\"tabpanel\" data-role=\"content\" aria-hidden=\"false\">\n<div class=\"product-specs__attributes\">\n<div class=\"product-specs__attribute\">\n<div class=\"attribute text text-xs\">\n<div class=\"label\">Ladezeit &#8211; <strong>2.45 h<\/strong><\/div>\n<\/div>\n<\/div>\n<div class=\"product-specs__attribute\">\n<div class=\"attribute text text-xs\">\n<div class=\"label\">Leistungsquelle &#8211; <strong>Akku<\/strong><\/div>\n<\/div>\n<\/div>\n<div class=\"product-specs__attribute\">\n<div class=\"attribute text text-xs\">\n<div class=\"label\">Batteriekapazit\u00e4t &#8211; <strong>40 Ah<\/strong><\/div>\n<\/div>\n<\/div>\n<div class=\"product-specs__attribute\">\n<div class=\"attribute text text-xs\">\n<div class=\"label\">ePower &#8211; <strong>Ja<\/strong><\/div>\n<\/div>\n<\/div>\n<div class=\"product-specs__attribute\">\n<div class=\"attribute text text-xs\">\n<div class=\"label\">Leistung &#8211; <strong>4.7 kW<\/strong><\/div>\n<\/div>\n<\/div>\n<div class=\"product-specs__attribute\">\n<div class=\"attribute text text-xs\">\n<div class=\"label\">Spannung &#8211; <strong>48 Volt<\/strong><\/div>\n<\/div>\n<\/div>\n<div class=\"product-specs__attribute\">\n<div class=\"attribute text text-xs\">\n<div class=\"label\">Akku-Set &#8211; <strong>Inklusive<\/strong><\/div>\n<\/div>\n<\/div>\n<div class=\"product-specs__attribute\">\n<div class=\"attribute text text-xs\">\n<div class=\"label\">Batterietyp &#8211; <strong>Lithium-Ionen<\/strong><\/div>\n<\/div>\n<\/div>\n<div class=\"product-specs__attribute\">\n<div class=\"attribute text text-xs\">\n<div class=\"label\">Batteriespannung &#8211; <strong>48 V<\/strong><\/div>\n<\/div>\n<\/div>\n<div class=\"product-specs__attribute\">\n<div class=\"attribute text text-xs\">\n<div class=\"label\">Lithium Akku Nennleistung &#8211; <strong>2000 Wh<\/strong><\/div>\n<\/div>\n<\/div>\n<div class=\"product-specs__attribute\">\n<div class=\"attribute text text-xs\">\n<div class=\"label\">Anzahl der Zellen &#8211; <strong>224<\/strong><\/div>\n<\/div>\n<\/div>\n<div class=\"product-specs__attribute\">\n<div class=\"attribute text text-xs\">\n<div class=\"label\">Ladestrom &#8211; <strong>18 A<\/strong><\/div>\n<\/div>\n<\/div>\n<div class=\"product-specs__attribute\">\n<div class=\"attribute text text-xs\">\n<div class=\"label\">Ladesystem &#8211; <strong>Exterenes Ladeger\u00e4t<\/strong><\/div>\n<\/div>\n<\/div>\n<div class=\"product-specs__attribute\">\n<div class=\"attribute text text-xs\">\n<div class=\"label\">Temperaturkontrolle &#8211; <strong>Ja &#8211; Temperatursensoren<\/strong><\/div>\n<\/div>\n<\/div>\n<div class=\"product-specs__attribute\">\n<div class=\"attribute text text-xs\">\n<div class=\"label\">M\u00e4hfl\u00e4che &#8211; <i class=\"material-icons\">info_outline &#8211; <\/i><strong>5000 \u33a1<\/strong><\/div>\n<div><\/div>\n<\/div>\n<\/div>\n<\/div>\n<\/div>\n<div class=\"allow active\" role=\"tab\" data-role=\"collapsible\" data-collapsible=\"true\" aria-selected=\"true\" aria-expanded=\"true\">\n<div tabindex=\"0\" data-role=\"trigger\"><span class=\"text text-sm\" style=\"font-size: 12pt;\">M\u00e4hsystem<\/span><\/div>\n<\/div>\n<div class=\"allow\" role=\"tabpanel\" data-role=\"content\" aria-hidden=\"false\">\n<div class=\"product-specs__attributes\">\n<div class=\"product-specs__attribute\">\n<div class=\"attribute text text-xs\">\n<div class=\"label\">Radius ungem\u00e4hter Bereich &#8211; <strong>0 cm<\/strong><\/div>\n<\/div>\n<\/div>\n<div class=\"product-specs__attribute\">\n<div class=\"attribute text text-xs\">\n<div class=\"label\">Schnittbreite &#8211; <strong>98 cm<\/strong><\/div>\n<\/div>\n<\/div>\n<div class=\"product-specs__attribute\">\n<div class=\"attribute text text-xs\">\n<div class=\"label\">R\u00fcckw\u00e4rtsm\u00e4hen &#8211; <strong>Ja<\/strong><\/div>\n<\/div>\n<\/div>\n<div class=\"product-specs__attribute\">\n<div class=\"attribute text text-xs\">\n<div class=\"label\">Geh\u00e4usekonstruktion &#8211; <strong>Gestempelt<\/strong><\/div>\n<\/div>\n<\/div>\n<div class=\"product-specs__attribute\">\n<div class=\"attribute text text-xs\">\n<div class=\"label\">Material M\u00e4hdeck &#8211; <strong>Stahl<\/strong><\/div>\n<\/div>\n<\/div>\n<div class=\"product-specs__attribute\">\n<div class=\"attribute text text-xs\">\n<div class=\"label\">Ger\u00e4teaushebung &#8211; <strong>Manuell<\/strong><\/div>\n<\/div>\n<\/div>\n<div class=\"product-specs__attribute\">\n<div class=\"attribute text text-xs\">\n<div class=\"label\">Messerumdrehung &#8211; <strong>Nicht synchronisiert<\/strong><\/div>\n<\/div>\n<\/div>\n<div class=\"product-specs__attribute\">\n<div class=\"attribute text text-xs\">\n<div class=\"label\">Schnitth\u00f6heneinstellung &#8211; <strong>Manuell<\/strong><\/div>\n<\/div>\n<\/div>\n<div class=\"product-specs__attribute\">\n<div class=\"attribute text text-xs\">\n<div class=\"label\">Schnitth\u00f6henpositionen &#8211; <strong>8 Positionen<\/strong><\/div>\n<\/div>\n<\/div>\n<div class=\"product-specs__attribute\">\n<div class=\"attribute text text-xs\">\n<div class=\"label\">Schnitth\u00f6he &#8211; <strong>25 &#8211; 105 mm<\/strong><\/div>\n<\/div>\n<\/div>\n<div class=\"product-specs__attribute\">\n<div class=\"attribute text text-xs\">\n<div class=\"label\">Anzahl Messer &#8211; <strong>2<\/strong><\/div>\n<\/div>\n<\/div>\n<div class=\"product-specs__attribute\">\n<div class=\"attribute text text-xs\">\n<div class=\"label\">Messertyp &#8211; <strong>Mulchen<\/strong><\/div>\n<\/div>\n<\/div>\n<div class=\"product-specs__attribute\">\n<div class=\"attribute text text-xs\">\n<div class=\"label\">Zus\u00e4tzliche M\u00e4hfunktion &#8211; <strong>Multiclip Mulchen<\/strong><\/div>\n<\/div>\n<\/div>\n<div class=\"product-specs__attribute\">\n<div class=\"attribute text text-xs\">\n<div class=\"label\">Eco-Mode &#8211; <strong>Nein<\/strong><\/div>\n<\/div>\n<\/div>\n<div class=\"product-specs__attribute\">\n<div class=\"attribute text text-xs\">\n<div class=\"label\">Maximale Steigung &#8211; <strong>15\u00b0<\/strong><\/div>\n<div><\/div>\n<\/div>\n<\/div>\n<\/div>\n<\/div>\n<div class=\"allow active\" role=\"tab\" data-role=\"collapsible\" data-collapsible=\"true\" aria-selected=\"true\" aria-expanded=\"true\">\n<div tabindex=\"0\" data-role=\"trigger\"><span class=\"text text-sm\" style=\"font-size: 12pt;\">Antriebssystem<\/span><\/div>\n<\/div>\n<div class=\"\" role=\"tabpanel\" data-role=\"content\" aria-hidden=\"false\">\n<div class=\"product-specs__attributes\">\n<div class=\"product-specs__attribute\">\n<div class=\"attribute text text-xs\">\n<div class=\"label\">Antrieb &#8211; <strong>STIGA eMotion<\/strong><\/div>\n<\/div>\n<\/div>\n<div class=\"product-specs__attribute\">\n<div class=\"attribute text text-xs\">\n<div class=\"label\">Traktion &#8211; <strong>Heckantrieb<\/strong><\/div>\n<\/div>\n<\/div>\n<div class=\"product-specs__attribute\">\n<div class=\"attribute text text-xs\">\n<div class=\"label\">Max. Vorw\u00e4rtsgeschwindigkeit &#8211; <strong>11 km\/h<\/strong><\/div>\n<div><\/div>\n<\/div>\n<\/div>\n<\/div>\n<\/div>\n<div class=\"active\" role=\"tab\" data-role=\"collapsible\" data-collapsible=\"true\" aria-selected=\"true\" aria-expanded=\"true\">\n<div tabindex=\"0\" data-role=\"trigger\"><span class=\"text text-sm\" style=\"font-size: 12pt;\">Getriebe<\/span><\/div>\n<\/div>\n<div class=\"\" role=\"tabpanel\" data-role=\"content\" aria-hidden=\"false\">\n<div class=\"product-specs__attributes\">\n<div class=\"product-specs__attribute\">\n<div class=\"attribute text text-xs\">\n<div class=\"label\">Getriebetyp &#8211; <strong>Drive-by-wire<\/strong><\/div>\n<\/div>\n<\/div>\n<div class=\"product-specs__attribute\">\n<div class=\"attribute text text-xs\">\n<div class=\"label\">Geschwindigkeit vorw\u00e4rts &#8211; <strong>Dual elektrisch \u2013 STIGA Direct Drive<\/strong><\/div>\n<div><\/div>\n<\/div>\n<\/div>\n<\/div>\n<\/div>\n<div class=\"active\" role=\"tab\" data-role=\"collapsible\" data-collapsible=\"true\" aria-selected=\"true\" aria-expanded=\"true\">\n<div tabindex=\"0\" data-role=\"trigger\"><span class=\"text text-sm\" style=\"font-size: 12pt;\">Ausstattung<\/span><\/div>\n<\/div>\n<div class=\"\" role=\"tabpanel\" data-role=\"content\" aria-hidden=\"false\">\n<div class=\"product-specs__attributes\">\n<div class=\"product-specs__attribute\">\n<div class=\"attribute text text-xs\">\n<div class=\"label\">Lenkungstyp &#8211; <strong>Elektronische Steuerung<\/strong><\/div>\n<\/div>\n<\/div>\n<div class=\"product-specs__attribute\">\n<div class=\"attribute text text-xs\">\n<div class=\"label\">Sitzmodell &#8211; <strong>Comfort mit hoher R\u00fcckenlehne<\/strong><\/div>\n<\/div>\n<\/div>\n<div class=\"product-specs__attribute\">\n<div class=\"attribute text text-xs\">\n<div class=\"label\">Sitzeinstellung &#8211; <strong>Per Einzelhebel<\/strong><\/div>\n<\/div>\n<\/div>\n<div class=\"product-specs__attribute\">\n<div class=\"attribute text text-xs\">\n<div class=\"label\">Mindergewichtseinstellung des Sitz &#8211; <strong>Nein<\/strong><\/div>\n<\/div>\n<\/div>\n<div class=\"product-specs__attribute\">\n<div class=\"attribute text text-xs\">\n<div class=\"label\">Armaturenbrett &#8211; <strong>Ja mit LED<\/strong><\/div>\n<\/div>\n<\/div>\n<div class=\"product-specs__attribute\">\n<div class=\"attribute text text-xs\">\n<div class=\"label\">Raddurchmesser vorne &#8211; <strong>11&#8220; x 4.00-5<\/strong><\/div>\n<\/div>\n<\/div>\n<div class=\"product-specs__attribute\">\n<div class=\"attribute text text-xs\">\n<div class=\"label\">Raddurchmesser hinten &#8211; <strong>18&#8220; x 8.50-8<\/strong><\/div>\n<\/div>\n<\/div>\n<div class=\"product-specs__attribute\">\n<div class=\"attribute text text-xs\">\n<div class=\"label\">Scheinwerfer &#8211; <strong>LED<\/strong><\/div>\n<\/div>\n<\/div>\n<div class=\"product-specs__attribute\">\n<div class=\"attribute text text-xs\">\n<div class=\"label\">PTO Ger\u00e4teantrieb &#8211; <strong>Electric<\/strong><\/div>\n<\/div>\n<\/div>\n<div class=\"product-specs__attribute\">\n<div class=\"attribute text text-xs\">\n<div class=\"label\">Tastr\u00e4der &#8211; <strong>2<\/strong><\/div>\n<\/div>\n<\/div>\n<div class=\"product-specs__attribute\">\n<div class=\"attribute text text-xs\">\n<div class=\"label\">Sicherheitssystem &#8211; <strong>Sitz mit Sicherheitskontaktschalter<\/strong><\/div>\n<div><\/div>\n<\/div>\n<\/div>\n<\/div>\n<\/div>\n<div class=\"active\" role=\"tab\" data-role=\"collapsible\" data-collapsible=\"true\" aria-selected=\"true\" aria-expanded=\"true\">\n<div tabindex=\"0\" data-role=\"trigger\"><span class=\"text text-sm\" style=\"font-size: 12pt;\">Werkzeug-Kit<\/span><\/div>\n<\/div>\n<div class=\"\" role=\"tabpanel\" data-role=\"content\" aria-hidden=\"false\">\n<div class=\"product-specs__attributes\">\n<div class=\"product-specs__attribute\">\n<div class=\"attribute text text-xs\">\n<div class=\"label\">Mulchkit &#8211; <strong>Optional<\/strong><\/div>\n<\/div>\n<\/div>\n<div class=\"product-specs__attribute\">\n<div class=\"attribute text text-xs\">\n<div class=\"label\">Batterieladeger\u00e4t &#8211; <strong>Schnellladeger\u00e4t<\/strong><\/div>\n<\/div>\n<\/div>\n<div class=\"product-specs__attribute\">\n<div class=\"attribute text text-xs\">\n<div class=\"label\">Anh\u00e4ngevorrichtung &#8211; <strong>Nicht geeignet<\/strong><\/div>\n<\/div>\n<\/div>\n<\/div>\n<\/div>\n","protected":false},"excerpt":{"rendered":"<h3 class=\"product-description__title\">Beschreibung<\/h3>\n<div class=\"product-description__attribute description\">\n<div class=\"tsu-truncate-text _initialized _open\">\n<div class=\"tsu-truncate-text__content\">\n<p>Die einzigartige Joystick-Technologie von STIGA gibt dir maximale Kontrolle \u00fcber Richtung, Lenkung und Geschwindigkeit \u2013 und der Wenderadius von 360\u00ba macht das M\u00e4hen um B\u00e4ume, Str\u00e4ucher, Blumenbeete und Gartenornamente herum m\u00fchelos \u2013 wie ein Zero-Turn-M\u00e4her, nur besser.<\/p>\n<p>Du hast die volle Kontrolle \u00fcber die Messer- als auch die Fahrgeschwindigkeit, um den Schnitt perfekt an die Form, Gr\u00f6\u00dfe und den Zustand deines Rasens anzupassen. Das STIGA Vehicle Management System kommuniziert automatisch mit den Traktions-Controllern der Maschine und regelt unabh\u00e4ngig voneinander die Direktantriebsmotoren an den Hinterr\u00e4dern, um so eine sofortige Reaktion, die maximale Sicherheit und das pr\u00e4zise Halten der Spur beim M\u00e4hen zu gew\u00e4hrleisten.<\/p>\n<p>Mit dem leichtg\u00e4ngigen, zentral angebrachten Hebel kann das M\u00e4hdeck in 8 verschiedene H\u00f6hen eingestellt werden. Anschlie\u00dfend lassen sich mit STIGAs intelligentem Schneidemodus drei unterschiedliche Messergeschwindigkeiten w\u00e4hlen: Eco (2.800 U\/min) f\u00fcr sehr h\u00e4ufiges M\u00e4hen von weichem Gras oder wenn Sie sich entscheiden, das Gras zu mulchen; Standard (3.000 U\/in) f\u00fcr normale, w\u00f6chentliche M\u00e4hsitzungen und Schnitte bis zu 2,5 cm, und Boost (3.200 U\/min) f\u00fcr schnellere M\u00e4haufgaben oder dickeres, h\u00f6heres Gras.<\/p>\n<\/div>\n<\/div>\n<\/div>\n","protected":false},"featured_media":11386,"comment_status":"open","ping_status":"closed","template":"","meta":[],"product_brand":[300],"product_cat":[134,195],"product_tag":[562,313,312],"class_list":{"0":"post-3839","1":"product","2":"type-product","3":"status-publish","4":"has-post-thumbnail","6":"product_brand-stiga","7":"product_cat-gartenbau","8":"product_cat-vollelektrischer-axialmaeher","9":"product_tag-562","10":"product_tag-elektrische-axialmaeher","11":"product_tag-stiga","13":"first","14":"outofstock","15":"taxable","16":"shipping-taxable","17":"product-type-simple"},"_links":{"self":[{"href":"https:\/\/benimarkt.at\/index.php?rest_route=\/wp\/v2\/product\/3839","targetHints":{"allow":["GET"]}}],"collection":[{"href":"https:\/\/benimarkt.at\/index.php?rest_route=\/wp\/v2\/product"}],"about":[{"href":"https:\/\/benimarkt.at\/index.php?rest_route=\/wp\/v2\/types\/product"}],"replies":[{"embeddable":true,"href":"https:\/\/benimarkt.at\/index.php?rest_route=%2Fwp%2Fv2%2Fcomments&post=3839"}],"version-history":[{"count":2,"href":"https:\/\/benimarkt.at\/index.php?rest_route=\/wp\/v2\/product\/3839\/revisions"}],"predecessor-version":[{"id":11393,"href":"https:\/\/benimarkt.at\/index.php?rest_route=\/wp\/v2\/product\/3839\/revisions\/11393"}],"wp:featuredmedia":[{"embeddable":true,"href":"https:\/\/benimarkt.at\/index.php?rest_route=\/wp\/v2\/media\/11386"}],"wp:attachment":[{"href":"https:\/\/benimarkt.at\/index.php?rest_route=%2Fwp%2Fv2%2Fmedia&parent=3839"}],"wp:term":[{"taxonomy":"product_brand","embeddable":true,"href":"https:\/\/benimarkt.at\/index.php?rest_route=%2Fwp%2Fv2%2Fproduct_brand&post=3839"},{"taxonomy":"product_cat","embeddable":true,"href":"https:\/\/benimarkt.at\/index.php?rest_route=%2Fwp%2Fv2%2Fproduct_cat&post=3839"},{"taxonomy":"product_tag","embeddable":true,"href":"https:\/\/benimarkt.at\/index.php?rest_route=%2Fwp%2Fv2%2Fproduct_tag&post=3839"}],"curies":[{"name":"wp","href":"https:\/\/api.w.org\/{rel}","templated":true}]}}