{"id":3822,"date":"2025-03-26T15:51:53","date_gmt":"2025-03-26T14:51:53","guid":{"rendered":"https:\/\/gartenrestposten.de\/?post_type=product&#038;p=3822"},"modified":"2026-03-26T13:29:38","modified_gmt":"2026-03-26T13:29:38","slug":"stiga-bc-750-b-benzin-motorsense","status":"publish","type":"product","link":"https:\/\/benimarkt.at\/?product=stiga-bc-750-b-benzin-motorsense","title":{"rendered":"STIGA BC 750 B Benzin-Motorsense"},"content":{"rendered":"<div class=\"allow active\" role=\"tab\" data-role=\"collapsible\" data-collapsible=\"true\" aria-selected=\"true\" aria-expanded=\"true\">\n<div tabindex=\"0\" data-role=\"trigger\"><span class=\"text text-sm\">Leistung<\/span><\/div>\n<\/div>\n<div class=\"allow\" role=\"tabpanel\" data-role=\"content\" aria-hidden=\"false\">\n<div class=\"product-specs__attributes\">\n<div class=\"product-specs__attribute\">\n<div class=\"attribute text text-xs\">\n<div class=\"label\">Leistungsquelle &#8211; <strong>Benzin 2-Takt<\/strong><\/div>\n<\/div>\n<\/div>\n<div class=\"product-specs__attribute\">\n<div class=\"attribute text text-xs\">\n<div class=\"label\">Leistung &#8211; <strong>1.5 kW<\/strong><\/div>\n<\/div>\n<\/div>\n<div class=\"product-specs__attribute\">\n<div class=\"attribute text text-xs\">\n<div class=\"label\">Hubraum &#8211; <strong>44.8 cm\u00b3<\/strong><\/div>\n<\/div>\n<\/div>\n<div class=\"product-specs__attribute\">\n<div class=\"attribute text text-xs\">\n<div class=\"label\">Primer &#8211; <strong>Ja<\/strong><\/div>\n<\/div>\n<\/div>\n<div class=\"product-specs__attribute\">\n<div class=\"attribute text text-xs\">\n<div class=\"label\">Choke &#8211; <strong>Automatisch<\/strong><\/div>\n<\/div>\n<\/div>\n<div class=\"product-specs__attribute\">\n<div class=\"attribute text text-xs\">\n<div class=\"label\">Tankinhalt &#8211; <strong>0.8 l<\/strong><\/div>\n<\/div>\n<\/div>\n<div class=\"product-specs__attribute\">\n<div class=\"attribute text text-xs\">\n<div class=\"label\">Vergasertyp &#8211; <strong>Absperrklappe<\/strong><\/div>\n<\/div>\n<\/div>\n<div class=\"product-specs__attribute\">\n<div class=\"attribute text text-xs\">\n<div class=\"label\">Z\u00fcndspulentyp &#8211; <strong>Digital<\/strong><\/div>\n<\/div>\n<\/div>\n<div class=\"product-specs__attribute\">\n<div class=\"attribute text text-xs\">\n<div class=\"label\">Luftfiltertyp &#8211; <strong>Papier<\/strong><\/div>\n<div><\/div>\n<\/div>\n<\/div>\n<\/div>\n<\/div>\n<div class=\"allow active\" role=\"tab\" data-role=\"collapsible\" data-collapsible=\"true\" aria-selected=\"true\" aria-expanded=\"true\">\n<div tabindex=\"0\" data-role=\"trigger\"><span class=\"text text-sm\">M\u00e4hsystem<\/span><\/div>\n<\/div>\n<div class=\"allow\" role=\"tabpanel\" data-role=\"content\" aria-hidden=\"false\">\n<div class=\"product-specs__attributes\">\n<div class=\"product-specs__attribute\">\n<div class=\"attribute text text-xs\">\n<div class=\"label\">Fadendurchmesser (mm) &#8211; <strong>3<\/strong><\/div>\n<\/div>\n<\/div>\n<div class=\"product-specs__attribute\">\n<div class=\"attribute text text-xs\">\n<div class=\"label\">Schnittbreite &#8211; <strong>45 cm<\/strong><\/div>\n<\/div>\n<\/div>\n<div class=\"product-specs__attribute\">\n<div class=\"attribute text text-xs\">\n<div class=\"label\">Nylonfadenkopf &#8211; <strong>Bump &amp; Work Doppelfaden<\/strong><\/div>\n<\/div>\n<\/div>\n<div class=\"product-specs__attribute\">\n<div class=\"attribute text text-xs\">\n<div class=\"label\">Fadenl\u00e4nge &#8211; <strong>4 m<\/strong><\/div>\n<\/div>\n<\/div>\n<div class=\"product-specs__attribute\">\n<div class=\"attribute text text-xs\">\n<div class=\"label\">Messertyp &#8211; <strong>3-Zahn-ARC-Messer<\/strong><\/div>\n<\/div>\n<\/div>\n<div class=\"product-specs__attribute\">\n<div class=\"attribute text text-xs\">\n<div class=\"label\">Messerdurchmesser &#8211; <strong>255 mm<\/strong><\/div>\n<div><\/div>\n<\/div>\n<\/div>\n<\/div>\n<\/div>\n<div class=\"allow active\" role=\"tab\" data-role=\"collapsible\" data-collapsible=\"true\" aria-selected=\"true\" aria-expanded=\"true\">\n<div tabindex=\"0\" data-role=\"trigger\"><span class=\"text text-sm\">Ausstattung<\/span><\/div>\n<\/div>\n<div class=\"allow\" role=\"tabpanel\" data-role=\"content\" aria-hidden=\"false\">\n<div class=\"product-specs__attributes\">\n<div class=\"product-specs__attribute\">\n<div class=\"attribute text text-xs\">\n<div class=\"label\">Griff Typ &#8211; <strong>Duplexgriff<\/strong><\/div>\n<\/div>\n<\/div>\n<div class=\"product-specs__attribute\">\n<div class=\"attribute text text-xs\">\n<div class=\"label\">Vibrationskontrollsystem (VCS) &#8211; <strong>Ja<\/strong><\/div>\n<\/div>\n<\/div>\n<div class=\"product-specs__attribute\">\n<div class=\"attribute text text-xs\">\n<div class=\"label\">Schafttyp &#8211; <strong>Gerade<\/strong><\/div>\n<\/div>\n<\/div>\n<div class=\"product-specs__attribute\">\n<div class=\"attribute text text-xs\">\n<div class=\"label\">Schaftdurchmesser &#8211; <strong>30 mm<\/strong><\/div>\n<\/div>\n<\/div>\n<div class=\"product-specs__attribute\">\n<div class=\"attribute text text-xs\">\n<div class=\"label\">Innerer Schaftdurchmesser &#8211; <strong>8 mm<\/strong><\/div>\n<\/div>\n<\/div>\n<div class=\"product-specs__attribute\">\n<div class=\"attribute text text-xs\">\n<div class=\"label\">Softgrip Griff &#8211; <strong>Ja<\/strong><\/div>\n<\/div>\n<\/div>\n<div class=\"product-specs__attribute\">\n<div class=\"attribute text text-xs\">\n<div class=\"label\">Tragegurt &#8211; <strong>Doppelt, Komfort<\/strong><\/div>\n<div><\/div>\n<\/div>\n<\/div>\n<\/div>\n<\/div>\n<div class=\"allow active\" role=\"tab\" data-role=\"collapsible\" data-collapsible=\"true\" aria-selected=\"true\" aria-expanded=\"true\">\n<div tabindex=\"0\" data-role=\"trigger\"><span class=\"text text-sm\">Abmessungen<\/span><\/div>\n<\/div>\n<div role=\"tabpanel\" data-role=\"content\" aria-hidden=\"false\">\n<div class=\"product-specs__attributes\">\n<div class=\"product-specs__attribute\">\n<div class=\"attribute text text-xs\">\n<div class=\"label\">Gewicht inkl. Verpackung &#8211; <strong>14.66 kg<\/strong><\/div>\n<\/div>\n<\/div>\n<div class=\"product-specs__attribute\">\n<div class=\"attribute text text-xs\">\n<div class=\"label\">Gewicht Grundger\u00e4t &#8211; <strong>9.2 kg<\/strong><\/div>\n<\/div>\n<\/div>\n<div class=\"product-specs__attribute\">\n<div class=\"attribute text text-xs\">\n<div class=\"label\">L\u00e4nge &#8211; <strong>1880 mm<\/strong><\/div>\n<\/div>\n<\/div>\n<div class=\"product-specs__attribute\">\n<div class=\"attribute text text-xs\">\n<div class=\"label\">Breite &#8211; <strong>653 mm<\/strong><\/div>\n<\/div>\n<\/div>\n<div class=\"product-specs__attribute\">\n<div class=\"attribute text text-xs\">\n<div class=\"label\">H\u00f6he &#8211; <strong>588 mm<\/strong><\/div>\n<\/div>\n<\/div>\n<div class=\"product-specs__attribute\">\n<div class=\"attribute text text-xs\">\n<div class=\"label\">Gewicht &#8211; <strong>9.6 kg<\/strong><\/div>\n<\/div>\n<\/div>\n<\/div>\n<\/div>\n","protected":false},"excerpt":{"rendered":"<h3 class=\"product-description__title\">Beschreibung<\/h3>\n<div class=\"product-description__attribute description\">\n<div class=\"tsu-truncate-text _initialized _open\">\n<div class=\"tsu-truncate-text__content\">Die leistungsstarke Motorsense STIGA BC 750 B ist mit einem 44,8-cm\u00b3-Zweitakt-Benzinmotor ausgestattet und bietet eine Schnittbreite von 45\u00a0cm.<br \/>\nDer Benutzerkomfort ist durch die verst\u00e4rkte, in der Forstwirtschaft eingesetzten Bauart und einen ausgewogenen Motor gew\u00e4hrleistet, durch den geringere Vibrationen entstehen. Der ergonomische Doppelhandgriff sorgt unter allen Umst\u00e4nden f\u00fcr absoluten Komfort und Kontrolle der Motorsense.<br \/>\n\u00dcber das am Griff angebrachte digitale Display werden die erforderlichen Daten f\u00fcr deine Arbeit und Hinweise zur Instandhaltung angezeigt, damit Qualit\u00e4t und Effizienz der Maschine erhalten bleiben.<br \/>\nDie Motorsense wird mit einem 3-Zahn-Messer und dem Tap&amp;Go-Doppelfaden-Trimmerkopf der neuesten Generation geliefert, bei dem sich der Trimmerfaden einfach durch Auftippen des Trimmerkopfs auf den Boden nachladen l\u00e4sst.<\/div>\n<\/div>\n<\/div>\n","protected":false},"featured_media":11404,"comment_status":"open","ping_status":"closed","template":"","meta":[],"product_brand":[300],"product_cat":[134,136],"product_tag":[194,312],"class_list":{"0":"post-3822","1":"product","2":"type-product","3":"status-publish","4":"has-post-thumbnail","6":"product_brand-stiga","7":"product_cat-gartenbau","8":"product_cat-motorsensen","9":"product_tag-benzin-motorsense","10":"product_tag-stiga","12":"first","13":"outofstock","14":"taxable","15":"shipping-taxable","16":"product-type-simple"},"_links":{"self":[{"href":"https:\/\/benimarkt.at\/index.php?rest_route=\/wp\/v2\/product\/3822","targetHints":{"allow":["GET"]}}],"collection":[{"href":"https:\/\/benimarkt.at\/index.php?rest_route=\/wp\/v2\/product"}],"about":[{"href":"https:\/\/benimarkt.at\/index.php?rest_route=\/wp\/v2\/types\/product"}],"replies":[{"embeddable":true,"href":"https:\/\/benimarkt.at\/index.php?rest_route=%2Fwp%2Fv2%2Fcomments&post=3822"}],"version-history":[{"count":1,"href":"https:\/\/benimarkt.at\/index.php?rest_route=\/wp\/v2\/product\/3822\/revisions"}],"predecessor-version":[{"id":11408,"href":"https:\/\/benimarkt.at\/index.php?rest_route=\/wp\/v2\/product\/3822\/revisions\/11408"}],"wp:featuredmedia":[{"embeddable":true,"href":"https:\/\/benimarkt.at\/index.php?rest_route=\/wp\/v2\/media\/11404"}],"wp:attachment":[{"href":"https:\/\/benimarkt.at\/index.php?rest_route=%2Fwp%2Fv2%2Fmedia&parent=3822"}],"wp:term":[{"taxonomy":"product_brand","embeddable":true,"href":"https:\/\/benimarkt.at\/index.php?rest_route=%2Fwp%2Fv2%2Fproduct_brand&post=3822"},{"taxonomy":"product_cat","embeddable":true,"href":"https:\/\/benimarkt.at\/index.php?rest_route=%2Fwp%2Fv2%2Fproduct_cat&post=3822"},{"taxonomy":"product_tag","embeddable":true,"href":"https:\/\/benimarkt.at\/index.php?rest_route=%2Fwp%2Fv2%2Fproduct_tag&post=3822"}],"curies":[{"name":"wp","href":"https:\/\/api.w.org\/{rel}","templated":true}]}}