{"id":3427,"date":"2025-02-10T13:52:45","date_gmt":"2025-02-10T12:52:45","guid":{"rendered":"https:\/\/gartenrestposten.de\/?post_type=product&#038;p=3427"},"modified":"2026-03-26T13:30:04","modified_gmt":"2026-03-26T13:30:04","slug":"al-ko-119994-521-vs-h-premium-benzin-rasenmaeher","status":"publish","type":"product","link":"https:\/\/benimarkt.at\/?product=al-ko-119994-521-vs-h-premium-benzin-rasenmaeher","title":{"rendered":"AL-KO 521 VS-H Premium Benzin-Rasenm\u00e4her"},"content":{"rendered":"<p>Mit einer Schnittbreite von 51 cm sorgt der Benzin-Rasenm\u00e4her Premium 521 VS-H auch in gro\u00dfen G\u00e4rten (bis zu 1800 m\u00b2) f\u00fcr ein schnelles Vorankommen. Die Schnitth\u00f6henverstellung wird zentral in bis zu 7 Stufen von 30 mm bis 80 mm vorgenommen. Dank des 3,2 kW starken Honda GCVx 170 Motor und des Radantriebs (mit variabler Geschwindigkeitsregelung von 2,5 bis 4,5 km\/h) in Kombination mit den XXL-Leichtlaufr\u00e4dern klappt das M\u00e4hen des Gartens (selbst mit Hanglage) m\u00fchelos. Die 4IN1function bietet das M\u00e4hen, Fangen, Mulchen und Seitenauswerfen des Rasens. Das optimale Cockpit mit leicht erreichbaren clever verkleideten Bedienelementen und dem angenehmen Soft-Griff macht das Rasenm\u00e4hen zum Genuss. Der Rasenschnitt gelangt durch das extra hohe Stahlblechgeh\u00e4use mit MaxAirflow-Technologie bis nach hinten in den 70 l gro\u00dfen Fangkorb mit F\u00fcllstandsanzeige, wodurch dieser bis oben gef\u00fcllt wird und so seltener geleert werden muss. Der integrierte Griff an der Front des \u201ePremium\u201c-Rasenm\u00e4hers ist ideal, wenn es darum geht, den Rasenm\u00e4her zu transportieren, zu verstauen (Upstanding Function) oder im Garten \u00fcber Stufen oder Hindernisse zu heben.<\/p>\n<p>&nbsp;<\/p>\n<ul>\n<li>Radantrieb mit stufenloser Geschwindigkeitsregelung<\/li>\n<li>Zentrale, komfortable Schnitth\u00f6henverstellung<\/li>\n<li>Fronttragegriff f\u00fcr komfortablen Transport<\/li>\n<li>Kugelgelagerte XXL-Laufr\u00e4der f\u00fcr leichtes Schieben und gute Traktion<\/li>\n<li>4IN1function (M\u00e4hen, Fangen, Mulchen, Seitenauswerfen)<\/li>\n<li>Stahlblechgeh\u00e4use mit MaxAirflow-Technologie f\u00fcr beste M\u00e4h-und Fangeigenschaften<\/li>\n<li>Ergonomisch geformter F\u00fchrungsholm und dank easyDrive Cockpit griffoptimierte Schaltb\u00fcgel<\/li>\n<li>Gro\u00dfe 70 L Fangbox mit F\u00fcllstandsanzeige<\/li>\n<\/ul>\n<p>&nbsp;<\/p>\n<p>&nbsp;<\/p>\n","protected":false},"excerpt":{"rendered":"<p>Hoher Innovationsgrad und ein modernes Design. All das vereinen unsere \u201ePremium&#8220;-Benzin-Rasenm\u00e4her und werden dadurch zum idealen Partner f\u00fcr Ihre Rasenpflege.<\/p>\n<p>Chic und komfortabel, so pr\u00e4sentiert sich der Benzin-Rasenm\u00e4her Premium 521 VS-H von AL-KO. Entwickelt in Deutschland und gefertigt in \u00d6sterreich bietet dieser Rasenm\u00e4her h\u00f6chste Qualit\u00e4t. Das moderne Design macht ihn zum Hingucker in jedem Garten. Durch ausgew\u00e4hlte Komponenten und Materialien wird die Langlebigkeit des Benzin-Rasenm\u00e4hers gesteigert. Mit den Rasenm\u00e4hern der Reihe \u201ePremium&#8220; wird Rasenm\u00e4hen zum Genuss.<\/p>\n<p>&nbsp;<\/p>\n","protected":false},"featured_media":11456,"comment_status":"open","ping_status":"closed","template":"","meta":[],"product_brand":[123],"product_cat":[187,134],"product_tag":[185,186],"class_list":{"0":"post-3427","1":"product","2":"type-product","3":"status-publish","4":"has-post-thumbnail","6":"product_brand-al-ko","7":"product_cat-benzin-rasenmaeher","8":"product_cat-gartenbau","9":"product_tag-al-ko","10":"product_tag-benzin-rasenmaeher","12":"first","13":"outofstock","14":"taxable","15":"shipping-taxable","16":"product-type-simple"},"_links":{"self":[{"href":"https:\/\/benimarkt.at\/index.php?rest_route=\/wp\/v2\/product\/3427","targetHints":{"allow":["GET"]}}],"collection":[{"href":"https:\/\/benimarkt.at\/index.php?rest_route=\/wp\/v2\/product"}],"about":[{"href":"https:\/\/benimarkt.at\/index.php?rest_route=\/wp\/v2\/types\/product"}],"replies":[{"embeddable":true,"href":"https:\/\/benimarkt.at\/index.php?rest_route=%2Fwp%2Fv2%2Fcomments&post=3427"}],"version-history":[{"count":3,"href":"https:\/\/benimarkt.at\/index.php?rest_route=\/wp\/v2\/product\/3427\/revisions"}],"predecessor-version":[{"id":14305,"href":"https:\/\/benimarkt.at\/index.php?rest_route=\/wp\/v2\/product\/3427\/revisions\/14305"}],"wp:featuredmedia":[{"embeddable":true,"href":"https:\/\/benimarkt.at\/index.php?rest_route=\/wp\/v2\/media\/11456"}],"wp:attachment":[{"href":"https:\/\/benimarkt.at\/index.php?rest_route=%2Fwp%2Fv2%2Fmedia&parent=3427"}],"wp:term":[{"taxonomy":"product_brand","embeddable":true,"href":"https:\/\/benimarkt.at\/index.php?rest_route=%2Fwp%2Fv2%2Fproduct_brand&post=3427"},{"taxonomy":"product_cat","embeddable":true,"href":"https:\/\/benimarkt.at\/index.php?rest_route=%2Fwp%2Fv2%2Fproduct_cat&post=3427"},{"taxonomy":"product_tag","embeddable":true,"href":"https:\/\/benimarkt.at\/index.php?rest_route=%2Fwp%2Fv2%2Fproduct_tag&post=3427"}],"curies":[{"name":"wp","href":"https:\/\/api.w.org\/{rel}","templated":true}]}}