{"id":3129,"date":"2025-01-28T12:11:46","date_gmt":"2025-01-28T11:11:46","guid":{"rendered":"https:\/\/gartenrestposten.de\/?post_type=product&#038;p=3129"},"modified":"2025-12-08T08:23:44","modified_gmt":"2025-12-08T08:23:44","slug":"stiga-maehdeck-combi-pro110-q-plus","status":"publish","type":"product","link":"https:\/\/benimarkt.at\/?product=stiga-maehdeck-combi-pro110-q-plus","title":{"rendered":"STIGA COMBI Pro 110 Q Plus M\u00e4hdeck"},"content":{"rendered":"<p>M\u00c4HSYSTEM<br \/>\nSchnittbreite 110 cm<br \/>\nM\u00e4hdeck Reinigungsfunktion Quick Flip<br \/>\nSchnitth\u00f6heneinstellung Elektrisch<br \/>\nSchnitth\u00f6he 25 &#8211; 90 mm<br \/>\nAnzahl Messer 3<br \/>\nSchnittsystem Combi &#8211; Umschalten zwischen Multiclip Mulchen und Heckauswurf<br \/>\nAntriebsart Riemen<\/p>\n<p>ABMESSUNGEN<br \/>\nGewicht inkl. Verpackung 78 kg<br \/>\nGewicht 72 kg<br \/>\nL\u00e4nge 1011 mm<br \/>\nBreite 1185 mm<br \/>\nH\u00f6he 310 mm<\/p>\n","protected":false},"excerpt":{"rendered":"<p>Zubeh\u00f6r f\u00fcr Frontm\u00e4her<\/p>\n<p>110 cm breites M\u00e4hdeck f\u00fcr STIGA Park und Park Pro mit QuickFlip-Technologie. Stiga Park (500 W &#8211; 500 WX &#8211; Park Special &#8211; 700 W &#8211; 700 WX &#8211; 900 WX), Castelgarden ( XP &#8211; XZ ), ATCO (Centurion)<br \/>\nSchnittbreite: 110 cm<br \/>\nDrei nicht synchronisierte Messer<br \/>\nElektrische Schnitth\u00f6heneinstellung<br \/>\nQuickFlip-System<br \/>\nKombi: Heckauswurf- oder Mulchfunktion<\/p>\n<p>&nbsp;<\/p>\n","protected":false},"featured_media":11523,"comment_status":"open","ping_status":"closed","template":"","meta":[],"product_brand":[300],"product_cat":[134,124,177],"product_tag":[445,320,312],"class_list":{"0":"post-3129","1":"product","2":"type-product","3":"status-publish","4":"has-post-thumbnail","6":"product_brand-stiga","7":"product_cat-gartenbau","8":"product_cat-rasentraktor","9":"product_cat-zubehoer","10":"product_tag-445","11":"product_tag-maehdeck","12":"product_tag-stiga","14":"first","15":"instock","16":"taxable","17":"shipping-taxable","18":"purchasable","19":"product-type-simple"},"_links":{"self":[{"href":"https:\/\/benimarkt.at\/index.php?rest_route=\/wp\/v2\/product\/3129","targetHints":{"allow":["GET"]}}],"collection":[{"href":"https:\/\/benimarkt.at\/index.php?rest_route=\/wp\/v2\/product"}],"about":[{"href":"https:\/\/benimarkt.at\/index.php?rest_route=\/wp\/v2\/types\/product"}],"replies":[{"embeddable":true,"href":"https:\/\/benimarkt.at\/index.php?rest_route=%2Fwp%2Fv2%2Fcomments&post=3129"}],"version-history":[{"count":2,"href":"https:\/\/benimarkt.at\/index.php?rest_route=\/wp\/v2\/product\/3129\/revisions"}],"predecessor-version":[{"id":11526,"href":"https:\/\/benimarkt.at\/index.php?rest_route=\/wp\/v2\/product\/3129\/revisions\/11526"}],"wp:featuredmedia":[{"embeddable":true,"href":"https:\/\/benimarkt.at\/index.php?rest_route=\/wp\/v2\/media\/11523"}],"wp:attachment":[{"href":"https:\/\/benimarkt.at\/index.php?rest_route=%2Fwp%2Fv2%2Fmedia&parent=3129"}],"wp:term":[{"taxonomy":"product_brand","embeddable":true,"href":"https:\/\/benimarkt.at\/index.php?rest_route=%2Fwp%2Fv2%2Fproduct_brand&post=3129"},{"taxonomy":"product_cat","embeddable":true,"href":"https:\/\/benimarkt.at\/index.php?rest_route=%2Fwp%2Fv2%2Fproduct_cat&post=3129"},{"taxonomy":"product_tag","embeddable":true,"href":"https:\/\/benimarkt.at\/index.php?rest_route=%2Fwp%2Fv2%2Fproduct_tag&post=3129"}],"curies":[{"name":"wp","href":"https:\/\/api.w.org\/{rel}","templated":true}]}}