{"id":3123,"date":"2025-01-28T12:03:01","date_gmt":"2025-01-28T11:03:01","guid":{"rendered":"https:\/\/gartenrestposten.de\/?post_type=product&#038;p=3123"},"modified":"2026-01-14T12:04:39","modified_gmt":"2026-01-14T12:04:39","slug":"stiga-maehdeck-combi-95-q-plus","status":"publish","type":"product","link":"https:\/\/benimarkt.at\/?product=stiga-maehdeck-combi-95-q-plus","title":{"rendered":"STIGA COMBI 95 Q Plus M\u00e4hdeck"},"content":{"rendered":"<p>M\u00c4HSYSTEM<br \/>\nSchnittbreite<br \/>\n95 cm<br \/>\nM\u00e4hdeck Reinigungsfunktion<br \/>\nQuick Flip<br \/>\nSchnitth\u00f6heneinstellung<br \/>\nElektrisch<br \/>\nSchnitth\u00f6he<br \/>\n25 &#8211; 85 mm<br \/>\nAnzahl Messer<br \/>\n2<br \/>\nSchnittsystem<br \/>\nCombi &#8211; Umschalten zwischen Multiclip Mulchen und Heckauswurf<br \/>\nAntriebsart<br \/>\nRiemen<\/p>\n<p>AUSSTATTUNG<br \/>\nTastr\u00e4der<br \/>\n2<\/p>\n<p>ABMESSUNGEN<br \/>\nGewicht inkl. Verpackung<br \/>\n53 kg<br \/>\nGewicht<br \/>\n49 kg<br \/>\nL\u00e4nge<br \/>\n920 mm<br \/>\nBreite<br \/>\n1023 mm<br \/>\nH\u00f6he<br \/>\n345 mm<\/p>\n","protected":false},"excerpt":{"rendered":"<p>Zubeh\u00f6r f\u00fcr Frontm\u00e4her<\/p>\n<p>95-cm-M\u00e4hdeck f\u00fcr Frontm\u00e4her mit QuickFlip-Technologie.<br \/>\nSchnittbreite: 95 cm<br \/>\nZwei synchronisierte Messer<br \/>\nElektrische Schnitth\u00f6heneinstellung<br \/>\nQuickFlip-System<br \/>\nKombi: Heckauswurf- oder Mulchfunktion<\/p>\n","protected":false},"featured_media":11531,"comment_status":"open","ping_status":"closed","template":"","meta":[],"product_brand":[300],"product_cat":[134,124,177],"product_tag":[446,320,312],"class_list":{"0":"post-3123","1":"product","2":"type-product","3":"status-publish","4":"has-post-thumbnail","6":"product_brand-stiga","7":"product_cat-gartenbau","8":"product_cat-rasentraktor","9":"product_cat-zubehoer","10":"product_tag-446","11":"product_tag-maehdeck","12":"product_tag-stiga","14":"first","15":"outofstock","16":"taxable","17":"shipping-taxable","18":"purchasable","19":"product-type-simple"},"_links":{"self":[{"href":"https:\/\/benimarkt.at\/index.php?rest_route=\/wp\/v2\/product\/3123","targetHints":{"allow":["GET"]}}],"collection":[{"href":"https:\/\/benimarkt.at\/index.php?rest_route=\/wp\/v2\/product"}],"about":[{"href":"https:\/\/benimarkt.at\/index.php?rest_route=\/wp\/v2\/types\/product"}],"replies":[{"embeddable":true,"href":"https:\/\/benimarkt.at\/index.php?rest_route=%2Fwp%2Fv2%2Fcomments&post=3123"}],"version-history":[{"count":2,"href":"https:\/\/benimarkt.at\/index.php?rest_route=\/wp\/v2\/product\/3123\/revisions"}],"predecessor-version":[{"id":11534,"href":"https:\/\/benimarkt.at\/index.php?rest_route=\/wp\/v2\/product\/3123\/revisions\/11534"}],"wp:featuredmedia":[{"embeddable":true,"href":"https:\/\/benimarkt.at\/index.php?rest_route=\/wp\/v2\/media\/11531"}],"wp:attachment":[{"href":"https:\/\/benimarkt.at\/index.php?rest_route=%2Fwp%2Fv2%2Fmedia&parent=3123"}],"wp:term":[{"taxonomy":"product_brand","embeddable":true,"href":"https:\/\/benimarkt.at\/index.php?rest_route=%2Fwp%2Fv2%2Fproduct_brand&post=3123"},{"taxonomy":"product_cat","embeddable":true,"href":"https:\/\/benimarkt.at\/index.php?rest_route=%2Fwp%2Fv2%2Fproduct_cat&post=3123"},{"taxonomy":"product_tag","embeddable":true,"href":"https:\/\/benimarkt.at\/index.php?rest_route=%2Fwp%2Fv2%2Fproduct_tag&post=3123"}],"curies":[{"name":"wp","href":"https:\/\/api.w.org\/{rel}","templated":true}]}}