{"id":2919,"date":"2024-12-09T11:25:32","date_gmt":"2024-12-09T10:25:32","guid":{"rendered":"https:\/\/gartenrestposten.de\/?post_type=product&#038;p=2919"},"modified":"2025-08-04T10:27:32","modified_gmt":"2025-08-04T10:27:32","slug":"huawei-watch-gt-5-pro-black-46-mm","status":"publish","type":"product","link":"https:\/\/benimarkt.at\/?product=huawei-watch-gt-5-pro-black-46-mm","title":{"rendered":"Huawei Watch GT 5 Pro Black 46 mm"},"content":{"rendered":"<p><strong>Eigenschaften:<\/strong><\/p>\n<p>Kunstfolles Design<\/p>\n<p><span class=\"highlight-text\">Gefertigt aus einer Luft- und Raumfahrt-klassifizierten Titanlegierung<\/span> und erg\u00e4nzt durch ein vom Runway inspiriertes Fluorelastomer-Armband, passt diese Watch perfekt zu deinem fitnessorientierten Lebensstil.<\/p>\n<p>Ein echter Klassiker: Die\u00a0<span class=\"highlight-text\">ikonische Krone<\/span>\u00a0ist mit einem auff\u00e4lligen roten Ring versehen.<\/p>\n<p class=\"aesthetics-design-stage aesthetics-design-stage-1 active active2\">fitnessorientierten Lebensstil.<\/p>\n<p class=\"aesthetics-design-stage aesthetics-design-stage-2 active\">Die achteckige\u00a0<span class=\"highlight-text\">L\u00fcnette aus einer Titanlegierung<\/span>\u00a0verleiht deinen besten Looks den letzten Feinschliff.<\/p>\n<p>Das\u00a0<span class=\"dark-text\">Display aus Saphirglas<\/span>\u00a0unterstreicht das luxuri\u00f6se Platindesign und verleiht ihm eine schimmernde Pracht.<\/p>\n<div class=\"popup-text popup-text-left\">Die Watch misst deine Vitalwerte mit h\u00f6herer Geschwindigkeit und Genauigkeit, dank eines mehrstufigen optischen Pfad-Designs, einer hochmodernen optischen Architektur, einer ultrapr\u00e4zisen Glasverdunkelungstechnologie und fortschrittlichen Algorithmen f\u00fcr das Gesundheitsmonitoring. HUAWEI TruSense ist nun in der Lage, sechs wichtige Systeme zu beobachten, darunter das Atmungs-, Nerven- und Bewegungssystem. Damit macht es die digitale Gesundheit f\u00fcr alle zug\u00e4nglicher und umfassender.<\/div>\n<div class=\"popup-text popup-text-right\">Die Smartwatches der HUAWEI WATCH GT 5 Serie mit dem HUAWEI TruSense System sind die ersten, die von der SGS Schweiz die Zertifizierung f\u00fcr die Genauigkeit der dynamischen Herzfrequenz erhalten haben.<\/div>\n<div><\/div>\n<div>Mit dem Kauf einer Smartwatch der HUAWEI WATCH GT 5 Serie kannst du dir eine 3-monatige Mitgliedschaft f\u00fcr HUAWEI Health+ sichern. Die App bietet dir Zugang zu einer F\u00fclle von exklusiven Vorteilen, darunter Workouts f\u00fcr Anf\u00e4nger und Fortgeschrittene, gef\u00fchrte Meditationen, der Stay Fit Plan und Atem\u00fcbungen.<\/div>\n<div>\n<h3>HUAWEI WATCH GT 5 Pro 46 mm<\/h3>\n<div class=\"s16-item-main\">\n<div class=\"s16-item-main-left\">\n<div class=\"top\">\n<div class=\"icon nowrap\">\n<ul>\n<li class=\"icon-headline\">Bis zu 14 Tage maximale Akkulaufzeit<\/li>\n<\/ul>\n<div><\/div>\n<\/div>\n<\/div>\n<div class=\"bottom\">\n<div class=\"icon nowrap\">\n<ul>\n<li class=\"icon-headline\">Bis zu 5 Tage mit aktiviertem AOD<\/li>\n<\/ul>\n<div><\/div>\n<\/div>\n<\/div>\n<\/div>\n<div class=\"s16-item-main-right\">\n<div class=\"top\">\n<div class=\"icon nowrap\">\n<ul>\n<li class=\"icon-headline\">Bis zu 9 Tage typische Akkulaufzeit<\/li>\n<\/ul>\n<div><\/div>\n<\/div>\n<\/div>\n<div class=\"bottom\">\n<div class=\"icon nowrap\">\n<ul>\n<li class=\"icon-headline\">Ca. 60 Minuten um vollst\u00e4ndig aufzuladen<\/li>\n<\/ul>\n<\/div>\n<div>\n<h3 class=\"sec-txt-48 sec-marb-30\">Koppeln dank der HUAWEI Health App<\/h3>\n<p>&nbsp;<\/p>\n<article class=\"sec-txt-20\">Die HUAWEI Health App ist sowohl mit Android\u2122- als auch mit iOS-Handys kompatibel. Klicke unten und erfahre, wie einfach du deine Wearables mit deinem Handy verbinden kannst.<\/article>\n<article><\/article>\n<article>\n<div class=\"title\">Technische Daten:<\/div>\n<div>\n<p><button class=\"large-accordion__button large-accordion__button--expanded js-large-accordion-button\" type=\"button\"><span class=\"large-accordion__title large-accordion-title\">Abmessungen<\/span><\/button><\/p>\n<div class=\"large-accordion__content\">\n<div class=\"large-accordion-columns multi-watchGt\">\n<div class=\"multi-watchGt-item\">\n<ul>\n<li class=\"multi-watchGt-title\">HUAWEI WATCH GT 5 Pro 46 mm<\/li>\n<\/ul>\n<div class=\"multi-watchGt-list part0\">\n<div class=\"multi-watchGt-text\">\n<p>46,3 mm \u00d7 46,3 mm \u00d7 10,9 mm<\/p>\n<p>Produktgr\u00f6\u00dfe, Produktgewicht und zugeh\u00f6rige technische Daten sind rein theoretische Werte. Die tats\u00e4chlichen Werte k\u00f6nnen von Produkt zu Produkt variieren. Alle technischen Daten h\u00e4ngen vom jeweiligen Produkt ab.<\/p>\n<p><button class=\"large-accordion__button large-accordion__button--expanded js-large-accordion-button\" type=\"button\"><span class=\"large-accordion__title large-accordion-title\">Handgelenkgr\u00f6\u00dfe<\/span><\/button><\/p>\n<div class=\"large-accordion__content\">\n<div class=\"large-accordion-columns multi-watchGt\">\n<div class=\"multi-watchGt-item\">\n<div class=\"multi-watchGt-title\">HUAWEI WATCH GT 5 Pro 46 mm<\/div>\n<div class=\"multi-watchGt-cnt\">\n<div class=\"multi-watchGt-list part0\">\n<div class=\"multi-watchGt-text\">\n<p>140-210 mm<\/p>\n<p><button class=\"large-accordion__button large-accordion__button--expanded js-large-accordion-button\" type=\"button\"><span class=\"large-accordion__title large-accordion-title\">Gewicht<\/span><\/button><\/p>\n<div class=\"large-accordion__content\">\n<div class=\"large-accordion-columns multi-watchGt\">\n<div class=\"multi-watchGt-item\">\n<div class=\"multi-watchGt-title\">HUAWEI WATCH GT 5 Pro 46 mm<\/div>\n<div class=\"multi-watchGt-cnt\">\n<div class=\"multi-watchGt-list part0\">\n<div class=\"multi-watchGt-subtitle\"><\/div>\n<div class=\"multi-watchGt-text\">\n<p>Ca. 53 g (ohne Armband)<\/p>\n<p><button class=\"large-accordion__button large-accordion__button--expanded js-large-accordion-button\" type=\"button\"><span class=\"large-accordion__title large-accordion-title\">Bildschirm<\/span><\/button><\/p>\n<div class=\"large-accordion__content\">\n<div class=\"large-accordion-columns multi-watchGt\">\n<div class=\"multi-watchGt-item\">\n<div class=\"multi-watchGt-title\">HUAWEI WATCH GT 5 Pro 46 mm<\/div>\n<div class=\"multi-watchGt-cnt\">\n<div class=\"multi-watchGt-list part0\">\n<div class=\"multi-watchGt-subtitle\">Gr\u00f6\u00dfe<\/div>\n<div class=\"multi-watchGt-text\">\n<p>1,43 Zoll AMOLED-Farbdisplay<\/p>\n<\/div>\n<p class=\"multi-watchGt-subtext\">\n<\/div>\n<div class=\"multi-watchGt-list part1\">\n<div class=\"multi-watchGt-subtitle\"><strong>Aufl\u00f6sung<\/strong><\/div>\n<div class=\"multi-watchGt-text\">\n<ul>\n<li>466 \u00d7 466 Pixel, 326 ppi<\/li>\n<\/ul>\n<p><button class=\"large-accordion__button large-accordion__button--expanded js-large-accordion-button\" type=\"button\"><span class=\"large-accordion__title large-accordion-title\">Watch-Geh\u00e4use<\/span><\/button><\/p>\n<div class=\"large-accordion__content\">\n<div class=\"large-accordion-columns multi-watchGt\">\n<div class=\"multi-watchGt-item\">\n<ul>\n<li class=\"multi-watchGt-title\">HUAWEI WATCH GT 5 Pro 46 mm<\/li>\n<\/ul>\n<div class=\"multi-watchGt-cnt\">\n<div class=\"multi-watchGt-list part0\">\n<ul>\n<li class=\"multi-watchGt-subtitle\">Material<\/li>\n<\/ul>\n<div class=\"multi-watchGt-text\">\n<ul>\n<li>Titanlegierung<\/li>\n<\/ul>\n<p><button class=\"large-accordion__button js-large-accordion-button large-accordion__button--expanded\" type=\"button\"><span class=\"large-accordion__title large-accordion-title\">Armband<\/span><\/button><\/p>\n<div class=\"large-accordion__content\">\n<div class=\"large-accordion-columns multi-watchGt\">\n<div class=\"multi-watchGt-item\">\n<ul>\n<li class=\"multi-watchGt-title\">HUAWEI WATCH GT 5 Pro 46 mm<\/li>\n<\/ul>\n<div class=\"multi-watchGt-cnt\">\n<div class=\"multi-watchGt-list part0\">\n<div class=\"multi-watchGt-text\">\n<ul>\n<li>Schwarzes Fluorelastomer-Armband<\/li>\n<\/ul>\n<p><button class=\"large-accordion__button large-accordion__button--expanded js-large-accordion-button\" type=\"button\"><span class=\"large-accordion__title large-accordion-title\">Sensoren<\/span><\/button><\/p>\n<div class=\"large-accordion__content\">\n<div class=\"large-accordion-columns \">\n<div class=\"large-accordion__inner \">\n<ul>\n<li>Beschleunigungssensor<\/li>\n<li>Gyroskop<\/li>\n<li>Magnetometer<\/li>\n<li>Optischer Herzfrequenzsensor<\/li>\n<li>Barometer<\/li>\n<li>Temperatursensor<\/li>\n<li>Umgebungslichtsensor<\/li>\n<li>EKG-Sensor<\/li>\n<li>Tiefensensor<\/li>\n<\/ul>\n<p><button class=\"large-accordion__button large-accordion__button--expanded js-large-accordion-button\" type=\"button\"><span class=\"large-accordion__title large-accordion-title\">Tasten<\/span><\/button><\/p>\n<div class=\"large-accordion__content\">\n<div class=\"large-accordion-columns \">\n<div class=\"large-accordion__inner \">\n<p>Home-Taste (Drehkrone) und Seitentaste<\/p>\n<p><button class=\"large-accordion__button js-large-accordion-button large-accordion__button--expanded\" type=\"button\"><span class=\"large-accordion__title large-accordion-title\">Ladeanschluss<\/span><\/button><\/p>\n<div class=\"large-accordion__content\">\n<div class=\"large-accordion-columns \">\n<div class=\"large-accordion__inner \">\n<p>Kabelloses Laden<\/p>\n<p><button class=\"large-accordion__button large-accordion__button--expanded js-large-accordion-button\" type=\"button\"><span class=\"large-accordion__title large-accordion-title\">Systemanforderungen<\/span><\/button><\/p>\n<div class=\"large-accordion__content\">\n<div class=\"large-accordion-columns \">\n<div class=\"large-accordion__inner \">\n<p>Android 9.0 oder h\u00f6her<\/p>\n<p>iOS 13.0 oder h\u00f6her<\/p>\n<p>&nbsp;<\/p>\n<ul class=\"large-accordion__list\" style=\"list-style-type: circle;\">\n<li class=\"large-accordion__item\"><button class=\"large-accordion__button large-accordion__button--expanded js-large-accordion-button\" type=\"button\"><span class=\"large-accordion__title large-accordion-title\">Wasserdichtigkeit<\/span><\/button>\n<div class=\"large-accordion__content\">\n<div class=\"large-accordion-columns \">\n<div class=\"large-accordion__inner \">\n<p><strong>5 ATM<\/strong><\/p>\n<p class=\"large-accordion-subtext\">Erf\u00fcllt die Anforderungen der Norm ISO 22810:2010 f\u00fcr eine Wasserdichtigkeit von 5 ATM und kann somit einem statischen Wasserdruck von 50 Metern 10 Minuten standhalten, was jedoch nicht bedeutet, dass es in 50 Metern Wassertiefe wasserdicht ist.<\/p>\n<\/div>\n<div class=\"large-accordion__inner \">\n<p><strong>IP69K<\/strong><\/p>\n<p class=\"large-accordion-subtext\">Erf\u00fcllt die Einstufung der Schutzart IP69K gem\u00e4\u00df der Norm ISO 20653:2023. Die IPX9K-Testbedingungen sind wie folgt: Wassertemperatur: 80 \u00b1 5\u00b0C; Wasserdurchfluss: 15 \u00b1 1 l\/min; Wasserdruck: 10.000 \u00b1 500 kPa; Spr\u00fchwinkel: 0\u00b0, 30\u00b0, 60\u00b0 und 90\u00b0, 30 Sekunden f\u00fcr jeden Winkel.<\/p>\n<\/div>\n<div class=\"large-accordion__inner \">\n<p><strong>Tauchen (Tiefe bis zu 40 Meter)<\/strong><\/p>\n<p class=\"large-accordion-subtext\">Das Produkt entspricht der Norm EN 13319 f\u00fcr Tauchzubeh\u00f6r und unterst\u00fctzt das Freitauchen bis zu einer maximalen Tiefe von 40 Metern. Es kann bei Aktivit\u00e4ten im flachen Wasser getragen werden, z. B. beim Schwimmen im Pool oder in flachen K\u00fcstengew\u00e4ssern. Reinige und trockne das Ger\u00e4t nach dem Tragen bei Aktivit\u00e4ten im Wasser umgehend, entferne Wasserflecken von den Produktoberfl\u00e4chen und allen \u00d6ffnungen und nutze die Entw\u00e4sserungsfunktion des Ger\u00e4ts, um negative Auswirkungen auf die Ger\u00e4teleistung zu vermeiden.<\/p>\n<\/div>\n<div class=\"large-accordion__inner \">\n<p>Das Produkt sollte in den folgenden Szenarien nicht getragen werden: (1) hei\u00dfe Duschen, hei\u00dfe Quellen, Saunen (Dampfb\u00e4der) und andere Aktivit\u00e4ten in Umgebungen mit hohen Temperaturen und\/oder hoher Luftfeuchtigkeit; (2) Aktivit\u00e4ten, bei denen das Ger\u00e4t mit Duschgel, Shampoo, Seifenwasser oder anderen Wasch- oder Reinigungsprodukten in Ber\u00fchrung kommen k\u00f6nnte (Sollte das Ger\u00e4t mit solchen Produkten in Ber\u00fchrung kommen, sp\u00fcle es ab und lass es 30 Minuten lang in S\u00fc\u00dfwasser einweichen); (3) Scuba-Tauchen; (4) Armb\u00e4nder aus veganem Verbundleder, Verbundgewebe, Titan und Keramik sind nicht f\u00fcr Aktivit\u00e4ten im Wasser (wie z. B. Schwimmen) geeignet oder Schwei\u00df standzuhalten, weswegen empfohlen ist in solchen Szenarien andere Armb\u00e4nder zu verwenden.<\/p>\n<\/div>\n<div class=\"large-accordion__inner \">\n<p>Wasserbest\u00e4ndigkeit ist nicht von Dauer und der Schutz kann durch t\u00e4gliche Verwendung nachlassen.<\/p>\n<\/div>\n<\/div>\n<\/div>\n<\/li>\n<li class=\"large-accordion__item\"><button class=\"large-accordion__button large-accordion__button--expanded js-large-accordion-button\" type=\"button\"><span class=\"large-accordion__title large-accordion-title\">Konnektivit\u00e4t<\/span><\/button>\n<div class=\"large-accordion__content\">\n<div>\n<div class=\"large-accordion-columns \">\n<div class=\"large-accordion__inner \">\n<div class=\"large-accordion-subtitle\">NFC<\/div>\n<p>Wird unterst\u00fctzt<\/p>\n<\/div>\n<div class=\"large-accordion__inner \">\n<div class=\"large-accordion-subtitle\">Bluetooth\u00ae<\/div>\n<p>2,4 GHz, unterst\u00fctzt BT5.2 und BR + BLE<\/p>\n<\/div>\n<div class=\"large-accordion__inner \">\n<div class=\"large-accordion-subtitle\">GNSS<\/div>\n<p>L1: GPS + GLONASS + GALILEO + BDS + QZSS<\/p>\n<p>L5: GPS + GALILEO + BDS + QZSS<\/p>\n<\/div>\n<\/div>\n<\/div>\n<\/div>\n<\/li>\n<li class=\"large-accordion__item\"><button class=\"large-accordion__button large-accordion__button--expanded js-large-accordion-button\" type=\"button\"><span class=\"large-accordion__title large-accordion-title\">Lautsprecher<\/span><\/button>\n<div class=\"large-accordion__content\">\n<div>\n<div class=\"large-accordion-columns \">\n<div class=\"large-accordion__inner \">\n<p>Wird unterst\u00fctzt<\/p>\n<\/div>\n<\/div>\n<\/div>\n<\/div>\n<\/li>\n<li class=\"large-accordion__item\"><button class=\"large-accordion__button large-accordion__button--expanded js-large-accordion-button\" type=\"button\"><span class=\"large-accordion__title large-accordion-title\">Mikrofon<\/span><\/button>\n<div class=\"large-accordion__content\">\n<div>\n<div class=\"large-accordion-columns \">\n<div class=\"large-accordion__inner \">\n<p>Wird unterst\u00fctzt<\/p>\n<\/div>\n<\/div>\n<\/div>\n<\/div>\n<\/li>\n<li class=\"large-accordion__item\"><button class=\"large-accordion__button large-accordion__button--expanded js-large-accordion-button\" type=\"button\"><span class=\"large-accordion__title large-accordion-title\">Umgebung<\/span><\/button>\n<div class=\"large-accordion__content\">\n<div>\n<div class=\"large-accordion-columns \">\n<div class=\"large-accordion__inner \">\n<div class=\"large-accordion-subtitle\">Betriebsumgebungstemperatur<\/div>\n<p>-20\u2103 bis + 45\u2103<\/p>\n<\/div>\n<\/div>\n<\/div>\n<\/div>\n<\/li>\n<li class=\"large-accordion__item\"><button class=\"large-accordion__button large-accordion__button--expanded js-large-accordion-button\" type=\"button\"><span class=\"large-accordion__title large-accordion-title\">Aufladen<\/span><\/button>\n<div class=\"large-accordion__content\">\n<div>\n<div class=\"large-accordion-columns \">\n<div class=\"large-accordion__inner \">\n<div class=\"large-accordion-subtitle\">Anforderungen an Spannung und Stromst\u00e4rke des Ladeger\u00e4ts<\/div>\n<p>5 V \u2013 9 V DC \/ 2A<\/p>\n<\/div>\n<\/div>\n<\/div>\n<\/div>\n<\/li>\n<li class=\"large-accordion__item\"><button class=\"large-accordion__button large-accordion__button--expanded js-large-accordion-button\" type=\"button\"><span class=\"large-accordion__title large-accordion-title\">Akkulaufzeit<\/span><\/button>\n<div class=\"large-accordion__content\">\n<div>\n<div class=\"large-accordion-columns multi-watchGt\">\n<div class=\"multi-watchGt-item\">\n<div class=\"multi-watchGt-title\">HUAWEI WATCH GT 5 Pro 46 mm<\/div>\n<div class=\"multi-watchGt-cnt\">\n<div class=\"multi-watchGt-list part0\">\n<div class=\"multi-watchGt-subtitle\"><\/div>\n<div class=\"multi-watchGt-text\">\n<p>Bis zu 14 Tage Akkulaufzeit bei maximaler Nutzung<\/p>\n<p>Bis zu 9 Tage Akkulaufzeit bei regelm\u00e4\u00dfiger Nutzung<\/p>\n<p>Bis zu 5 Tage Akkulaufzeit mit aktiviertem Always On Display<\/p>\n<\/div>\n<p class=\"multi-watchGt-subtext\">\n<\/div>\n<div class=\"multi-watchGt-list part1\">\n<div class=\"multi-watchGt-subtitle\"><strong>Der Akku reicht bei folgenden Nutzungsgewohnheiten f\u00fcr 14 Tage:<\/strong><\/div>\n<div class=\"multi-watchGt-text\">\n<p>Verwendung der Werkseinstellungen, 30 Minuten Bluetooth\u00ae-Anrufe pro Woche, 30 Minuten Audiowiedergabe pro Woche, Herzfrequenz-Monitoring immer eingeschaltet, Schlaf-Monitoring nachts aktiviert, durchschnittlich 90 Minuten Training pro Woche, Benachrichtigungen aktiviert (50 Nachrichten, 6 Anrufe und 3 Alarme pro Tag) und das Display wird 200 Mal pro Tag eingeschaltet. Die tats\u00e4chliche Akkulaufzeit h\u00e4ngt von den Nutzungsgewohnheiten ab.<\/p>\n<\/div>\n<p class=\"multi-watchGt-subtext\">\n<\/div>\n<div class=\"multi-watchGt-list part2\">\n<div class=\"multi-watchGt-subtitle\"><strong>Der Akku reicht bei folgenden Nutzungsgewohnheiten f\u00fcr 9 Tage:<\/strong><\/div>\n<div class=\"multi-watchGt-text\">\n<p>Verwendung der Werkseinstellungen, 30 Minuten Bluetooth\u00ae-Anrufe pro Woche, 30 Minuten Audiowiedergabe pro Woche, Herzfrequenz-Monitoring immer eingeschaltet, Schlaf-Monitoring nachts aktiviert, Stresserkennung aktiviert, durchschnittlich 180 Minuten Training pro Woche, Benachrichtigungen aktiviert (50 Nachrichten, 6 Anrufe und 3 Alarme pro Tag) und das Display wird insgesamt 30 Minuten pro Tag eingeschaltet. Die tats\u00e4chliche Akkulaufzeit h\u00e4ngt von den Nutzungsgewohnheiten ab.<\/p>\n<\/div>\n<p class=\"multi-watchGt-subtext\">\n<\/div>\n<div class=\"multi-watchGt-list part3\">\n<div class=\"multi-watchGt-subtitle\"><strong>Der Akku reicht bei folgenden Nutzungsgewohnheiten f\u00fcr 5 Tage:<\/strong><\/div>\n<div class=\"multi-watchGt-text\">\n<p>Verwendung der Werkseinstellungen, Always On Display (AOD) aktiviert, 30 Minuten Bluetooth\u00ae-Anrufe pro Woche, 30 Minuten Audiowiedergabe pro Woche, Herzfrequenz-Monitoring immer eingeschaltet, Schlaf-Monitoring nachts aktiviert, Stresserkennung aktiviert, durchschnittlich 180 Minuten Training pro Woche, Benachrichtigungen aktiviert (50 Nachrichten, 6 Anrufe und 3 Alarme pro Tag) und das Display wird insgesamt 30 Minuten pro Tag eingeschaltet. Die tats\u00e4chliche Akkulaufzeit h\u00e4ngt von den Nutzungsgewohnheiten ab.<\/p>\n<p>*Basierend auf den Testergebnissen aus HUAWEI Laboren. Die tats\u00e4chliche Nutzung kann je nach Abweichungen zwischen verschiedenen Modellen sowie Nutzungsgewohnheiten und Umweltfaktoren variieren.<\/p>\n<div id=\"x-block1\" class=\"x-features\" role=\"main\">\n<div class=\"section_xml\">\n<div class=\"product-specification-component\">\n<div class=\"v4 n06-product-tabs product-tabs no-margin\" data-component=\"n06-product-tabs\">\n<div class=\"product-tabs__content product-tabs__swiper-container swiper-container\">\n<div class=\"swiper-wrapper\">\n<div class=\"product-tabs__tab product-tabs__tab--no-padding swiper-slide\">\n<div class=\"v4 t05-large-accordion large-accordion no-margin\" data-component=\"t05-large-accordion\">\n<div class=\"container\">\n<div class=\"wrap wrap--small\">\n<ul class=\"large-accordion__list\">\n<li class=\"large-accordion__item\"><button class=\"large-accordion__button large-accordion__button--expanded js-large-accordion-button\" type=\"button\"><span class=\"large-accordion__title large-accordion-title\">Lieferumfang<\/span><\/button>\n<div class=\"large-accordion__content\">\n<div>\n<div class=\"large-accordion-columns \">\n<div class=\"large-accordion__inner \">\n<p>HUAWEI GT 5 Pro \u00d7 1<\/p>\n<p>Ladestation (einschlie\u00dflich Ladekabel) \u00d7 1<\/p>\n<p>Schnellstartanleitung &amp; Sicherheitsinformationen &amp; Garantiekarte \u00d7 1<\/p>\n<\/div>\n<\/div>\n<\/div>\n<\/div>\n<\/li>\n<\/ul>\n<\/div>\n<\/div>\n<\/div>\n<\/div>\n<\/div>\n<\/div>\n<div class=\"product-tabs__swiper-pagination swiper-pagination\"><\/div>\n<\/div>\n<\/div>\n<div><\/div>\n<\/div>\n<\/div>\n<footer class=\"v4 n09-footer footer \" data-component=\"n09-footer\">\n<div class=\"container\">\n<div class=\"policy-text\"><\/div>\n<\/div>\n<\/footer>\n<\/div>\n<\/div>\n<\/div>\n<\/div>\n<\/div>\n<\/div>\n<\/div>\n<\/li>\n<\/ul>\n<\/div>\n<\/div>\n<\/div>\n<\/div>\n<\/div>\n<\/div>\n<\/div>\n<\/div>\n<\/div>\n<\/div>\n<\/div>\n<\/div>\n<\/div>\n<\/div>\n<\/div>\n<\/div>\n<\/div>\n<\/div>\n<\/div>\n<\/div>\n<\/div>\n<\/div>\n<\/div>\n<\/div>\n<\/div>\n<\/div>\n<\/div>\n<\/div>\n<\/div>\n<\/div>\n<\/div>\n<\/div>\n<\/div>\n<\/div>\n<\/div>\n<\/div>\n<\/div>\n<\/div>\n<\/div>\n<\/div>\n<\/div>\n<\/div>\n<\/div>\n<\/div>\n<\/div>\n<\/div>\n<\/div>\n<\/div>\n<\/article>\n<\/div>\n<\/div>\n<\/div>\n<\/div>\n<\/div>\n","protected":false},"excerpt":{"rendered":"<p>Eigenschaften: Kunstfolles Design Gefertigt aus einer Luft- und Raumfahrt-klassifizierten Titanlegierung und erg\u00e4nzt durch ein vom Runway inspiriertes Fluorelastomer-Armband, passt diese<\/p>\n","protected":false},"featured_media":11542,"comment_status":"open","ping_status":"closed","template":"","meta":[],"product_brand":[305],"product_cat":[163,232],"product_tag":[322,323],"class_list":{"0":"post-2919","1":"product","2":"type-product","3":"status-publish","4":"has-post-thumbnail","6":"product_brand-huawei","7":"product_cat-huawei","8":"product_cat-smartwatches","9":"product_tag-huawei","10":"product_tag-smartwatch","12":"first","13":"instock","14":"taxable","15":"shipping-taxable","16":"purchasable","17":"product-type-simple"},"_links":{"self":[{"href":"https:\/\/benimarkt.at\/index.php?rest_route=\/wp\/v2\/product\/2919","targetHints":{"allow":["GET"]}}],"collection":[{"href":"https:\/\/benimarkt.at\/index.php?rest_route=\/wp\/v2\/product"}],"about":[{"href":"https:\/\/benimarkt.at\/index.php?rest_route=\/wp\/v2\/types\/product"}],"replies":[{"embeddable":true,"href":"https:\/\/benimarkt.at\/index.php?rest_route=%2Fwp%2Fv2%2Fcomments&post=2919"}],"version-history":[{"count":2,"href":"https:\/\/benimarkt.at\/index.php?rest_route=\/wp\/v2\/product\/2919\/revisions"}],"predecessor-version":[{"id":11547,"href":"https:\/\/benimarkt.at\/index.php?rest_route=\/wp\/v2\/product\/2919\/revisions\/11547"}],"wp:featuredmedia":[{"embeddable":true,"href":"https:\/\/benimarkt.at\/index.php?rest_route=\/wp\/v2\/media\/11542"}],"wp:attachment":[{"href":"https:\/\/benimarkt.at\/index.php?rest_route=%2Fwp%2Fv2%2Fmedia&parent=2919"}],"wp:term":[{"taxonomy":"product_brand","embeddable":true,"href":"https:\/\/benimarkt.at\/index.php?rest_route=%2Fwp%2Fv2%2Fproduct_brand&post=2919"},{"taxonomy":"product_cat","embeddable":true,"href":"https:\/\/benimarkt.at\/index.php?rest_route=%2Fwp%2Fv2%2Fproduct_cat&post=2919"},{"taxonomy":"product_tag","embeddable":true,"href":"https:\/\/benimarkt.at\/index.php?rest_route=%2Fwp%2Fv2%2Fproduct_tag&post=2919"}],"curies":[{"name":"wp","href":"https:\/\/api.w.org\/{rel}","templated":true}]}}