{"id":2614,"date":"2024-11-21T12:08:08","date_gmt":"2024-11-21T11:08:08","guid":{"rendered":"https:\/\/gartenrestposten.de\/?post_type=product&#038;p=2614"},"modified":"2026-04-16T09:56:02","modified_gmt":"2026-04-16T09:56:02","slug":"kaercher-br-40-10-c-ep-adv","status":"publish","type":"product","link":"https:\/\/benimarkt.at\/?product=kaercher-br-40-10-c-ep-adv","title":{"rendered":"K\u00e4rcher Scheuersaugmaschine BR 40\/10 C Ep Adv"},"content":{"rendered":"<pre class=\"tw-data-text tw-text-large tw-ta\" dir=\"ltr\" data-placeholder=\"Ford\u00edt\u00e1s\" data-ved=\"2ahUKEwjYr__Q8-qJAxX6zAIHHRWGCFAQ3ewLegQIDhAU\" aria-label=\"Leford\u00edtott sz\u00f6veg: Das Ger\u00e4t schrubbt B\u00f6den wie eine Einscheibenmaschine, nimmt Wasser auf wie ein Nasssauger und poliert wie eine Hochgeschwindigkeitsmaschine. Die beiden schnell rotierenden Walzenb\u00fcrsten sorgen f\u00fcr einen hohen Fl\u00e4chendruck, die beiden Sauglippen nehmen Wasser sowohl nach vorne als auch nach hinten auf, sodass der Boden sofort wieder benutzbar ist. Mit ihm l\u00e4sst sich problemlos unter den M\u00f6beln reinigen, f\u00fcr niedrige Gegenst\u00e4nde l\u00e4sst sich der Tank herausnehmen. Ein Pluspunkt an Komfort ist, dass der Schubhebel in beide Richtungen bewegt werden kann.\"><span style=\"font-family: georgia, palatino, serif; font-size: 12pt;\"><span class=\"Y2IQFc\" lang=\"de\"><strong>Beschreibung:<\/strong>\r\nDiese kompakte Scheuersaugmaschine kann flexibel eingesetzt werden. \r\nEin ger\u00e4uscharmes Scheuern und Saugen ist in beide Richtungen m\u00f6glich. \r\nSie verf\u00fcgt \u00fcber einen zusammenklappbaren Schubb\u00fcgel sowie abnehmbare Tanks, die mit einem arretierten Tragegriff m\u00fchelos transportiert werden k\u00f6nnen. \r\nDer B\u00fcrsten- und Sauglippenwechsel erfolgt werkzeuglos innerhalb weniger Sekunden.<\/span><\/span><\/pre>\n<pre class=\"tw-data-text tw-text-large tw-ta\" dir=\"ltr\" data-placeholder=\"Ford\u00edt\u00e1s\" data-ved=\"2ahUKEwjYr__Q8-qJAxX6zAIHHRWGCFAQ3ewLegQIDhAU\" aria-label=\"Leford\u00edtott sz\u00f6veg: Das Ger\u00e4t schrubbt B\u00f6den wie eine Einscheibenmaschine, nimmt Wasser auf wie ein Nasssauger und poliert wie eine Hochgeschwindigkeitsmaschine. Die beiden schnell rotierenden Walzenb\u00fcrsten sorgen f\u00fcr einen hohen Fl\u00e4chendruck, die beiden Sauglippen nehmen Wasser sowohl nach vorne als auch nach hinten auf, sodass der Boden sofort wieder benutzbar ist. Mit ihm l\u00e4sst sich problemlos unter den M\u00f6beln reinigen, f\u00fcr niedrige Gegenst\u00e4nde l\u00e4sst sich der Tank herausnehmen. Ein Pluspunkt an Komfort ist, dass der Schubhebel in beide Richtungen bewegt werden kann.\"><span class=\"Y2IQFc\" lang=\"de\" style=\"font-family: georgia, palatino, serif; font-size: 12pt;\">Das Ger\u00e4t schrubbt B\u00f6den wie eine Einscheibenmaschine, nimmt Wasser auf wie ein Nasssauger und poliert wie eine Hochgeschwindigkeitsmaschine. \r\nDie beiden schnell rotierenden Walzenb\u00fcrsten sorgen f\u00fcr einen hohen Fl\u00e4chendruck, die beiden Sauglippen nehmen Wasser sowohl nach vorne als auch nach hinten auf, \r\nsodass der Boden sofort wieder benutzbar ist. Mit ihm l\u00e4sst sich problemlos unter den M\u00f6beln reinigen, f\u00fcr niedrige Gegenst\u00e4nde l\u00e4sst sich der Tank herausnehmen.\r\nEin Pluspunkt an Komfort ist, dass der Schubhebel in beide Richtungen bewegt werden kann.\r\n\r\n<strong>Merkmale und Vorteile:<\/strong>\r\n<\/span><\/pre>\n<div class=\"col-sm-5\">\n<h6><strong><span style=\"font-family: georgia, palatino, serif; font-size: 12pt;\">Kraftvoll und schnell<\/span><\/strong><\/h6>\n<\/div>\n<div class=\"col-sm-7 col-no-padding\">\n<ul>\n<li><span style=\"font-family: georgia, palatino, serif; font-size: 12pt;\">2 schnelldrehende Walzenb\u00fcrsten mit hohem Anpressdruck.<\/span><\/li>\n<li><span style=\"font-family: georgia, palatino, serif; font-size: 12pt;\">2 Sauglippenstreifen nehmen das Wasser vorw\u00e4rts und r\u00fcckw\u00e4rts auf.<\/span><\/li>\n<li><span style=\"font-family: georgia, palatino, serif; font-size: 12pt;\">Der Boden ist sofort wieder begehbar.<\/span><\/li>\n<\/ul>\n<\/div>\n<div class=\"col-sm-5\">\n<h6><strong>Niedrige Unterfahrh\u00f6he<\/strong><\/h6>\n<\/div>\n<div class=\"col-sm-7 col-no-padding\">\n<ul>\n<li>Problemloses Unterfahren von M\u00f6beln.<\/li>\n<li>Der Schubb\u00fcgel kann in beide Richtungen umgelegt werden.<\/li>\n<li>Bei ganz niedrigen Objekten kann auch noch der Tank abgenommen werden.<\/li>\n<\/ul>\n<div class=\"col-sm-5\">\n<h6><strong>Servicefreundlichkeit<\/strong><\/h6>\n<\/div>\n<div class=\"col-sm-7 col-no-padding\">\n<ul>\n<li>Einfacher, werkzeugloser Wechsel von B\u00fcrsten und Sauglippen.<\/li>\n<li>Wasserverteilleiste kann einfach entnommen und bei Bedarf gereinigt werden.<\/li>\n<li>Alle elektrischen Komponenten sind schnell und einfach zug\u00e4nglich.<\/li>\n<\/ul>\n<div class=\"col-sm-5\">\n<h6><strong>Ergonomischer Handgriff<\/strong><\/h6>\n<\/div>\n<div class=\"col-sm-7 col-no-padding\">\n<ul>\n<li>F\u00fcr besseren Bedienkomfort.<\/li>\n<li>Mit integrierter Steuerung von Wasserzufluss und B\u00fcrste.<\/li>\n<li>Perfekt zum Tragen und Verstauen.<\/li>\n<\/ul>\n<h5 class=\"section-headline\">Spezifikationen<\/h5>\n<div class=\"row\">\n<div class=\"col-sm-6\">\n<h3><strong>Technische Daten<\/strong><\/h3>\n<table class=\"table\">\n<tbody>\n<tr>\n<td>Antriebsart<\/td>\n<td>Netzbetrieb<\/td>\n<\/tr>\n<tr>\n<td>Arbeitsbreite B\u00fcrsten (mm)<\/td>\n<td>400<\/td>\n<\/tr>\n<tr>\n<td>Arbeitsbreite Saugen (mm)<\/td>\n<td>400<\/td>\n<\/tr>\n<tr>\n<td>Tank Frisch-\/Schmutzwasser (l)<\/td>\n<td>10 \/ 10<\/td>\n<\/tr>\n<tr>\n<td>Fl\u00e4chenleistung theoretisch (m\u00b2\/h)<\/td>\n<td>400<\/td>\n<\/tr>\n<tr>\n<td>Fl\u00e4chenleistung praktisch (m\u00b2\/h)<\/td>\n<td>300<\/td>\n<\/tr>\n<tr>\n<td>B\u00fcrstendrehzahl (U\/min)<\/td>\n<td>1100<\/td>\n<\/tr>\n<tr>\n<td>B\u00fcrstenanpressdruck (g\/cm\u00b2\/kg)<\/td>\n<td>100 &#8211; 200 \/ 20 &#8211; 30<\/td>\n<\/tr>\n<tr>\n<td>Wasserverbrauch (l\/min)<\/td>\n<td>1<\/td>\n<\/tr>\n<tr>\n<td>Schalldruckpegel (dB(A))<\/td>\n<td>max. 75<\/td>\n<\/tr>\n<tr>\n<td>Stromart (V\/<span class=\"fix-spelling\">Hz<\/span>)<\/td>\n<td>220 &#8211; 240 \/ 50<\/td>\n<\/tr>\n<tr>\n<td>Gewicht ohne Zubeh\u00f6r (kg)<\/td>\n<td>35,5<\/td>\n<\/tr>\n<tr>\n<td>Abmessungen (L \u00d7 B \u00d7 H) (mm)<\/td>\n<td>520 x 470 x 1150<\/td>\n<\/tr>\n<tr>\n<td>Farbe<\/td>\n<td>anthrazit<\/td>\n<\/tr>\n<\/tbody>\n<\/table>\n<p><strong><span style=\"font-size: 12pt; font-family: georgia, palatino, serif;\">Lieferumfang<\/span><\/strong><\/p>\n<ul>\n<li><strong><span style=\"font-family: georgia, palatino, serif; font-size: 12pt;\">Walzenb\u00fcrste<\/span><\/strong><\/li>\n<li><span style=\"font-family: georgia, palatino, serif; font-size: 12pt;\">Transportr\u00e4der<\/span><\/li>\n<li><span style=\"font-family: georgia, palatino, serif; font-size: 12pt;\">2 Saugbalken, gerade<\/span><\/li>\n<\/ul>\n<h3 class=\"mt-4\"><strong><span style=\"font-family: georgia, palatino, serif; font-size: 12pt;\">Ausstattung<\/span><\/strong><\/h3>\n<ul>\n<li><span style=\"font-family: georgia, palatino, serif; font-size: 12pt;\">2-Tank-System<\/span><\/li>\n<li><span style=\"font-family: georgia, palatino, serif; font-size: 12pt;\">Netzbetrieb<\/span><\/li>\n<li><span style=\"font-family: georgia, palatino, serif; font-size: 12pt;\">Variabler Anpressdruck<\/span><\/li>\n<\/ul>\n<h3><\/h3>\n<\/div>\n<\/div>\n<\/div>\n<\/div>\n<\/div>\n<pre id=\"tw-target-text\" class=\"tw-data-text tw-text-large tw-ta\" dir=\"ltr\" data-placeholder=\"Ford\u00edt\u00e1s\" data-ved=\"2ahUKEwjYr__Q8-qJAxX6zAIHHRWGCFAQ3ewLegQIDhAU\" aria-label=\"Leford\u00edtott sz\u00f6veg: Das Ger\u00e4t schrubbt B\u00f6den wie eine Einscheibenmaschine, nimmt Wasser auf wie ein Nasssauger und poliert wie eine Hochgeschwindigkeitsmaschine. Die beiden schnell rotierenden Walzenb\u00fcrsten sorgen f\u00fcr einen hohen Fl\u00e4chendruck, die beiden Sauglippen nehmen Wasser sowohl nach vorne als auch nach hinten auf, sodass der Boden sofort wieder benutzbar ist. Mit ihm l\u00e4sst sich problemlos unter den M\u00f6beln reinigen, f\u00fcr niedrige Gegenst\u00e4nde l\u00e4sst sich der Tank herausnehmen. Ein Pluspunkt an Komfort ist, dass der Schubhebel in beide Richtungen bewegt werden kann.\"><span class=\"Y2IQFc\" lang=\"de\" style=\"font-family: georgia, palatino, serif; font-size: 12pt;\">\u00a0<\/span><\/pre>\n<pre id=\"tw-target-text\" class=\"tw-data-text tw-text-large tw-ta\" dir=\"ltr\" data-placeholder=\"Ford\u00edt\u00e1s\" data-ved=\"2ahUKEwjYr__Q8-qJAxX6zAIHHRWGCFAQ3ewLegQIDhAU\" aria-label=\"Leford\u00edtott sz\u00f6veg: Das Ger\u00e4t schrubbt B\u00f6den wie eine Einscheibenmaschine, nimmt Wasser auf wie ein Nasssauger und poliert wie eine Hochgeschwindigkeitsmaschine. Die beiden schnell rotierenden Walzenb\u00fcrsten sorgen f\u00fcr einen hohen Fl\u00e4chendruck, die beiden Sauglippen nehmen Wasser sowohl nach vorne als auch nach hinten auf, sodass der Boden sofort wieder benutzbar ist. Mit ihm l\u00e4sst sich problemlos unter den M\u00f6beln reinigen, f\u00fcr niedrige Gegenst\u00e4nde l\u00e4sst sich der Tank herausnehmen. Ein Pluspunkt an Komfort ist, dass der Schubhebel in beide Richtungen bewegt werden kann.\"><\/pre>\n","protected":false},"excerpt":{"rendered":"<h2 class=\"tw-data-text tw-text-large tw-ta\" dir=\"ltr\" data-placeholder=\"Ford\u00edt\u00e1s\" data-ved=\"2ahUKEwjYr__Q8-qJAxX6zAIHHRWGCFAQ3ewLegQIDhAU\" aria-label=\"Leford\u00edtott sz\u00f6veg: Wendig, leicht, leise: Der leistungsstarke Lithium-Ionen-Akku des Scheuersaugers BR 35\/12 C l\u00e4sst sich schnell aufladen. Drehbarer B\u00fcrstenkopf, KART- und Zylindertechnologie. Der Akku und das Ladeger\u00e4t geh\u00f6ren zum Standardzubeh\u00f6r.\"><strong><span style=\"color: #ff0000;\">Unsere Verkaufspreise verstehen sich inklusive Inbetriebnahme von unserer fachwerkstatt.<\/span><\/strong><\/h2>\n<p>Die BR 40\/10 C &#8211; die wirtschaftlichste Maschine ihrer Klasse. Die kompakte und kraftvolle Maschine verf\u00fcgt \u00fcber eine Arbeitsbreite von 400 mm und \u00fcber ein Tankvolumen von 10 l. Die Advance Variante verf\u00fcgt \u00fcber zus\u00e4tzliche Transportr\u00e4der und eine B\u00fcrstenanpressdruckverstellung<\/p>\n","protected":false},"featured_media":11576,"comment_status":"open","ping_status":"closed","template":"","meta":[],"product_brand":[303],"product_cat":[249,169],"product_tag":[423,168,170,171],"class_list":{"0":"post-2614","1":"product","2":"type-product","3":"status-publish","4":"has-post-thumbnail","6":"product_brand-kaercher","7":"product_cat-reinigungsgeraete","8":"product_cat-scheuersaugmaschine","9":"product_tag-423","10":"product_tag-kaercher","11":"product_tag-nachlaeufer-scheuersaugmaschine","12":"product_tag-scheuersaugmaschine","14":"first","15":"outofstock","16":"taxable","17":"shipping-taxable","18":"purchasable","19":"product-type-simple"},"_links":{"self":[{"href":"https:\/\/benimarkt.at\/index.php?rest_route=\/wp\/v2\/product\/2614","targetHints":{"allow":["GET"]}}],"collection":[{"href":"https:\/\/benimarkt.at\/index.php?rest_route=\/wp\/v2\/product"}],"about":[{"href":"https:\/\/benimarkt.at\/index.php?rest_route=\/wp\/v2\/types\/product"}],"replies":[{"embeddable":true,"href":"https:\/\/benimarkt.at\/index.php?rest_route=%2Fwp%2Fv2%2Fcomments&post=2614"}],"version-history":[{"count":2,"href":"https:\/\/benimarkt.at\/index.php?rest_route=\/wp\/v2\/product\/2614\/revisions"}],"predecessor-version":[{"id":11581,"href":"https:\/\/benimarkt.at\/index.php?rest_route=\/wp\/v2\/product\/2614\/revisions\/11581"}],"wp:featuredmedia":[{"embeddable":true,"href":"https:\/\/benimarkt.at\/index.php?rest_route=\/wp\/v2\/media\/11576"}],"wp:attachment":[{"href":"https:\/\/benimarkt.at\/index.php?rest_route=%2Fwp%2Fv2%2Fmedia&parent=2614"}],"wp:term":[{"taxonomy":"product_brand","embeddable":true,"href":"https:\/\/benimarkt.at\/index.php?rest_route=%2Fwp%2Fv2%2Fproduct_brand&post=2614"},{"taxonomy":"product_cat","embeddable":true,"href":"https:\/\/benimarkt.at\/index.php?rest_route=%2Fwp%2Fv2%2Fproduct_cat&post=2614"},{"taxonomy":"product_tag","embeddable":true,"href":"https:\/\/benimarkt.at\/index.php?rest_route=%2Fwp%2Fv2%2Fproduct_tag&post=2614"}],"curies":[{"name":"wp","href":"https:\/\/api.w.org\/{rel}","templated":true}]}}