{"id":2575,"date":"2024-11-21T11:53:10","date_gmt":"2024-11-21T10:53:10","guid":{"rendered":"https:\/\/gartenrestposten.de\/?post_type=product&#038;p=2575"},"modified":"2026-03-03T21:34:45","modified_gmt":"2026-03-03T21:34:45","slug":"kaercher-hd-5-15-c-plus","status":"publish","type":"product","link":"https:\/\/benimarkt.at\/?product=kaercher-hd-5-15-c-plus","title":{"rendered":"K\u00e4rcher Hochdruckreiniger HD 5\/15 C Plus"},"content":{"rendered":"<p><strong>Beschreibung:<\/strong><\/p>\n<p>Der kompakte, leichte und vielseitig einsetzbare Kaltwasser-Hochdruckreiniger HD 5\/15 C Plus\u00a0 besticht durch ausgezeichnete Mobilit\u00e4t und eignet sich sowohl f\u00fcr stehenden als auch liegenden Betrieb. Das Ger\u00e4t ist mit einer raffinierten Zubeh\u00f6raufbewahrung ausgestattet und verspricht dank Messing-Zylinderkopf und automatischer Druckentlastung eine hohe Lebensdauer. Gleichzeitig kann es auch mit innovativen Neuentwicklungen \u00fcberzeugen, die den Arbeitskomfort f\u00fcr den Anwender nachhaltig steigern, indem sie erm\u00fcdungsfreies Arbeiten und ein zeitsparendes Auf- und Abr\u00fcsten erm\u00f6glichen. Die <span class=\"fix-spelling\">EASY!Force<\/span>-Hochdruckpistole nutzt die R\u00fccksto\u00dfkraft des Hochdruckstrahls und reduziert so die Haltekraft auf null, w\u00e4hrend die\u00a0<span class=\"fix-spelling\">EASY!Lock<\/span>-Schnellverschl\u00fcsse ein im Vergleich zu herk\u00f6mmlichen Schraubverbindungen 5-mal schnelleres Handling ohne Einbu\u00dfen bei Robustheit und Langlebigkeit erlauben. Ein insgesamt schl\u00fcssiges Ausstattungspaket f\u00fcr hervorragende Reinigungsergebnisse, bei hohem Komfort und langer Lebensdauer.<\/p>\n<p><strong>Merkmale und Vorteile:<\/strong><\/p>\n<ul>\n<li class=\"headlinebottom\">Sparen Kraft und Zeit:\u00a0<span class=\"fix-spelling\">EASY!Force<\/span>-Hochdruckpistole und\u00a0<span class=\"fix-spelling\">EASY!Lock<\/span>-Schnellverschl\u00fcsse<\/li>\n<li>Endlich erm\u00fcdungsfrei arbeiten: die\u00a0<span class=\"fix-spelling\">EASY!Force<\/span>-Hochdruckpistole.\u00a0<span class=\"fix-spelling\">EASY!Lock<\/span>-Schnellverschl\u00fcsse: langlebig und robust. Und 5-mal schneller als geschraubt.<\/li>\n<li class=\"headlinebottom\">Mobilit\u00e4t<\/li>\n<li>Integrierter Tragegriff auf der Ger\u00e4tevorderseite erm\u00f6glicht leichtes Verladen und einen bequemen Transport. Auf Knopfdruck einfahrbarer Schubb\u00fcgel. Kompakte Bauweise.<\/li>\n<\/ul>\n<h6 class=\"headlinebottom\"><strong>Flexibilit\u00e4t<\/strong><\/h6>\n<ul>\n<li>Stehender und liegender Betrieb m\u00f6glich. Bei liegendem Betrieb liegen die R\u00e4der nicht auf. Damit bietet das Ger\u00e4t maximale Stabilit\u00e4t. Separate Park- und Transportposition f\u00fcr die Spritzeinrichtung.<\/li>\n<\/ul>\n<div class=\"col-sm-5\">\n<h6><strong>Qualit\u00e4t<\/strong><\/h6>\n<\/div>\n<div class=\"col-sm-7 col-no-padding\">\n<ul>\n<li>Die automatische Druckentlastung sch\u00fctzt die Komponenten und verl\u00e4ngert die Lebensdauer.<\/li>\n<li>Hochwertiger Messing-Zylinderkopf.<\/li>\n<li>Gro\u00dfer, bequem erreichbarer Wasserfeinfilter zum Schutz der Pumpe vor Schmutzpartikeln im Wasser.<\/li>\n<\/ul>\n<div class=\"col-sm-5\">\n<h6><strong>Zubeh\u00f6raufbewahrung<\/strong><\/h6>\n<\/div>\n<div class=\"col-sm-7 col-no-padding\">\n<ul>\n<li>Verschraubung (M 18 \u00d7 1,5) zur Aufbewahrung eines Fl\u00e4chenreinigers direkt am Ger\u00e4t.<\/li>\n<li>Praktische D\u00fcsenf\u00e4cher f\u00fcr Dreifachd\u00fcse und Rotord\u00fcse.<\/li>\n<li>\n<div class=\"row\">\n<div class=\"col-sm-6\">\n<h3>Technische Daten<\/h3>\n<table class=\"table\">\n<tbody>\n<tr>\n<td>Stromart (Ph\/V\/<span class=\"fix-spelling\">Hz<\/span>)<\/td>\n<td>1 \/ 230 \/ 50<\/td>\n<\/tr>\n<tr>\n<td>F\u00f6rdermenge (l\/h)<\/td>\n<td>500<\/td>\n<\/tr>\n<tr>\n<td>Zulauftemperatur (\u00b0C)<\/td>\n<td>60<\/td>\n<\/tr>\n<tr>\n<td>Arbeitsdruck (bar\/MPa)<\/td>\n<td>150 \/ 15<\/td>\n<\/tr>\n<tr>\n<td>Max. Druck (bar\/MPa)<\/td>\n<td>200 \/ 20<\/td>\n<\/tr>\n<tr>\n<td>Anschlussleistung (kW)<\/td>\n<td>2,8<\/td>\n<\/tr>\n<tr>\n<td>Anschlusskabel (m)<\/td>\n<td>5<\/td>\n<\/tr>\n<tr>\n<td>D\u00fcsengr\u00f6\u00dfe (mm)<\/td>\n<td>32<\/td>\n<\/tr>\n<tr>\n<td>Wasserzulauf<\/td>\n<td>3\/4\u2033<\/td>\n<\/tr>\n<tr>\n<td>Farbe<\/td>\n<td>anthrazit<\/td>\n<\/tr>\n<tr>\n<td>Gewicht (mit Zubeh\u00f6r) (kg)<\/td>\n<td>26,1<\/td>\n<\/tr>\n<tr>\n<td>Gewicht inkl. Verpackung (kg)<\/td>\n<td>28,5<\/td>\n<\/tr>\n<tr>\n<td>Abmessungen (L \u00d7 B \u00d7 H) (mm)<\/td>\n<td>380 x 360 x 930<\/td>\n<\/tr>\n<\/tbody>\n<\/table>\n<p><strong>Lieferumfang<\/strong><\/p>\n<ul>\n<li>Handspritzpistole:\u00a0<span class=\"fix-spelling\">EASY!Force<\/span><\/li>\n<li>HD-Schlauch: 10 m, DN 6, 200 bar<\/li>\n<li>Strahlrohr: 840 mm<\/li>\n<li>Dreifachd\u00fcse (0\u00b0\/25\u00b0\/40\u00b0): manuell<\/li>\n<li>Dreckfr\u00e4ser<\/li>\n<\/ul>\n<h3 class=\"mt-4\">Ausstattung<\/h3>\n<ul>\n<li>Reinigungsmittelfunktion: Ansaugung<\/li>\n<li>DruckabschaltungGummiband zur Fixierung des HD-Schlauch<\/li>\n<\/ul>\n<\/div>\n<\/div>\n<\/li>\n<\/ul>\n<\/div>\n<\/div>\n","protected":false},"excerpt":{"rendered":"<h2 class=\"tw-data-text tw-text-large tw-ta\" dir=\"ltr\" data-placeholder=\"Ford\u00edt\u00e1s\" data-ved=\"2ahUKEwjYr__Q8-qJAxX6zAIHHRWGCFAQ3ewLegQIDhAU\" aria-label=\"Leford\u00edtott sz\u00f6veg: Wendig, leicht, leise: Der leistungsstarke Lithium-Ionen-Akku des Scheuersaugers BR 35\/12 C l\u00e4sst sich schnell aufladen. Drehbarer B\u00fcrstenkopf, KART- und Zylindertechnologie. Der Akku und das Ladeger\u00e4t geh\u00f6ren zum Standardzubeh\u00f6r.\"><strong><span style=\"color: #ff0000;\">Unsere Verkaufspreise verstehen sich inklusive Inbetriebnahme von unserer fachwerkstatt.<\/span><\/strong><\/h2>\n<p>Handlich, mobil, vielseitig: der Kaltwasser-Hochdruckreiniger HD 5\/15 C Plus f\u00fcr stehenden und liegenden Betrieb. Mit Zubeh\u00f6raufbewahrung, Messing-Zylinderkopf und automatischer Druckentlastung.<\/p>\n","protected":false},"featured_media":11592,"comment_status":"open","ping_status":"closed","template":"","meta":[],"product_brand":[303],"product_cat":[172,128,249],"product_tag":[426,167,168],"class_list":{"0":"post-2575","1":"product","2":"type-product","3":"status-publish","4":"has-post-thumbnail","6":"product_brand-kaercher","7":"product_cat-kaltwasser-hochdruckreiniger","8":"product_cat-hochdruckreiniger","9":"product_cat-reinigungsgeraete","10":"product_tag-426","11":"product_tag-hochdruckreiniger","12":"product_tag-kaercher","14":"first","15":"outofstock","16":"taxable","17":"shipping-taxable","18":"purchasable","19":"product-type-simple"},"_links":{"self":[{"href":"https:\/\/benimarkt.at\/index.php?rest_route=\/wp\/v2\/product\/2575","targetHints":{"allow":["GET"]}}],"collection":[{"href":"https:\/\/benimarkt.at\/index.php?rest_route=\/wp\/v2\/product"}],"about":[{"href":"https:\/\/benimarkt.at\/index.php?rest_route=\/wp\/v2\/types\/product"}],"replies":[{"embeddable":true,"href":"https:\/\/benimarkt.at\/index.php?rest_route=%2Fwp%2Fv2%2Fcomments&post=2575"}],"version-history":[{"count":3,"href":"https:\/\/benimarkt.at\/index.php?rest_route=\/wp\/v2\/product\/2575\/revisions"}],"predecessor-version":[{"id":13037,"href":"https:\/\/benimarkt.at\/index.php?rest_route=\/wp\/v2\/product\/2575\/revisions\/13037"}],"wp:featuredmedia":[{"embeddable":true,"href":"https:\/\/benimarkt.at\/index.php?rest_route=\/wp\/v2\/media\/11592"}],"wp:attachment":[{"href":"https:\/\/benimarkt.at\/index.php?rest_route=%2Fwp%2Fv2%2Fmedia&parent=2575"}],"wp:term":[{"taxonomy":"product_brand","embeddable":true,"href":"https:\/\/benimarkt.at\/index.php?rest_route=%2Fwp%2Fv2%2Fproduct_brand&post=2575"},{"taxonomy":"product_cat","embeddable":true,"href":"https:\/\/benimarkt.at\/index.php?rest_route=%2Fwp%2Fv2%2Fproduct_cat&post=2575"},{"taxonomy":"product_tag","embeddable":true,"href":"https:\/\/benimarkt.at\/index.php?rest_route=%2Fwp%2Fv2%2Fproduct_tag&post=2575"}],"curies":[{"name":"wp","href":"https:\/\/api.w.org\/{rel}","templated":true}]}}