{"id":2518,"date":"2024-11-21T11:40:27","date_gmt":"2024-11-21T10:40:27","guid":{"rendered":"https:\/\/gartenrestposten.de\/?post_type=product&#038;p=2518"},"modified":"2026-01-22T08:50:57","modified_gmt":"2026-01-22T08:50:57","slug":"kaercher-hd-6-15-m-plus","status":"publish","type":"product","link":"https:\/\/benimarkt.at\/?product=kaercher-hd-6-15-m-plus","title":{"rendered":"K\u00e4rcher Hochdruckreiniger HD 6\/15 M Plus"},"content":{"rendered":"<p><strong>Beschreibung<\/strong><\/p>\n<p>Unser mobiler und unbeheizter Hochdruckreiniger HD 6\/15 M Plus verf\u00fcgt ab Werk \u00fcber zahlreiche innovative Ausstattungsmerkmale f\u00fcr sicheres und komfortables Arbeiten. Die automatische Druckentlastung beispielsweise sch\u00fctzt Hochdruckkomponenten vor Belastungen im Stand-by-Betrieb, w\u00e4hrend die innovative\u00a0<span class=\"fix-spelling\">EASY!Force<\/span>-Hochdruckpistole die R\u00fccksto\u00dfkraft des Hochdruckstrahls ausnutzt, um die Haltekraft auf null zu reduzieren, und die\u00a0<span class=\"fix-spelling\">EASY!Lock<\/span>-Schnellverschl\u00fcsse ein im Vergleich zu herk\u00f6mmlichen Schraubverbindungen 5-mal schnelleres Handling ohne Einbu\u00dfen bei Robustheit und Langlebigkeit erm\u00f6glichen. Das Ger\u00e4t ist f\u00fcr den stehenden und liegenden Betrieb geeignet und bietet damit viel Flexibilit\u00e4t in der Anwendung. Die robuste 3-Kolben-Axialpumpe mit Messing-Zylinderkopf steigert Reinigungskraft und Energieeffizienz um rund 20 Prozent. Zahlreiche M\u00f6glichkeiten zur Ablage und transportsicheren Aufbewahrung von Zubeh\u00f6ren sowie ein sehr servicefreundlicher Ger\u00e4teaufbau erg\u00e4nzen das durchdachte Konzept des HD 6\/15 M Plus.<\/p>\n<p>&nbsp;<\/p>\n<p><strong>Merkmale und Vorteile<\/strong><\/p>\n<ul>\n<li class=\"headlinebottom\"><strong>Qualitativ hochwertige Ausstattung<\/strong><\/li>\n<\/ul>\n<p>Automatische Druckentlastung zum Schutz der Komponenten verl\u00e4ngert deren Lebensdauer. Leistungsstarker, 2-poliger, luftgek\u00fchlter Elektromotor. Hochwertiger Zylinderkopf aus Messing.<\/p>\n<ul>\n<li class=\"headlinebottom\"><strong>Flexibler Betrieb<\/strong><\/li>\n<\/ul>\n<p>F\u00fcr stehenden und liegenden Betrieb ausgelegt. Maximale Stabilit\u00e4t im liegenden Betrieb, da die R\u00e4der den Boden nicht ber\u00fchren.<\/p>\n<ul>\n<li class=\"headlinebottom\"><strong>Hohe Mobilit\u00e4t<\/strong><\/li>\n<\/ul>\n<p>Auf Knopfdruck einfahrbarer Schubb\u00fcgel steigert die Kompaktheit des Ger\u00e4ts und reduziert den Platzbedarf. M\u00fchelos in Servicefahrzeugen zu verstauen. Integrierte Aufbewahrungsm\u00f6glichkeiten reduzieren die R\u00fcstzeiten.<\/p>\n<div class=\"col-sm-5\">\n<h6><strong>Durchdachte Zubeh\u00f6raufbewahrung<\/strong><\/h6>\n<\/div>\n<div class=\"col-sm-7 col-no-padding\">\n<ul>\n<li>Halterung zur Fixierung der Becher-Schaumlanze.<\/li>\n<li><span class=\"fix-spelling\">EASY!Lock<\/span>\u00a0TR20 erlaubt Aufbewahrung der Powerd\u00fcse oder eines Fl\u00e4chenreinigers direkt am Ger\u00e4t.<\/li>\n<li>Praktisches D\u00fcsenfach zur Unterbringung der Rotord\u00fcse.<\/li>\n<\/ul>\n<div class=\"col-sm-5\">\n<h6><strong>Vorbildliche Servicefreundlichkeit<\/strong><\/h6>\n<\/div>\n<div class=\"col-sm-7 col-no-padding\">\n<ul>\n<li>Einfacher Zugang zum Zylinderkopf \u00fcber ge\u00f6ffnete Ger\u00e4teunterseite.<\/li>\n<li>Schneller Zugang zum Elektrokasten durch einfaches Entfernen der Ger\u00e4tehaube.<\/li>\n<li>Gro\u00dfer, bequem erreichbarer Wasserfeinfilter zum Schutz der Pumpe vor Schmutzpartikeln im Wasser.<\/li>\n<\/ul>\n<div class=\"col-sm-5\">\n<h6><strong>Kraft- und zeitsparende L\u00f6sungen<\/strong><\/h6>\n<\/div>\n<div class=\"col-sm-7 col-no-padding\">\n<ul>\n<li>Erm\u00fcdungsfreie\u00a0<span class=\"fix-spelling\">EASY!Force<\/span>-Hochdruckpistole.<\/li>\n<li><span class=\"fix-spelling\">EASY!Lock<\/span>-Schnellverschl\u00fcsse: langlebig und robust. Und 5-mal schneller als geschraubt.<\/li>\n<\/ul>\n<div class=\"col-sm-5\">\n<h6><strong>Gesteigerte Energieeffizienz<\/strong><\/h6>\n<\/div>\n<div class=\"col-sm-7 col-no-padding\">\n<ul>\n<li>Neu entwickelte 3-Kolben-Axialpumpe mit erheblich reduzierten Str\u00f6mungs- und Druckverlusten.<\/li>\n<li>20-prozentige Steigerung von Reinigungsleistung und Energieeffizienz.<\/li>\n<\/ul>\n<h5 class=\"section-headline\">Spezifikationen<\/h5>\n<div class=\"row\">\n<div class=\"col-sm-6\">\n<h3>Technische Daten<\/h3>\n<table class=\"table\">\n<tbody>\n<tr>\n<td>Stromart (Ph\/V\/<span class=\"fix-spelling\">Hz<\/span>)<\/td>\n<td>1 \/ 230 \/ 50<\/td>\n<\/tr>\n<tr>\n<td>F\u00f6rdermenge (l\/h)<\/td>\n<td>560<\/td>\n<\/tr>\n<tr>\n<td>Zulauftemperatur (\u00b0C)<\/td>\n<td>60<\/td>\n<\/tr>\n<tr>\n<td>Arbeitsdruck (bar\/MPa)<\/td>\n<td>150 \/ 15<\/td>\n<\/tr>\n<tr>\n<td>Max. Druck (bar\/MPa)<\/td>\n<td>225 \/ 22,5<\/td>\n<\/tr>\n<tr>\n<td>Anschlussleistung (kW)<\/td>\n<td>3,1<\/td>\n<\/tr>\n<tr>\n<td>Anschlusskabel (m)<\/td>\n<td>5<\/td>\n<\/tr>\n<tr>\n<td>Wasserzulauf<\/td>\n<td>3\/4\u2033<\/td>\n<\/tr>\n<tr>\n<td>Farbe<\/td>\n<td>anthrazit<\/td>\n<\/tr>\n<tr>\n<td>Gewicht (mit Zubeh\u00f6r) (kg)<\/td>\n<td>30<\/td>\n<\/tr>\n<tr>\n<td>Gewicht inkl. Verpackung (kg)<\/td>\n<td>33,5<\/td>\n<\/tr>\n<tr>\n<td>Abmessungen (L \u00d7 B \u00d7 H) (mm)<\/td>\n<td>400 x 455 x 700<\/td>\n<\/tr>\n<\/tbody>\n<\/table>\n<\/div>\n<div class=\"col-sm-6\">\n<p><strong>Lieferumfang<\/strong><\/p>\n<ul>\n<li>Handspritzpistole:\u00a0<span class=\"fix-spelling\">EASY!Force<\/span><\/li>\n<li>HD-Schlauch: 10 m, Premium-Qualit\u00e4t<\/li>\n<li>Strahlrohr: 840 mm<\/li>\n<li>Powerd\u00fcse<\/li>\n<li>Dreckfr\u00e4ser<\/li>\n<\/ul>\n<h3 class=\"mt-4\">Ausstattung<\/h3>\n<ul>\n<li>Druckabschaltung<\/li>\n<\/ul>\n<h5 class=\"section-headline\">Anwendungsgebiete<\/h5>\n<ul>\n<li>Ideal geeignet f\u00fcr Bauunternehmer, Handwerker, Geb\u00e4udedienstleister und Kommunen<\/li>\n<\/ul>\n<h3><\/h3>\n<\/div>\n<\/div>\n<\/div>\n<\/div>\n<\/div>\n<\/div>\n","protected":false},"excerpt":{"rendered":"<h2 class=\"tw-data-text tw-text-large tw-ta\" dir=\"ltr\" data-placeholder=\"Ford\u00edt\u00e1s\" data-ved=\"2ahUKEwjYr__Q8-qJAxX6zAIHHRWGCFAQ3ewLegQIDhAU\" aria-label=\"Leford\u00edtott sz\u00f6veg: Wendig, leicht, leise: Der leistungsstarke Lithium-Ionen-Akku des Scheuersaugers BR 35\/12 C l\u00e4sst sich schnell aufladen. Drehbarer B\u00fcrstenkopf, KART- und Zylindertechnologie. Der Akku und das Ladeger\u00e4t geh\u00f6ren zum Standardzubeh\u00f6r.\"><strong><span style=\"color: #ff0000;\">Unsere Verkaufspreise verstehen sich inklusive Inbetriebnahme von unserer fachwerkstatt.<\/span><\/strong><\/h2>\n<p>Wechselstrombetriebener, mobiler Hochdruckreiniger HD 6\/15 M Plus mit 3-Kolben-Axialpumpe. Kompaktes, zuverl\u00e4ssiges Ger\u00e4t mit hoher Reinigungsleistung und Energieeffizienz f\u00fcr t\u00e4gliche Eins\u00e4tze.<\/p>\n","protected":false},"featured_media":11610,"comment_status":"open","ping_status":"closed","template":"","meta":[],"product_brand":[303],"product_cat":[172,128],"product_tag":[433,167,173,168],"class_list":{"0":"post-2518","1":"product","2":"type-product","3":"status-publish","4":"has-post-thumbnail","6":"product_brand-kaercher","7":"product_cat-kaltwasser-hochdruckreiniger","8":"product_cat-hochdruckreiniger","9":"product_tag-433","10":"product_tag-hochdruckreiniger","11":"product_tag-kaltwasser-hochdruckreiniger","12":"product_tag-kaercher","14":"first","15":"outofstock","16":"taxable","17":"shipping-taxable","18":"purchasable","19":"product-type-simple"},"_links":{"self":[{"href":"https:\/\/benimarkt.at\/index.php?rest_route=\/wp\/v2\/product\/2518","targetHints":{"allow":["GET"]}}],"collection":[{"href":"https:\/\/benimarkt.at\/index.php?rest_route=\/wp\/v2\/product"}],"about":[{"href":"https:\/\/benimarkt.at\/index.php?rest_route=\/wp\/v2\/types\/product"}],"replies":[{"embeddable":true,"href":"https:\/\/benimarkt.at\/index.php?rest_route=%2Fwp%2Fv2%2Fcomments&post=2518"}],"version-history":[{"count":3,"href":"https:\/\/benimarkt.at\/index.php?rest_route=\/wp\/v2\/product\/2518\/revisions"}],"predecessor-version":[{"id":11614,"href":"https:\/\/benimarkt.at\/index.php?rest_route=\/wp\/v2\/product\/2518\/revisions\/11614"}],"wp:featuredmedia":[{"embeddable":true,"href":"https:\/\/benimarkt.at\/index.php?rest_route=\/wp\/v2\/media\/11610"}],"wp:attachment":[{"href":"https:\/\/benimarkt.at\/index.php?rest_route=%2Fwp%2Fv2%2Fmedia&parent=2518"}],"wp:term":[{"taxonomy":"product_brand","embeddable":true,"href":"https:\/\/benimarkt.at\/index.php?rest_route=%2Fwp%2Fv2%2Fproduct_brand&post=2518"},{"taxonomy":"product_cat","embeddable":true,"href":"https:\/\/benimarkt.at\/index.php?rest_route=%2Fwp%2Fv2%2Fproduct_cat&post=2518"},{"taxonomy":"product_tag","embeddable":true,"href":"https:\/\/benimarkt.at\/index.php?rest_route=%2Fwp%2Fv2%2Fproduct_tag&post=2518"}],"curies":[{"name":"wp","href":"https:\/\/api.w.org\/{rel}","templated":true}]}}