{"id":2356,"date":"2024-11-12T13:33:38","date_gmt":"2024-11-12T12:33:38","guid":{"rendered":"https:\/\/gartenrestposten.de\/?post_type=product&#038;p=2356"},"modified":"2025-08-28T08:19:44","modified_gmt":"2025-08-28T08:19:44","slug":"2356","status":"publish","type":"product","link":"https:\/\/benimarkt.at\/?product=2356","title":{"rendered":"HUAWEI WATCH ULTIMATE &#8211; 48 mm"},"content":{"rendered":"<h3>Schlank und doch robust<\/h3>\n<p>Die amorphe Legierung auf Zirkoniumbasis stellt eine Premiere f\u00fcr eine Smartwatch dar,<sup data-index=\"8\">8<\/sup>\u00a0ist stabiler, verschlei\u00dffester und korrosionsbest\u00e4ndiger, und bietet dir raumfahrttaugliche Langlebigkeit. Sie ist so konzipiert, dass sie selbst in den schwierigsten Umgebungen unter widrigsten Umst\u00e4nden standh\u00e4lt<sup data-index=\"9\">9<\/sup>\u00a0und sich dabei bequem und kompakt tragen l\u00e4sst.<\/p>\n<h3>Behalte den \u00dcberblick ohne ins Schwitzen zu kommen<\/h3>\n<p>Praktische digitale Spielstandsanzeigen geben dir einen \u00dcberblick \u00fcber alle wichtigen Daten nach einer halben Runde oder allen 18 L\u00f6chern, darunter Gesamtschl\u00e4ge, Putts, Strafschl\u00e4ge, Fairway-Trefferrate und Gr\u00fcnanteil. Zudem kannst du die Flugkurve des Balls ganz einfach als dynamisch wiederhergestellte Animation \u00fcber die Huawei Health App teilen.<sup data-index=\"14\">14<\/sup><\/p>\n<h3>Wissen aus der Natur<\/h3>\n<p>Neu zug\u00e4ngliche Offline-H\u00f6henlinienkarten<sup data-index=\"3\">3<\/sup>\u00a0helfen dir dabei, das Terrain zu ermitteln, Routen zu planen und die Ressourcen w\u00e4hrend deines Abenteuers zu planen. Und mit pr\u00e4ziser Positionsbestimmung, Navigation und einem Echtzeit-Kompass auf dem Display deiner Watch war es noch nie so einfach, auf Kurs zu bleiben.<\/p>\n<h3><img fetchpriority=\"high\" decoding=\"async\" class=\" wp-image-2362 alignleft\" src=\"https:\/\/gartenrestposten.de\/wp-content\/uploads\/2024\/11\/huawei-watch-ultimate-offline-contour-maps-2x.png\" alt=\"\" width=\"351\" height=\"379\" \/>Die Wildnis ruft<\/h3>\n<p>Durch Dr\u00fccken der linken Taste wird der Expeditionsmodus gestartet, in dem wichtige Daten wie H\u00f6he, Herzfrequenz und Entfernung auf dem Bildschirm angezeigt werden und somit leicht abrufbar sind. Ein speziell entwickelter Abblendmodus erleichtert das Lesen in schwach beleuchteten Umgebungen, beispielsweise bei einer Nacht am Lagerfeuer oder bei einer Wanderung unter dem Sternenhimmel.<\/p>\n<h3>Bleib auf Kurs<br \/>\nund markiere deinen Weg<\/h3>\n<p>Der brandneue Expeditionsmodus wird von Dual-Band-F\u00fcnfsystem-GNSS<sup data-index=\"15\">15<\/sup>\u00a0unterst\u00fctzt, damit du auf dem richtigen Weg bleibst und es einfach ist, Meilensteine auf deiner Route zu speichern. Wenn es Zeit ist, den R\u00fcckweg anzutreten, hilft dir die Route-Back-Navigation dabei, nicht vom vorgesehenen Pfad abzuweichen.<\/p>\n<p>&nbsp;<\/p>\n<p>&nbsp;<\/p>\n<p>&nbsp;<\/p>\n<p>&nbsp;<\/p>\n<h3 data-index=\"0\">Erweiterter Schutz<\/h3>\n<p><img decoding=\"async\" class=\" wp-image-2363 alignleft\" src=\"https:\/\/gartenrestposten.de\/wp-content\/uploads\/2024\/11\/huawei-watch-ultimate-professional-algorithm-2x.png\" alt=\"\" width=\"345\" height=\"363\" \/>Der bew\u00e4hrte B\u00fchlmann ZHL-16C Dekompressionsalgorithmus<sup data-index=\"17\">17<\/sup>\u00a0\u00fcberwacht kontinuierlich die Tauchdaten und gibt Tipps auf Profi-Niveau, basierend auf deinem k\u00f6rperlichen Zustand und der Umgebung. Dar\u00fcber hinaus sind auch High-Level-Metriken wie CEIL, OT+3 und +OD+5 verf\u00fcgbar, so dass du sorgenfrei in das tiefe blaue Meer eintauchen kannst.<\/p>\n<p>Der bew\u00e4hrte B\u00fchlmann ZHL-16C Dekompressionsalgorithmus<sup data-index=\"17\">17<\/sup>\u00a0\u00fcberwacht kontinuierlich die Tauchdaten und gibt Tipps auf Profi-Niveau, basierend auf deinem k\u00f6rperlichen Zustand und der Umgebung. Dar\u00fcber hinaus sind auch High-Level-Metriken wie CEIL, OT+3 und +OD+5 verf\u00fcgbar, so dass du sorgenfrei in das tiefe blaue Meer eintauchen kannst.<\/p>\n<h3 data-index=\"1\">Zus\u00e4tzlicher Seelenfrieden<\/h3>\n<p>Die Watch bietet mehr als 20 Kategorien von tauchbezogenen Erinnerungen, darunter Aufstiegsgeschwindigkeit, Sicherheitsstopps, Dekompressionsstopps und individuelle Einstellungen. Der eingebaute Summer und der Motor k\u00f6nnen T\u00f6ne und Vibrationen abgeben, damit du unter Wasser sicher bleibst.<\/p>\n<p>&nbsp;<\/p>\n<p>&nbsp;<\/p>\n<p>&nbsp;<\/p>\n<p>&nbsp;<\/p>\n<h3>2 Wochen Akkulaufzeit<\/h3>\n<p><img decoding=\"async\" class=\"wp-image-2364 alignleft\" src=\"https:\/\/gartenrestposten.de\/wp-content\/uploads\/2024\/11\/huawei-watch-ultimate-two-week-battery-life-2x.png\" alt=\"\" width=\"340\" height=\"481\" \/>Die HUAWEI WATCH Ultimate h\u00e4lt bis zu 14 Tage<sup data-index=\"6\">6<\/sup>\u00a0zwischen zwei Aufladungen durch und kann in k\u00fcrzester Zeit kabellos aufgeladen werden &#8211; damit ist sie die perfekte Watch f\u00fcr deine Abenteuer.<\/p>\n<p><strong>Bis zu\u00a0<span style=\"font-size: 24pt;\">8<\/span> Tage &#8211; typische Akkulaufzeit<\/strong><\/p>\n<p><strong>Bis zu <span style=\"font-size: 24pt;\">14<\/span> Tage &#8211;<sup data-index=\"6\">\u00a0<\/sup>max. Akkulaufzeit<\/strong><\/p>\n<p><strong>Bis zu <span style=\"font-size: 24pt;\">4<\/span> Tage &#8211; AOD aktiviert<\/strong><\/p>\n<p class=\"add-text\"><strong>L\u00e4dt bis zur Kapazit\u00e4t in <span style=\"font-size: 24pt;\">60 min<\/span> mit kabellosem Schnellladen<\/strong><\/p>\n<p>&nbsp;<\/p>\n<p>&nbsp;<\/p>\n<p>&nbsp;<\/p>\n<p>&nbsp;<\/p>\n<p>&nbsp;<\/p>\n<p>&nbsp;<\/p>\n<p>&nbsp;<\/p>\n<div>\n<table style=\"border-collapse: collapse; width: 100%;\">\n<tbody>\n<tr>\n<td style=\"width: 16.6667%; text-align: center;\">\n<h3>Watch-Geh\u00e4use<\/h3>\n<p>Amorphe Legierung auf Zirkoniumbasis<\/td>\n<td style=\"width: 16.6667%; text-align: center;\">\n<h3 class=\"title\">Armband<\/h3>\n<div>\n<p>Armband aus Titan\/Gewebe\/hydriertem<br \/>\nNitril Gummi<\/p>\n<\/div>\n<\/td>\n<td style=\"width: 16.6667%; text-align: center;\">\n<h3 class=\"title\">Abmessungen<\/h3>\n<div>\n<p>48,5\u00a0mm\u00d748,5\u00a0mm\u00d713\u00a0mm<\/p>\n<\/div>\n<\/td>\n<td style=\"width: 16.6667%; text-align: center;\">\n<h3 class=\"title\">Gewicht<\/h3>\n<div>\n<p>Ca. 76\u00a0g (ohne Armband)<\/p>\n<\/div>\n<\/td>\n<td style=\"width: 16.6667%; text-align: center;\">\n<h3 class=\"title\">Display<\/h3>\n<div>\n<p>1,5 Zoll LTPO-AMOLED-Farbdisplay<\/p>\n<\/div>\n<\/td>\n<td style=\"width: 16.6667%; text-align: center;\">\n<h3 class=\"title\">Wasserdichtigkeit<\/h3>\n<div>\n<p>10 ATM<br \/>\nScuba-Tauchen\/Freitauchen bis zu 100 Meter<\/p>\n<\/div>\n<\/td>\n<\/tr>\n<tr>\n<td style=\"width: 16.6667%; text-align: center;\">\n<h3 class=\"title\">Akkulaufzeit<\/h3>\n<div>\n<p>Bis zu 14 Tage<\/p>\n<\/div>\n<\/td>\n<td style=\"width: 16.6667%; text-align: center;\">\n<h3 class=\"title\">Golfplatz-Karte<\/h3>\n<div>\n<p>Y (+Erweiterte Funktionen)<\/p>\n<\/div>\n<\/td>\n<td style=\"width: 16.6667%; text-align: center;\">\n<h3 class=\"title\">Routennavigation mit Offline-Karte<\/h3>\n<div>\n<p>J (+ H\u00f6henlinie und Wegpunkt)<\/p>\n<\/div>\n<\/td>\n<td style=\"width: 16.6667%; text-align: center;\">\n<h3 class=\"title\">EKG-Analyse<\/h3>\n<div>\n<p>J<\/p>\n<\/div>\n<\/td>\n<td style=\"width: 16.6667%; text-align: center;\">\n<h3 class=\"title\">Bluetooth-Anruf<\/h3>\n<div>\n<p>J<\/p>\n<\/div>\n<\/td>\n<td style=\"width: 16.6667%; text-align: center;\">\n<h3 class=\"title\">Kompatibel mit iOS und Android<\/h3>\n<div>\n<p>J<\/p>\n<\/div>\n<\/td>\n<\/tr>\n<\/tbody>\n<\/table>\n<\/div>\n","protected":false},"excerpt":{"rendered":"<h3>Alles besser im Blick<\/h3>\n<p>Das 1,5-Zoll-LTPO-AMOLED-Display ist von einem Saphirglas-Ziffernblatt umgeben,<sup data-index=\"11\">11<\/sup>\u00a0so dass das Display auch bei direkter Sonneneinstrahlung oder in schlecht beleuchteten Umgebungen wie beispielsweise unter Wasser gestochen scharf bleibt. Thematisch gestaltete Ziffernbl\u00e4tter liefern dir die wichtigsten Informationen auf einen Blick, damit du jedes Golfspiel und jeden Tauchgang voller Selbstvertrauen absolvieren kannst.<\/p>\n","protected":false},"featured_media":12000,"comment_status":"open","ping_status":"closed","template":"","meta":[],"product_brand":[305],"product_cat":[163,232],"product_tag":[322,323],"class_list":{"0":"post-2356","1":"product","2":"type-product","3":"status-publish","4":"has-post-thumbnail","6":"product_brand-huawei","7":"product_cat-huawei","8":"product_cat-smartwatches","9":"product_tag-huawei","10":"product_tag-smartwatch","12":"first","13":"outofstock","14":"taxable","15":"shipping-taxable","16":"purchasable","17":"product-type-simple"},"_links":{"self":[{"href":"https:\/\/benimarkt.at\/index.php?rest_route=\/wp\/v2\/product\/2356","targetHints":{"allow":["GET"]}}],"collection":[{"href":"https:\/\/benimarkt.at\/index.php?rest_route=\/wp\/v2\/product"}],"about":[{"href":"https:\/\/benimarkt.at\/index.php?rest_route=\/wp\/v2\/types\/product"}],"replies":[{"embeddable":true,"href":"https:\/\/benimarkt.at\/index.php?rest_route=%2Fwp%2Fv2%2Fcomments&post=2356"}],"version-history":[{"count":1,"href":"https:\/\/benimarkt.at\/index.php?rest_route=\/wp\/v2\/product\/2356\/revisions"}],"predecessor-version":[{"id":12001,"href":"https:\/\/benimarkt.at\/index.php?rest_route=\/wp\/v2\/product\/2356\/revisions\/12001"}],"wp:featuredmedia":[{"embeddable":true,"href":"https:\/\/benimarkt.at\/index.php?rest_route=\/wp\/v2\/media\/12000"}],"wp:attachment":[{"href":"https:\/\/benimarkt.at\/index.php?rest_route=%2Fwp%2Fv2%2Fmedia&parent=2356"}],"wp:term":[{"taxonomy":"product_brand","embeddable":true,"href":"https:\/\/benimarkt.at\/index.php?rest_route=%2Fwp%2Fv2%2Fproduct_brand&post=2356"},{"taxonomy":"product_cat","embeddable":true,"href":"https:\/\/benimarkt.at\/index.php?rest_route=%2Fwp%2Fv2%2Fproduct_cat&post=2356"},{"taxonomy":"product_tag","embeddable":true,"href":"https:\/\/benimarkt.at\/index.php?rest_route=%2Fwp%2Fv2%2Fproduct_tag&post=2356"}],"curies":[{"name":"wp","href":"https:\/\/api.w.org\/{rel}","templated":true}]}}