{"id":1763,"date":"2024-09-13T12:28:34","date_gmt":"2024-09-13T10:28:34","guid":{"rendered":"https:\/\/gartenrestposten.de\/?post_type=product&#038;p=1763"},"modified":"2026-01-09T12:57:06","modified_gmt":"2026-01-09T12:57:06","slug":"stiga-benzin-kettensaege-cs-755-18-45cm-23-kw","status":"publish","type":"product","link":"https:\/\/benimarkt.at\/?product=stiga-benzin-kettensaege-cs-755-18-45cm-23-kw","title":{"rendered":"STIGA Benzin-Kettens\u00e4ge CS 755 (18&#8243;) 45cm 2,3 kW"},"content":{"rendered":"<p>TECHNISCHE DATEN:<\/p>\n<p>&nbsp;<\/p>\n<table class=\"table table--standard table-striped \">\n<tbody>\n<tr>\n<th scope=\"row\">Schalldruckpegel<\/th>\n<td>99,6 dB<\/td>\n<\/tr>\n<tr>\n<th scope=\"row\">Schallleistungspegel<\/th>\n<td>115 dB(A)<\/td>\n<\/tr>\n<tr>\n<th scope=\"row\">Breite<\/th>\n<td>275 mm<\/td>\n<\/tr>\n<tr>\n<th scope=\"row\">H\u00f6he<\/th>\n<td>315 mm<\/td>\n<\/tr>\n<tr>\n<th scope=\"row\">L\u00e4nge<\/th>\n<td>831 mm<\/td>\n<\/tr>\n<tr>\n<th scope=\"row\">Hubraum<\/th>\n<td>46,5 cm\u00b3<\/td>\n<\/tr>\n<tr>\n<th scope=\"row\">Tankinhalt S\u00e4geketten\u00f6l<\/th>\n<td>0,47 l<\/td>\n<\/tr>\n<tr>\n<th scope=\"row\">Ausstattung<\/th>\n<td>Anti-Vibrations-Softgriff, Auto-Choke<\/td>\n<\/tr>\n<tr>\n<th scope=\"row\">Kettengeschwindigkeit<\/th>\n<td>23,1 m\/min<\/td>\n<\/tr>\n<tr>\n<th scope=\"row\">Kettenspannung<\/th>\n<td>Seitlich, Mit Werkzeug<\/td>\n<\/tr>\n<tr>\n<th scope=\"row\">Leistung<\/th>\n<td>2 kW<\/td>\n<\/tr>\n<tr>\n<th scope=\"row\">Schwertl\u00e4nge<\/th>\n<td>45 cm<\/td>\n<\/tr>\n<tr>\n<th scope=\"row\">Typ Kette<\/th>\n<td>&#8218;.325&#8243; .058&#8243; (21BPX-72X)<\/td>\n<\/tr>\n<tr>\n<th scope=\"row\">Volumen Ketten\u00f6ltank<\/th>\n<td>260 ml<\/td>\n<\/tr>\n<tr>\n<th scope=\"row\">BAUHAUS Garantie<\/th>\n<td>5 Jahre auf elektro- oder motorbetriebene Ger\u00e4te<\/td>\n<\/tr>\n<tr>\n<th scope=\"row\">Gewicht (Netto)<\/th>\n<td>8,02 kg<\/td>\n<\/tr>\n<\/tbody>\n<\/table>\n","protected":false},"excerpt":{"rendered":"<p>BESCHREIBUNG:<\/p>\n<p>Leicht zu starten, kraftvoll und zuverl\u00e4ssig. Die STIGA Benzin-Kettens\u00e4ge CS 755 18&#8220; ist die perfekte L\u00f6sung f\u00fcr heimische S\u00e4gearbeiten. Egal ob Du sie zum Entasten oder zum Zerkleinern von Holz und St\u00e4mmen verwendest, die CS 755 erledigt die Aufgabe z\u00fcgig und sorgf\u00e4ltig. Das perfekte Zusammenspiel von Leistung und Komfort. Der zuverl\u00e4ssige 2-Takt Motor, verf\u00fcgt \u00fcber 52 cm\u00b3 Hubraum und einer Leistung von 2,3 kW und meistert hiermit auch anspruchsvolle Arbeiten.<\/p>\n<p>Das 45 cm lange Schwert ist mit einer hochwertigen Kette ausgestattet und f\u00fchrt die Kette mit einer Kettengeschwindigkeit von 23 m\/s. Das Magnesium Motorgeh\u00e4use ist robust, leicht und sorgt f\u00fcr einen schnelle K\u00fchlung und l\u00e4ngere Maschinenlebensdauer. Die neue Fertigung der Zylinderkolben tr\u00e4gt dazu bei, dass der Kraftstoffverbrauch gesenkt wurde und die 3-teilige Kurbelwelle liefert mit ihrer charakteristischen Struktur weniger strukturelle Belastung f\u00fcr die Kettens\u00e4ge. Zus\u00e4tzlicher Komfort: Das Schl\u00fcssel- und Schraubendreher-Werkzeug befindet sich unter dem hinteren Griff, somit hast Du es immer zu Hand, wenn Du es brauchst. Die Muttern sind an der Schwertabdeckung gesichert und k\u00f6nnen nicht auf den Boden fallen. Das Antivibrationssystem mit 5 Federn, die als Sto\u00dfd\u00e4mpfer dienen, reduziert die Vibrationen auf ein Minimum und erh\u00f6ht den Komfort. Das Auto-Choke-System erm\u00f6glicht ein schnelles Starten der Maschine, in nur wenigen Z\u00fcgen.<\/p>\n<ul>\n<li>52 cm\u00b3 2-Takt-Motor mit 2,3 kW Leistung<\/li>\n<li>45 cm langes premium Oregon-Schwert und Oregon-Kette<\/li>\n<li>Robustes und leichtes Magnesium Motorgeh\u00e4use<\/li>\n<li>Seitliche Kettenspannung \/ Integriertes Werkzeug<\/li>\n<li>Autochoke und Primer f\u00fcr ein leichten Start in wenigen Z\u00fcgen<\/li>\n<\/ul>\n","protected":false},"featured_media":13348,"comment_status":"open","ping_status":"closed","template":"","meta":[],"product_brand":[300],"product_cat":[134,130],"product_tag":[447,328,312],"class_list":{"0":"post-1763","1":"product","2":"type-product","3":"status-publish","4":"has-post-thumbnail","6":"product_brand-stiga","7":"product_cat-gartenbau","8":"product_cat-motorsaegen","9":"product_tag-447","10":"product_tag-motorsaegen","11":"product_tag-stiga","13":"first","14":"instock","15":"taxable","16":"shipping-taxable","17":"purchasable","18":"product-type-simple"},"_links":{"self":[{"href":"https:\/\/benimarkt.at\/index.php?rest_route=\/wp\/v2\/product\/1763","targetHints":{"allow":["GET"]}}],"collection":[{"href":"https:\/\/benimarkt.at\/index.php?rest_route=\/wp\/v2\/product"}],"about":[{"href":"https:\/\/benimarkt.at\/index.php?rest_route=\/wp\/v2\/types\/product"}],"replies":[{"embeddable":true,"href":"https:\/\/benimarkt.at\/index.php?rest_route=%2Fwp%2Fv2%2Fcomments&post=1763"}],"version-history":[{"count":2,"href":"https:\/\/benimarkt.at\/index.php?rest_route=\/wp\/v2\/product\/1763\/revisions"}],"predecessor-version":[{"id":11688,"href":"https:\/\/benimarkt.at\/index.php?rest_route=\/wp\/v2\/product\/1763\/revisions\/11688"}],"wp:featuredmedia":[{"embeddable":true,"href":"https:\/\/benimarkt.at\/index.php?rest_route=\/wp\/v2\/media\/13348"}],"wp:attachment":[{"href":"https:\/\/benimarkt.at\/index.php?rest_route=%2Fwp%2Fv2%2Fmedia&parent=1763"}],"wp:term":[{"taxonomy":"product_brand","embeddable":true,"href":"https:\/\/benimarkt.at\/index.php?rest_route=%2Fwp%2Fv2%2Fproduct_brand&post=1763"},{"taxonomy":"product_cat","embeddable":true,"href":"https:\/\/benimarkt.at\/index.php?rest_route=%2Fwp%2Fv2%2Fproduct_cat&post=1763"},{"taxonomy":"product_tag","embeddable":true,"href":"https:\/\/benimarkt.at\/index.php?rest_route=%2Fwp%2Fv2%2Fproduct_tag&post=1763"}],"curies":[{"name":"wp","href":"https:\/\/api.w.org\/{rel}","templated":true}]}}