{"id":1759,"date":"2024-09-13T12:23:08","date_gmt":"2024-09-13T10:23:08","guid":{"rendered":"https:\/\/gartenrestposten.de\/?post_type=product&#038;p=1759"},"modified":"2026-01-14T10:00:57","modified_gmt":"2026-01-14T10:00:57","slug":"stiga-sws-800-g-benzin-kehrmaschine","status":"publish","type":"product","link":"https:\/\/benimarkt.at\/?product=stiga-sws-800-g-benzin-kehrmaschine","title":{"rendered":"Stiga SWS 800 G &#8211; Benzin-Kehrmaschine"},"content":{"rendered":"","protected":false},"excerpt":{"rendered":"<div class=\"product attribute overview\">\n<div class=\"value\">Kehrmaschine f\u00fcr den Au\u00dfenbereich mit 80 cm R\u00e4umbreite, Radantrieb und leistungsstarken Motor.<\/div>\n<\/div>\n<div class=\"product attribute selling-points\">\n<ul class=\"list_check\">\n<li>212-cm3 Motor<\/li>\n<li>Antriebstyp: Reibscheibe \u2013 8 G\u00e4nge &#8211; 6 Vorw\u00e4rts-\/2 R\u00fcckw\u00e4rtsg\u00e4nge<\/li>\n<li>R\u00e4umbreite: 80 cm<\/li>\n<li>Nylonb\u00fcrste mit drei verschiedenen Positionen<\/li>\n<\/ul>\n<p>LEISTUNG<br \/>\nPower 4.4 kW<br \/>\nLeistungsquelle Benzin 4-Takt<br \/>\nMotor Marke STIGA<br \/>\nMotormodell SM70<br \/>\nHubraum 212 cm\u00b3<br \/>\nMaximale Motordrehzahl 3600 rpm<br \/>\nTankinhalt 3 l<br \/>\nF\u00fcllmenge Motor\u00f6l 0.6 l<br \/>\nLuftfiltertyp Schaumstofffilter + \u00d6lbad<\/p>\n<p>ABMESSUNGEN<br \/>\nGewicht inkl. Verpackung 80 kg<br \/>\nL\u00e4nge 1440 mm<br \/>\nBreite 800 mm<br \/>\nH\u00f6he 1130 mm<br \/>\nGewicht 70 kg<\/p>\n<p>&nbsp;<\/p>\n<p><strong>Optional bestellbar:<\/strong><\/p>\n<\/div>\n<p>R\u00e4umschild (290802030\/16)<\/p>\n","protected":false},"featured_media":13349,"comment_status":"open","ping_status":"closed","template":"","meta":[],"product_brand":[300],"product_cat":[143,160],"product_tag":[448,329,312],"class_list":{"0":"post-1759","1":"product","2":"type-product","3":"status-publish","4":"has-post-thumbnail","6":"product_brand-stiga","7":"product_cat-bautechnik","8":"product_cat-kehrmaschine","9":"product_tag-448","10":"product_tag-kehrmaschinen","11":"product_tag-stiga","13":"first","14":"outofstock","15":"taxable","16":"shipping-taxable","17":"purchasable","18":"product-type-simple"},"_links":{"self":[{"href":"https:\/\/benimarkt.at\/index.php?rest_route=\/wp\/v2\/product\/1759","targetHints":{"allow":["GET"]}}],"collection":[{"href":"https:\/\/benimarkt.at\/index.php?rest_route=\/wp\/v2\/product"}],"about":[{"href":"https:\/\/benimarkt.at\/index.php?rest_route=\/wp\/v2\/types\/product"}],"replies":[{"embeddable":true,"href":"https:\/\/benimarkt.at\/index.php?rest_route=%2Fwp%2Fv2%2Fcomments&post=1759"}],"version-history":[{"count":1,"href":"https:\/\/benimarkt.at\/index.php?rest_route=\/wp\/v2\/product\/1759\/revisions"}],"predecessor-version":[{"id":11690,"href":"https:\/\/benimarkt.at\/index.php?rest_route=\/wp\/v2\/product\/1759\/revisions\/11690"}],"wp:featuredmedia":[{"embeddable":true,"href":"https:\/\/benimarkt.at\/index.php?rest_route=\/wp\/v2\/media\/13349"}],"wp:attachment":[{"href":"https:\/\/benimarkt.at\/index.php?rest_route=%2Fwp%2Fv2%2Fmedia&parent=1759"}],"wp:term":[{"taxonomy":"product_brand","embeddable":true,"href":"https:\/\/benimarkt.at\/index.php?rest_route=%2Fwp%2Fv2%2Fproduct_brand&post=1759"},{"taxonomy":"product_cat","embeddable":true,"href":"https:\/\/benimarkt.at\/index.php?rest_route=%2Fwp%2Fv2%2Fproduct_cat&post=1759"},{"taxonomy":"product_tag","embeddable":true,"href":"https:\/\/benimarkt.at\/index.php?rest_route=%2Fwp%2Fv2%2Fproduct_tag&post=1759"}],"curies":[{"name":"wp","href":"https:\/\/api.w.org\/{rel}","templated":true}]}}