{"id":1750,"date":"2024-09-13T12:05:21","date_gmt":"2024-09-13T10:05:21","guid":{"rendered":"https:\/\/gartenrestposten.de\/?post_type=product&#038;p=1750"},"modified":"2026-01-14T14:53:18","modified_gmt":"2026-01-14T14:53:18","slug":"stiga-combi-53-s-benzin-rasenmaeher","status":"publish","type":"product","link":"https:\/\/benimarkt.at\/?product=stiga-combi-53-s-benzin-rasenmaeher","title":{"rendered":"Stiga Combi 53 S Benzin-Rasenm\u00e4her"},"content":{"rendered":"<div><strong>Stiga Benzin Rasenm\u00e4her Combi 53 S<\/strong><\/div>\n<div><\/div>\n<div><\/div>\n<div><\/div>\n<div><strong style=\"color: #555555; font-size: 14.4px;\">Technische Daten:<\/strong><\/div>\n<div class=\"product--description\">\n<div class=\"active\" role=\"tab\" data-role=\"collapsible\" data-collapsible=\"true\" aria-selected=\"true\" aria-expanded=\"true\">\n<ul>\n<li>Schnittbreite: 51 cm<\/li>\n<li>Schnitth\u00f6he: 22 &#8211; 80 mm, 6-fach h\u00f6henverstellbar, zentral<\/li>\n<li>max. Fl\u00e4chenleistung: 1800 m\u00b2<\/li>\n<li>3-in-1-Schneidsystem: Auffangen, Mulchen und Heckauswurf<\/li>\n<li>Volumen Fangkorb: 60 Liter mit Fangkorb-Voll-Anzeige<\/li>\n<li>Antrieb: Radantrieb, Heckantrieb<\/li>\n<li>Grasauswurf hinten<\/li>\n<li>Leistung: 2,6 kW<\/li>\n<li>Tankvolumen: 1 l<\/li>\n<li>mit Seilzugstart<\/li>\n<li>Motor: ST 170 OHV Autochoke Powered by STIGA<\/li>\n<li>Hubraum: 166 cm\u00b3<\/li>\n<li>Geschwindigkeit vorw\u00e4rts: 3,7 km\/h,<\/li>\n<li>Ma\u00dfe: 159,5 x 56,5 x 122,5 cm (L x B x H)<\/li>\n<li>ergonomischer Griff mit Schnellspannverschl\u00fcssen, Softgriff<\/li>\n<li>Material: Stahlgeh\u00e4use<\/li>\n<li>Farbe: schwarz, gelb<\/li>\n<li>Gewicht: 33 kg<\/li>\n<li>Profilr\u00e4der mit weicher Lauffl\u00e4che und Kugellager 200\/280 mm, zusammenklappbarer Holm<\/li>\n<li>Lieferumfang: Rasenm\u00e4her, Grassack, Mulcheinsatz und Abstandshalter f\u00fcr Heckklappe<\/li>\n<\/ul>\n<\/div>\n<\/div>\n","protected":false},"excerpt":{"rendered":"<p>Der STIGA Combi 53 S ist ein leistungsstarker selbstfahrender Rasenm\u00e4her mit einer gro\u00dfz\u00fcgigen 51 cm Schnittbreite und einem robusten 60-Liter-Hybrid-Grasfangkorb mit &#8222;Fangkorb-voll&#8220;-Anzeige. Mit seinem stabilen Stahlchassis ist er mit einem zuverl\u00e4ssigen und leistungsstarken 166 cm\u00b3 STIGA-Motor ausgestattet, der eine Nennleistung von 2,60 kW bei 2900 U\/min liefert.<\/p>\n<p>Dieser Rasenm\u00e4her bietet Ihnen die Flexibilit\u00e4t, zwischen drei verschiedenen M\u00e4hmethoden zu w\u00e4hlen: Heckauswurf, Auffangen oder Mulchen. Das Mulchen ist besonders effektiv, da es den Rasen nicht nur m\u00e4ht, sondern auch n\u00e4hrt und pflegt, was zu einem gesunden Rasenwachstum f\u00fchrt.<\/p>\n<p>Die Schnitth\u00f6he kann \u00fcber einen einfachen Hebel in sechs verschiedenen Positionen von 22 bis 65 mm eingestellt werden, um Ihren individuellen Anforderungen gerecht zu werden.<\/p>\n<p>Der STIGA Combi 53 S bietet eine ideale Kombination aus Leistung, Zuverl\u00e4ssigkeit und Vielseitigkeit und ist somit der perfekte Rasenm\u00e4her f\u00fcr alle, die einen gepflegten Rasen mit minimalem Aufwand erreichen m\u00f6chten.<\/p>\n","protected":false},"featured_media":13372,"comment_status":"open","ping_status":"closed","template":"","meta":[],"product_brand":[300],"product_cat":[187,134],"product_tag":[569,155,312],"class_list":{"0":"post-1750","1":"product","2":"type-product","3":"status-publish","4":"has-post-thumbnail","6":"product_brand-stiga","7":"product_cat-benzin-rasenmaeher","8":"product_cat-gartenbau","9":"product_tag-569","10":"product_tag-rasenmaeher","11":"product_tag-stiga","13":"first","14":"outofstock","15":"taxable","16":"shipping-taxable","17":"purchasable","18":"product-type-simple"},"_links":{"self":[{"href":"https:\/\/benimarkt.at\/index.php?rest_route=\/wp\/v2\/product\/1750","targetHints":{"allow":["GET"]}}],"collection":[{"href":"https:\/\/benimarkt.at\/index.php?rest_route=\/wp\/v2\/product"}],"about":[{"href":"https:\/\/benimarkt.at\/index.php?rest_route=\/wp\/v2\/types\/product"}],"replies":[{"embeddable":true,"href":"https:\/\/benimarkt.at\/index.php?rest_route=%2Fwp%2Fv2%2Fcomments&post=1750"}],"version-history":[{"count":1,"href":"https:\/\/benimarkt.at\/index.php?rest_route=\/wp\/v2\/product\/1750\/revisions"}],"predecessor-version":[{"id":11696,"href":"https:\/\/benimarkt.at\/index.php?rest_route=\/wp\/v2\/product\/1750\/revisions\/11696"}],"wp:featuredmedia":[{"embeddable":true,"href":"https:\/\/benimarkt.at\/index.php?rest_route=\/wp\/v2\/media\/13372"}],"wp:attachment":[{"href":"https:\/\/benimarkt.at\/index.php?rest_route=%2Fwp%2Fv2%2Fmedia&parent=1750"}],"wp:term":[{"taxonomy":"product_brand","embeddable":true,"href":"https:\/\/benimarkt.at\/index.php?rest_route=%2Fwp%2Fv2%2Fproduct_brand&post=1750"},{"taxonomy":"product_cat","embeddable":true,"href":"https:\/\/benimarkt.at\/index.php?rest_route=%2Fwp%2Fv2%2Fproduct_cat&post=1750"},{"taxonomy":"product_tag","embeddable":true,"href":"https:\/\/benimarkt.at\/index.php?rest_route=%2Fwp%2Fv2%2Fproduct_tag&post=1750"}],"curies":[{"name":"wp","href":"https:\/\/api.w.org\/{rel}","templated":true}]}}