{"id":1671,"date":"2024-08-16T15:18:06","date_gmt":"2024-08-16T13:18:06","guid":{"rendered":"https:\/\/gartenrestposten.de\/?post_type=product&#038;p=1671"},"modified":"2025-12-08T14:51:56","modified_gmt":"2025-12-08T14:51:56","slug":"stiga-tornado-398-benzin-rasentraktor","status":"publish","type":"product","link":"https:\/\/benimarkt.at\/?product=stiga-tornado-398-benzin-rasentraktor","title":{"rendered":"STIGA Tornado 398 Benzin Rasentraktor"},"content":{"rendered":"<div class=\"tsu-truncate-text__content\">\n<div class=\"product attribute overview\">\n<div class=\"value\">Der Tornado 398 ist ideal zum M\u00e4hen von unebenem Rasen oder gro\u00dfen Fl\u00e4chen von 5000 m2. Ausgestattet mit dem Einzylindermotor ST 450 Powered by STIGA 432 cc f\u00fcr Leistung, Sicherheit und Zuverl\u00e4ssigkeit. Dieses Modell mit Seitenauswurf ist mit einem 98 cm langen M\u00e4hdeck und 2 gefl\u00fcgelten, rotierenden Messern ausgestattet, um die M\u00e4harbeiten zu optimieren.<\/div>\n<div><\/div>\n<\/div>\n<\/div>\n<table class=\"product__tech_data\">\n<tbody>\n<tr>\n<td>Antriebsart:<\/td>\n<td>Benzin<\/td>\n<\/tr>\n<tr>\n<td>Besonderheiten:<\/td>\n<td>Seitenauswurf<\/td>\n<\/tr>\n<tr>\n<td>Leistung (Details):<\/td>\n<td>7.5 kW<\/td>\n<\/tr>\n<tr>\n<td>Motor-Drehzahl:<\/td>\n<td>2800 U\/min<\/td>\n<\/tr>\n<tr>\n<td>Hubraum:<\/td>\n<td>432 cm\u00b3<\/td>\n<\/tr>\n<tr>\n<td>Geeignet f\u00fcr:<\/td>\n<td>4500 m\u00b2<\/td>\n<\/tr>\n<tr>\n<td>Schnittbreite (max.):<\/td>\n<td>98 cm<\/td>\n<\/tr>\n<tr>\n<td>Schnitth\u00f6he:<\/td>\n<td>25 &#8211; 80 mm<\/td>\n<\/tr>\n<tr>\n<td>Schnitth\u00f6henverstellung:<\/td>\n<td>7 x<\/td>\n<\/tr>\n<tr>\n<td>Gewicht:<\/td>\n<td>160 kg<\/td>\n<\/tr>\n<\/tbody>\n<\/table>\n","protected":false},"excerpt":{"rendered":"<h3 class=\"product-description__title\">Beschreibung<\/h3>\n<div class=\"product-description__attribute description\">\n<div class=\"tsu-truncate-text _initialized\">\n<div class=\"tsu-truncate-text__content\">Der Aufsitzm\u00e4her STIGA Tornado 398 ist die perfekte L\u00f6sung f\u00fcr das M\u00e4hen von Gras mit der Seitenauswurf-Funktion oder mit dem optionalen STIGA Multiclip-Mulchsystem. Der M\u00e4her wird von einem STIGA ST 450 Benzinmotor mit einer Nettoleistung von 7,5 kW bei 2800 U\/min angetrieben und verf\u00fcgt \u00fcber ein pedalbetriebenes hydrostatisches Getriebe. Das M\u00e4hdeck mit zwei Messern misst 98 cm und kann in sieben Stufen von 25 bis 80 mm verstellt werden. Anh\u00e4ngerkupplung und Mulchstecker im Lieferumfang enthalten, Batterieladeger\u00e4t optional.<\/div>\n<\/div>\n<\/div>\n<ul class=\"list_check\">\n<li>Zuverl\u00e4ssig, leistungsstark &#8211;\u00a0 ST 450 Powered by STIGA 432 cc Einzylinder-Motors, der f\u00fcr schwere Gartenarbeiten entwickelt wurde.<\/li>\n<li>Erstklassig &#8211; Hervorragende M\u00e4h- und Sammelergebnisse von Europas f\u00fchrendem Hersteller<\/li>\n<li>Effektiver Seitenauswurf &#8211; Dieses System sorgt f\u00fcr eine schnelle und gleichm\u00e4\u00dfige Verteilung des Grases, so dass der M\u00e4hvorgang reibungslos und m\u00fchelos verl\u00e4uft<\/li>\n<li>Sanftes hydrostatisches Getriebe &#8211;\u00a0 Nahtlosen und fl\u00fcssigen Antrieb mit dem hydrostatischen Getriebe und dem 98 cm M\u00e4hdeck<\/li>\n<li>Sichere und einfache Bedienung &#8211; mit dem Hebel kann man die Schnitth\u00f6hen einstellen, die Beleuchtung und die Maschine stufenlos einschalten und mit der Taste den R\u00fcckw\u00e4rtsgang einlegen.<\/li>\n<\/ul>\n","protected":false},"featured_media":13404,"comment_status":"open","ping_status":"closed","template":"","meta":[],"product_brand":[300],"product_cat":[134,135],"product_tag":[210,312],"class_list":{"0":"post-1671","1":"product","2":"type-product","3":"status-publish","4":"has-post-thumbnail","6":"product_brand-stiga","7":"product_cat-gartenbau","8":"product_cat-rasenmaehertraktor","9":"product_tag-rasentraktor","10":"product_tag-stiga","12":"first","13":"outofstock","14":"taxable","15":"shipping-taxable","16":"purchasable","17":"product-type-simple"},"_links":{"self":[{"href":"https:\/\/benimarkt.at\/index.php?rest_route=\/wp\/v2\/product\/1671","targetHints":{"allow":["GET"]}}],"collection":[{"href":"https:\/\/benimarkt.at\/index.php?rest_route=\/wp\/v2\/product"}],"about":[{"href":"https:\/\/benimarkt.at\/index.php?rest_route=\/wp\/v2\/types\/product"}],"replies":[{"embeddable":true,"href":"https:\/\/benimarkt.at\/index.php?rest_route=%2Fwp%2Fv2%2Fcomments&post=1671"}],"version-history":[{"count":1,"href":"https:\/\/benimarkt.at\/index.php?rest_route=\/wp\/v2\/product\/1671\/revisions"}],"predecessor-version":[{"id":12007,"href":"https:\/\/benimarkt.at\/index.php?rest_route=\/wp\/v2\/product\/1671\/revisions\/12007"}],"wp:featuredmedia":[{"embeddable":true,"href":"https:\/\/benimarkt.at\/index.php?rest_route=\/wp\/v2\/media\/13404"}],"wp:attachment":[{"href":"https:\/\/benimarkt.at\/index.php?rest_route=%2Fwp%2Fv2%2Fmedia&parent=1671"}],"wp:term":[{"taxonomy":"product_brand","embeddable":true,"href":"https:\/\/benimarkt.at\/index.php?rest_route=%2Fwp%2Fv2%2Fproduct_brand&post=1671"},{"taxonomy":"product_cat","embeddable":true,"href":"https:\/\/benimarkt.at\/index.php?rest_route=%2Fwp%2Fv2%2Fproduct_cat&post=1671"},{"taxonomy":"product_tag","embeddable":true,"href":"https:\/\/benimarkt.at\/index.php?rest_route=%2Fwp%2Fv2%2Fproduct_tag&post=1671"}],"curies":[{"name":"wp","href":"https:\/\/api.w.org\/{rel}","templated":true}]}}