{"id":1645,"date":"2024-08-08T12:47:03","date_gmt":"2024-08-08T10:47:03","guid":{"rendered":"https:\/\/gartenrestposten.de\/?post_type=product&#038;p=1645"},"modified":"2026-01-06T14:34:19","modified_gmt":"2026-01-06T14:34:19","slug":"ego-ps1003e-teleskop-hochentaster-kit","status":"publish","type":"product","link":"https:\/\/benimarkt.at\/?product=ego-ps1003e-teleskop-hochentaster-kit","title":{"rendered":"EGO PS1003E TELESKOP-HOCHENTASTER (KIT: 4Ah akku + CH2100E)"},"content":{"rendered":"<h4 class=\"single-product-specification__title\">PRODUKTSPEZIFIKATION<\/h4>\n<div id=\"single-product-specification-table-wrapper\" class=\"single-product-specification__table-wrapper\">\n<table class=\"product-accordion__specification-table\">\n<tbody>\n<tr>\n<th class=\"product-accordion__specification-row-heading\">Spannung (V)<\/th>\n<td class=\"product-accordion__specification-row-value\">56<\/td>\n<\/tr>\n<tr>\n<th class=\"product-accordion__specification-row-heading\">Sprocket<\/th>\n<td class=\"product-accordion__specification-row-value\">8<\/td>\n<\/tr>\n<tr>\n<th class=\"product-accordion__specification-row-heading\">IP-Klasse<\/th>\n<td class=\"product-accordion__specification-row-value\">IPX4<\/td>\n<\/tr>\n<tr>\n<th class=\"product-accordion__specification-row-heading\">&amp;#214;lzufuhrtyp<\/th>\n<td class=\"product-accordion__specification-row-value\">Auto<\/td>\n<\/tr>\n<tr>\n<th class=\"product-accordion__specification-row-heading\">LED<\/th>\n<td class=\"product-accordion__specification-row-value\">Ja<\/td>\n<\/tr>\n<tr>\n<th class=\"product-accordion__specification-row-heading\">Variable Geschwindigkeitsregelung<\/th>\n<td class=\"product-accordion__specification-row-value\">Ja<\/td>\n<\/tr>\n<tr>\n<th class=\"product-accordion__specification-row-heading\">&amp;#214;lbeh&amp;#228;lter-Kapazit&amp;#228;t (ml)<\/th>\n<td class=\"product-accordion__specification-row-value\">80<\/td>\n<\/tr>\n<\/tbody>\n<\/table>\n<p><strong>Mit 1x4Ah Akku + 1x CH2100E Ladeger\u00e4t<\/strong><\/p>\n<\/div>\n","protected":false},"excerpt":{"rendered":"<p>Mit dem EGO Hochentaster geh\u00f6ren Leitern und schwierige Baumpflegearbeiten der Vergangenheit an. Mit einem 25 cm langen Schwert und einer Kettengeschwindigkeit von bis zu 20 m\/s, s\u00e4gt der EGO Hochentaster hohe \u00c4ste mit Leichtigkeit. Der S\u00e4gekopf und der Schaft sind \u00fcber einen Kupplungsmechanismus mit der Antriebseinheit verbunden, so dass der Hochentaster auch kompakt verstaut werden kann. Die Teleskopfunktion mit bis zu 4 m L\u00e4nge erreicht jeden noch so nahen oder entfernten Ast. Der leichte und extrem robuste Carbon-Schaft und die LED-Pr\u00e4szisionsleuchte erleichtern die Werkzeugf\u00fchrung und sorgen f\u00fcr exakte Schnitte.<\/p>\n","protected":false},"featured_media":13525,"comment_status":"open","ping_status":"closed","template":"","meta":[],"product_brand":[297],"product_cat":[134,158],"product_tag":[573,152,331],"class_list":{"0":"post-1645","1":"product","2":"type-product","3":"status-publish","4":"has-post-thumbnail","6":"product_brand-ego","7":"product_cat-gartenbau","8":"product_cat-hochentaster","9":"product_tag-573","10":"product_tag-ego","11":"product_tag-hochentaster","13":"first","14":"instock","15":"taxable","16":"shipping-taxable","17":"purchasable","18":"product-type-simple"},"_links":{"self":[{"href":"https:\/\/benimarkt.at\/index.php?rest_route=\/wp\/v2\/product\/1645","targetHints":{"allow":["GET"]}}],"collection":[{"href":"https:\/\/benimarkt.at\/index.php?rest_route=\/wp\/v2\/product"}],"about":[{"href":"https:\/\/benimarkt.at\/index.php?rest_route=\/wp\/v2\/types\/product"}],"replies":[{"embeddable":true,"href":"https:\/\/benimarkt.at\/index.php?rest_route=%2Fwp%2Fv2%2Fcomments&post=1645"}],"version-history":[{"count":5,"href":"https:\/\/benimarkt.at\/index.php?rest_route=\/wp\/v2\/product\/1645\/revisions"}],"predecessor-version":[{"id":13528,"href":"https:\/\/benimarkt.at\/index.php?rest_route=\/wp\/v2\/product\/1645\/revisions\/13528"}],"wp:featuredmedia":[{"embeddable":true,"href":"https:\/\/benimarkt.at\/index.php?rest_route=\/wp\/v2\/media\/13525"}],"wp:attachment":[{"href":"https:\/\/benimarkt.at\/index.php?rest_route=%2Fwp%2Fv2%2Fmedia&parent=1645"}],"wp:term":[{"taxonomy":"product_brand","embeddable":true,"href":"https:\/\/benimarkt.at\/index.php?rest_route=%2Fwp%2Fv2%2Fproduct_brand&post=1645"},{"taxonomy":"product_cat","embeddable":true,"href":"https:\/\/benimarkt.at\/index.php?rest_route=%2Fwp%2Fv2%2Fproduct_cat&post=1645"},{"taxonomy":"product_tag","embeddable":true,"href":"https:\/\/benimarkt.at\/index.php?rest_route=%2Fwp%2Fv2%2Fproduct_tag&post=1645"}],"curies":[{"name":"wp","href":"https:\/\/api.w.org\/{rel}","templated":true}]}}