{"id":1532,"date":"2024-06-14T16:11:40","date_gmt":"2024-06-14T14:11:40","guid":{"rendered":"https:\/\/gartenrestposten.de\/?post_type=product&#038;p=1532"},"modified":"2026-01-09T13:19:31","modified_gmt":"2026-01-09T13:19:31","slug":"stiga-bc-545-b-benzin-motorsense","status":"publish","type":"product","link":"https:\/\/benimarkt.at\/?product=stiga-bc-545-b-benzin-motorsense","title":{"rendered":"Stiga BC 545 B &#8211; Benzin-Motorsense"},"content":{"rendered":"<ul>\n<li>42,7 cm\u00b3 2-Takt Motor mit 1,25 kW (1,7 PS)<\/li>\n<li>Arbeitsbreite Doppelfadenspule: 45 cm<\/li>\n<li>Arbeitsbreite 3T-Messer: 25,5 cm<\/li>\n<li>Tap&amp;Go Doppelfadenspule, Fadenverl\u00e4ngerung durch auftippen<\/li>\n<li>Bikehandle-Griff und Luxus Doppel-Tragegurt<\/li>\n<\/ul>\n","protected":false},"excerpt":{"rendered":"<div><span class=\"text text-xs\">Beschreibung:\u00a0<\/span><\/div>\n<div><\/div>\n<div>Die STIGA Benzin-Motorsense BC 545 B ist ein Universalhelfer und bietet perfekte Leistung in jeder Lage. Ob Du nun deine Grasfl\u00e4chen m\u00e4hen m\u00f6chtest oder einen akkuraten Schnitt f\u00fcr deine Rasenkanten anstrebst, das Nylonfaden-Schnittsystem wird diese Aufgaben souver\u00e4n erledigen. Hierbei verf\u00fcgt die BC 545 B \u00fcber eine Schnittbreite von 45 cm mit einem 2,8 mm starken Nylonfaden, der durch einfaches auftippen der Tap &amp; Go Doppelfadenspule verl\u00e4ngert wird. F\u00fcr schwierige Aufgaben, wie das Entfernen von Unkraut oder der R\u00fcckschnitt von Gestr\u00fcpp und Str\u00e4uchern, bietet die Motorsense mit ihrem 3T-Messer die passende L\u00f6sung. Hier steht Dir mit dem drei klingen Messer eine Schnittbreite von 25,5 cm zur Verf\u00fcgung. Die STIGA BC 545 B \u00fcberzeugt mit einem kraftvollen und zuverl\u00e4ssigen 2-Takt Benzinmotor, mit einem Hubraum von 42,7 cm\u00b3 und einer Leistung von 1,25 kW \/ 1,7 PS. F\u00fcr ein angenehmes und erm\u00fcdungsfreies Arbeiten sorgen ein Bikehandle-Griff und ein Luxus Doppel-Tragegurt. Das doppelte Schultergurtsystem besteht aus widerstandsf\u00e4higem Material, das mit seiner praktischen Polsterung und der R\u00fcckenplatte f\u00fcr eine hohen Tragekomfort sorgt. Doppelfadenkopf, 3-T-Messer und Luxus-Tragegurt sind im Lieferumfang enthalten.<\/div>\n","protected":false},"featured_media":13442,"comment_status":"open","ping_status":"closed","template":"","meta":[],"product_brand":[300],"product_cat":[134,136],"product_tag":[454,333,312],"class_list":{"0":"post-1532","1":"product","2":"type-product","3":"status-publish","4":"has-post-thumbnail","6":"product_brand-stiga","7":"product_cat-gartenbau","8":"product_cat-motorsensen","9":"product_tag-454","10":"product_tag-motorsense","11":"product_tag-stiga","13":"first","14":"instock","15":"taxable","16":"shipping-taxable","17":"purchasable","18":"product-type-simple"},"_links":{"self":[{"href":"https:\/\/benimarkt.at\/index.php?rest_route=\/wp\/v2\/product\/1532","targetHints":{"allow":["GET"]}}],"collection":[{"href":"https:\/\/benimarkt.at\/index.php?rest_route=\/wp\/v2\/product"}],"about":[{"href":"https:\/\/benimarkt.at\/index.php?rest_route=\/wp\/v2\/types\/product"}],"replies":[{"embeddable":true,"href":"https:\/\/benimarkt.at\/index.php?rest_route=%2Fwp%2Fv2%2Fcomments&post=1532"}],"version-history":[{"count":1,"href":"https:\/\/benimarkt.at\/index.php?rest_route=\/wp\/v2\/product\/1532\/revisions"}],"predecessor-version":[{"id":11739,"href":"https:\/\/benimarkt.at\/index.php?rest_route=\/wp\/v2\/product\/1532\/revisions\/11739"}],"wp:featuredmedia":[{"embeddable":true,"href":"https:\/\/benimarkt.at\/index.php?rest_route=\/wp\/v2\/media\/13442"}],"wp:attachment":[{"href":"https:\/\/benimarkt.at\/index.php?rest_route=%2Fwp%2Fv2%2Fmedia&parent=1532"}],"wp:term":[{"taxonomy":"product_brand","embeddable":true,"href":"https:\/\/benimarkt.at\/index.php?rest_route=%2Fwp%2Fv2%2Fproduct_brand&post=1532"},{"taxonomy":"product_cat","embeddable":true,"href":"https:\/\/benimarkt.at\/index.php?rest_route=%2Fwp%2Fv2%2Fproduct_cat&post=1532"},{"taxonomy":"product_tag","embeddable":true,"href":"https:\/\/benimarkt.at\/index.php?rest_route=%2Fwp%2Fv2%2Fproduct_tag&post=1532"}],"curies":[{"name":"wp","href":"https:\/\/api.w.org\/{rel}","templated":true}]}}