{"id":13852,"date":"2025-12-16T10:57:09","date_gmt":"2025-12-16T10:57:09","guid":{"rendered":"https:\/\/benimarkt.at\/?post_type=product&#038;p=13852"},"modified":"2025-12-16T11:14:49","modified_gmt":"2025-12-16T11:14:49","slug":"ego-spruehgeraet-bsp3500e-15-liter-tank","status":"publish","type":"product","link":"https:\/\/benimarkt.at\/?product=ego-spruehgeraet-bsp3500e-15-liter-tank","title":{"rendered":"EGO SPR\u00dcHGER\u00c4T BSP3500E 24Bar\/15Liter-Tank"},"content":{"rendered":"<h2 class=\"single-product-specification__title\">PRODUKTSPEZIFIKATION<\/h2>\n<table class=\"product-accordion__specification-table\">\n<tbody>\n<tr>\n<th class=\"product-accordion__specification-row-heading\">Spannung (V)<\/th>\n<td class=\"product-accordion__specification-row-value\">56<\/td>\n<\/tr>\n<tr>\n<th class=\"product-accordion__specification-row-heading\">L\u00e4nge Der Lanze (mm)<\/th>\n<td class=\"product-accordion__specification-row-value\">500<\/td>\n<\/tr>\n<tr>\n<th class=\"product-accordion__specification-row-heading\">Werkzeugl\u00e4nge (mm)<\/th>\n<td class=\"product-accordion__specification-row-value\">405.6<\/td>\n<\/tr>\n<tr>\n<th class=\"product-accordion__specification-row-heading\">Werkzeugbreite (mm)<\/th>\n<td class=\"product-accordion__specification-row-value\">302<\/td>\n<\/tr>\n<tr>\n<th class=\"product-accordion__specification-row-heading\">Werkzeugh\u00f6he (mm)<\/th>\n<td class=\"product-accordion__specification-row-value\">600<\/td>\n<\/tr>\n<\/tbody>\n<\/table>\n<p>(Ohne Akku und Ladeger\u00e4t)<\/p>\n","protected":false},"excerpt":{"rendered":"<p>Das EGO BSP3500E R\u00fcckenspr\u00fchger\u00e4t ist Ihre professionelle L\u00f6sung f\u00fcr pr\u00e4zises Spr\u00fchen. Mit der integrierten, variablen Durchflussregelung von bis zu 24 Bar und den 4 mitgelieferten D\u00fcsen kann es eine Vielzahl von Anwendungen effizient bew\u00e4ltigen. Das Geschirr wurde f\u00fcr eine lange Nutzungsdauer entwickelt, w\u00e4hrend das Edelstahlrohr und das Doppelfiltersystem f\u00fcr Langlebigkeit und verstopfungsfreie Leistung sorgen.<\/p>\n<p>Meistern Sie das Spr\u00fchen im Garten mit dem EGO R\u00fcckenspr\u00fchger\u00e4t BSP3500E. Der variable Durchflussregler bietet einen Druck von bis zu 24 bar f\u00fcr verschiedene Anwendungen und erm\u00f6glicht optimale Ergebnisse. Der Lanzengriff regelt die Spr\u00fchsteuerung und sorgt f\u00fcr eine effiziente Verteilung und ist dank der Einrastfunktion auch bei l\u00e4ngeren Arbeitseins\u00e4tzen angenehm zu bedienen.<\/p>\n<p>Der BSP3500E verf\u00fcgt \u00fcber ein langlebiges Edelstahl-Spr\u00fchrohr, ein Filtersystem, das Verstopfungen minimiert, und einen durchsichtigen 15-Liter-Tank zur einfachen Kontrolle. Die Akkuabdeckung sch\u00fctzt diesen vor Fl\u00fcssigkeiten und der strapazierf\u00e4hige Gummischlauch garantiert eine lang anhaltende Performance.<\/p>\n<p>Dieser Hochdruckspr\u00fcher wird von einem b\u00fcrstenlosen Motor und einer Dreikolbenpumpe angetrieben und verf\u00fcgt \u00fcber verstellbare Nebel-, F\u00e4cher-, Regen- und Schaumd\u00fcsen, die einen gleichm\u00e4\u00dfigen Strahl f\u00fcr eine Vielzahl von Aufgaben liefern. Erleben Sie un\u00fcbertroffene Effizienz und Komfort mit dem EGO BSP3500E Spr\u00fchger\u00e4t, dem idealen Werkzeug f\u00fcr professionelle Ergebnisse!<\/p>\n","protected":false},"featured_media":13854,"comment_status":"open","ping_status":"closed","template":"","meta":[],"product_brand":[297],"product_cat":[134,535],"product_tag":[537,153,536],"class_list":{"0":"post-13852","1":"product","2":"type-product","3":"status-publish","4":"has-post-thumbnail","6":"product_brand-ego","7":"product_cat-gartenbau","8":"product_cat-spruhgerat","9":"product_tag-537","10":"product_tag-ego-power-tools","11":"product_tag-spruehgeraet","13":"first","14":"instock","15":"taxable","16":"shipping-taxable","17":"purchasable","18":"product-type-simple"},"_links":{"self":[{"href":"https:\/\/benimarkt.at\/index.php?rest_route=\/wp\/v2\/product\/13852","targetHints":{"allow":["GET"]}}],"collection":[{"href":"https:\/\/benimarkt.at\/index.php?rest_route=\/wp\/v2\/product"}],"about":[{"href":"https:\/\/benimarkt.at\/index.php?rest_route=\/wp\/v2\/types\/product"}],"replies":[{"embeddable":true,"href":"https:\/\/benimarkt.at\/index.php?rest_route=%2Fwp%2Fv2%2Fcomments&post=13852"}],"version-history":[{"count":3,"href":"https:\/\/benimarkt.at\/index.php?rest_route=\/wp\/v2\/product\/13852\/revisions"}],"predecessor-version":[{"id":13868,"href":"https:\/\/benimarkt.at\/index.php?rest_route=\/wp\/v2\/product\/13852\/revisions\/13868"}],"wp:featuredmedia":[{"embeddable":true,"href":"https:\/\/benimarkt.at\/index.php?rest_route=\/wp\/v2\/media\/13854"}],"wp:attachment":[{"href":"https:\/\/benimarkt.at\/index.php?rest_route=%2Fwp%2Fv2%2Fmedia&parent=13852"}],"wp:term":[{"taxonomy":"product_brand","embeddable":true,"href":"https:\/\/benimarkt.at\/index.php?rest_route=%2Fwp%2Fv2%2Fproduct_brand&post=13852"},{"taxonomy":"product_cat","embeddable":true,"href":"https:\/\/benimarkt.at\/index.php?rest_route=%2Fwp%2Fv2%2Fproduct_cat&post=13852"},{"taxonomy":"product_tag","embeddable":true,"href":"https:\/\/benimarkt.at\/index.php?rest_route=%2Fwp%2Fv2%2Fproduct_tag&post=13852"}],"curies":[{"name":"wp","href":"https:\/\/api.w.org\/{rel}","templated":true}]}}