{"id":13800,"date":"2025-12-15T12:46:41","date_gmt":"2025-12-15T12:46:41","guid":{"rendered":"https:\/\/benimarkt.at\/?post_type=product&#038;p=13800"},"modified":"2026-03-06T12:49:04","modified_gmt":"2026-03-06T12:49:04","slug":"honda-hss-970a-wd-schneefraese-elektrostart-honda-gx-270-motor","status":"publish","type":"product","link":"https:\/\/benimarkt.at\/?product=honda-hss-970a-wd-schneefraese-elektrostart-honda-gx-270-motor","title":{"rendered":"HONDA HSS 970A WD Schneefr\u00e4se &#8211; Elektrostart Honda GX 270 motor"},"content":{"rendered":"<div class=\"content\">\n<div class=\"description\">\n<div class=\"description\">\n<div class=\"description\">\n<div class=\"description\">\n<div class=\"titleArea\"><\/div>\n<\/div>\n<\/div>\n<\/div>\n<\/div>\n<div class=\"description\"><\/div>\n<ul>\n<li class=\"opened\"><a><span class=\"title\">Motor<\/span><\/a>\n<div class=\"content\">\n<table style=\"width: 22.7744%; height: 250px;\">\n<tbody>\n<tr style=\"height: 50px;\">\n<td class=\"title\" style=\"height: 50px;\">Geschwindigkeit (km\/h)<\/td>\n<td class=\"result\" style=\"height: 50px;\">0-5,04<\/td>\n<\/tr>\n<tr style=\"height: 25px;\">\n<td class=\"title\" style=\"height: 25px;\">Motor<\/td>\n<td class=\"result\" style=\"height: 25px;\">Honda GX 270<\/td>\n<\/tr>\n<tr style=\"height: 25px;\">\n<td class=\"title\" style=\"height: 25px;\">Nennleistung (kW\/rpm)<\/td>\n<td class=\"result\" style=\"height: 25px;\">6,3\/3.600<\/td>\n<\/tr>\n<tr style=\"height: 25px;\">\n<td class=\"title\" style=\"height: 25px;\">Tankvolumen (l)<\/td>\n<td class=\"result\" style=\"height: 25px;\">5,0<\/td>\n<\/tr>\n<tr style=\"height: 25px;\">\n<td class=\"title\" style=\"height: 25px;\">Betriebsdauer (Std.)<\/td>\n<td class=\"result\" style=\"height: 25px;\">2,2<\/td>\n<\/tr>\n<tr style=\"height: 25px;\">\n<td class=\"title\" style=\"height: 25px;\">Schallpegel (dB(A))<\/td>\n<td class=\"result\" style=\"height: 25px;\">102<\/td>\n<\/tr>\n<tr style=\"height: 50px;\">\n<td class=\"title\" style=\"height: 50px;\">Startsystem<\/td>\n<td class=\"result\" style=\"height: 50px;\">Super-Leichtstart<\/td>\n<\/tr>\n<tr style=\"height: 25px;\">\n<td class=\"title\" style=\"height: 25px;\">Arbeitsstufen<\/td>\n<td class=\"result\" style=\"height: 25px;\">Zwei<\/td>\n<\/tr>\n<\/tbody>\n<\/table>\n<p>&nbsp;<\/p>\n<\/div>\n<\/li>\n<li class=\"opened\"><a><span class=\"title\">Funktion<\/span><\/a>\n<div class=\"content\">\n<table>\n<tbody>\n<tr>\n<td class=\"title\">R\u00e4umbreite (cm)<\/td>\n<td class=\"result\">71<\/td>\n<\/tr>\n<tr>\n<td class=\"title\">R\u00e4umh\u00f6he (cm)<\/td>\n<td class=\"result\">55<\/td>\n<\/tr>\n<tr>\n<td class=\"title\">R\u00e4umleistung (t\/Std.)<\/td>\n<td class=\"result\">52<\/td>\n<\/tr>\n<tr>\n<td class=\"title\">Auswurfweite (m)<\/td>\n<td class=\"result\">16<\/td>\n<\/tr>\n<tr>\n<td class=\"title\">Auswurfkamineinstellung<\/td>\n<td class=\"result\">2-stufig elektrisch<\/td>\n<\/tr>\n<tr>\n<td class=\"title\">Antrieb<\/td>\n<td class=\"result\">Stufenlos (Hydrostat)<\/td>\n<\/tr>\n<tr>\n<td class=\"title\">Fahrwerk<\/td>\n<td class=\"result\">Rad 14 x 4.6-6<\/td>\n<\/tr>\n<tr>\n<td class=\"title\">Tankanzeige<\/td>\n<td class=\"result\">ja<\/td>\n<\/tr>\n<tr>\n<td class=\"title\">Besonderheiten<\/td>\n<td class=\"result\">Scheinwerfer, 2 doppelseitig nutzbare Gleitkufen<\/td>\n<\/tr>\n<\/tbody>\n<\/table>\n<p>&nbsp;<\/p>\n<\/div>\n<\/li>\n<li class=\"opened\"><a><span class=\"title\">Abmessungen<\/span><\/a>\n<div class=\"content\">\n<table>\n<tbody>\n<tr>\n<td class=\"title\">Ma\u00dfe (L) (cm)<\/td>\n<td class=\"result\">148,5<\/td>\n<\/tr>\n<tr>\n<td class=\"title\">Ma\u00dfe (B) (cm)<\/td>\n<td class=\"result\">77,5<\/td>\n<\/tr>\n<tr>\n<td class=\"title\">Ma\u00dfe (H) (cm)<\/td>\n<td class=\"result\">110,5<\/td>\n<\/tr>\n<tr>\n<td class=\"title\">Gewicht (kg)<\/td>\n<td class=\"result\">110<\/td>\n<\/tr>\n<\/tbody>\n<\/table>\n<\/div>\n<\/li>\n<\/ul>\n<\/div>\n","protected":false},"excerpt":{"rendered":"<h3>Honda Schneefr\u00e4se HSS 970A WD 71 cm ElektroStart, Hydrostat-Antrieb<\/h3>\n<ul>\n<li>Dies ist unser neuestes Sortiment an innovativen und technologisch fortschrittlichen Schneefr\u00e4sen, die das Schneer\u00e4umen so m\u00fchelos, effizient und zuverl\u00e4ssig wie m\u00f6glich gestalten.<\/li>\n<li>Mit modernster Technik sind Sie auch f\u00fcr gr\u00f6\u00dfere Aufgaben ger\u00fcstet. Die verbesserte R\u00e4umleistung betr\u00e4gt 52 Tonnen pro Stunde bei einer R\u00e4umh\u00f6he von 55 cm und macht die Maschinen der 9-er Serie zum ultimativen Power-Produkt f\u00fcr die Schneer\u00e4umung. Diese leistungsstarken Helfer von Honda eignen sich gleicherma\u00dfen fu\u0308r private wie auch fu\u0308r professionelle Nutzung.<\/li>\n<\/ul>\n<div class=\"description\">\n<div class=\"titleArea\">\n<ul>\n<li>Hydrostat-Antrieb<\/li>\n<\/ul>\n<\/div>\n<div class=\"description\">\n<ul>\n<li>Der stufenlose Hydrostat erm\u00f6glicht die Einstellung unterschiedlicher Geschwindigkeiten, ohne dass sich dabei die Drehzahl der Fr\u00e4sschnecke \u00e4ndert.<\/li>\n<\/ul>\n<\/div>\n<\/div>\n","protected":false},"featured_media":13801,"comment_status":"open","ping_status":"closed","template":"","meta":[],"product_brand":[296],"product_cat":[138],"product_tag":[522,189,325],"class_list":{"0":"post-13800","1":"product","2":"type-product","3":"status-publish","4":"has-post-thumbnail","6":"product_brand-honda","7":"product_cat-schneefraesen","8":"product_tag-522","9":"product_tag-honda","10":"product_tag-schneefraesen","12":"first","13":"instock","14":"taxable","15":"shipping-taxable","16":"purchasable","17":"product-type-simple"},"_links":{"self":[{"href":"https:\/\/benimarkt.at\/index.php?rest_route=\/wp\/v2\/product\/13800","targetHints":{"allow":["GET"]}}],"collection":[{"href":"https:\/\/benimarkt.at\/index.php?rest_route=\/wp\/v2\/product"}],"about":[{"href":"https:\/\/benimarkt.at\/index.php?rest_route=\/wp\/v2\/types\/product"}],"replies":[{"embeddable":true,"href":"https:\/\/benimarkt.at\/index.php?rest_route=%2Fwp%2Fv2%2Fcomments&post=13800"}],"version-history":[{"count":1,"href":"https:\/\/benimarkt.at\/index.php?rest_route=\/wp\/v2\/product\/13800\/revisions"}],"predecessor-version":[{"id":13802,"href":"https:\/\/benimarkt.at\/index.php?rest_route=\/wp\/v2\/product\/13800\/revisions\/13802"}],"wp:featuredmedia":[{"embeddable":true,"href":"https:\/\/benimarkt.at\/index.php?rest_route=\/wp\/v2\/media\/13801"}],"wp:attachment":[{"href":"https:\/\/benimarkt.at\/index.php?rest_route=%2Fwp%2Fv2%2Fmedia&parent=13800"}],"wp:term":[{"taxonomy":"product_brand","embeddable":true,"href":"https:\/\/benimarkt.at\/index.php?rest_route=%2Fwp%2Fv2%2Fproduct_brand&post=13800"},{"taxonomy":"product_cat","embeddable":true,"href":"https:\/\/benimarkt.at\/index.php?rest_route=%2Fwp%2Fv2%2Fproduct_cat&post=13800"},{"taxonomy":"product_tag","embeddable":true,"href":"https:\/\/benimarkt.at\/index.php?rest_route=%2Fwp%2Fv2%2Fproduct_tag&post=13800"}],"curies":[{"name":"wp","href":"https:\/\/api.w.org\/{rel}","templated":true}]}}