{"id":13739,"date":"2025-12-15T09:38:47","date_gmt":"2025-12-15T09:38:47","guid":{"rendered":"https:\/\/benimarkt.at\/?post_type=product&#038;p=13739"},"modified":"2025-12-16T09:27:45","modified_gmt":"2025-12-16T09:27:45","slug":"ego-lb6704e-1138-m%c2%b3-h-laubblaeser-mit-5ah-akku-schnelladegeraet","status":"publish","type":"product","link":"https:\/\/benimarkt.at\/?product=ego-lb6704e-1138-m%c2%b3-h-laubblaeser-mit-5ah-akku-schnelladegeraet","title":{"rendered":"EGO LB6704E &#8211; 1138 M\u00b3\/H LAUBBL\u00c4SER mit 5Ah Akku+ Schnelladeger\u00e4t"},"content":{"rendered":"<h3>Technische Daten<\/h3>\n<table class=\"product-accordion__specification-table\">\n<tbody>\n<tr>\n<th class=\"product-accordion__specification-row-heading\" style=\"text-align: left;\">Akkuanschluss<\/th>\n<td class=\"product-accordion__specification-row-value\">Einzelanschluss<\/td>\n<\/tr>\n<tr>\n<th class=\"product-accordion__specification-row-heading\" style=\"text-align: left;\">Max. Antriebskraft (N)<\/th>\n<td class=\"product-accordion__specification-row-value\">21<\/td>\n<\/tr>\n<tr>\n<th class=\"product-accordion__specification-row-heading\" style=\"text-align: left;\">Rohrtyp<\/th>\n<td class=\"product-accordion__specification-row-value\">Abnehmbar<\/td>\n<\/tr>\n<tr>\n<th class=\"product-accordion__specification-row-heading\" style=\"text-align: left;\">Verstellbarer Griff<\/th>\n<td class=\"product-accordion__specification-row-value\">0<\/td>\n<\/tr>\n<tr>\n<th class=\"product-accordion__specification-row-heading\" style=\"text-align: left;\">Geschwindigkeitsstufe<\/th>\n<td class=\"product-accordion__specification-row-value\">Stufenlos<\/td>\n<\/tr>\n<tr>\n<th class=\"product-accordion__specification-row-heading\" style=\"text-align: left;\">Geschwindigkeits-Arretierung<\/th>\n<td class=\"product-accordion__specification-row-value\">1<\/td>\n<\/tr>\n<tr>\n<th class=\"product-accordion__specification-row-heading\" style=\"text-align: left;\">Geschwindigkeitsanzeiger<\/th>\n<td class=\"product-accordion__specification-row-value\">Nein<\/td>\n<\/tr>\n<tr>\n<th class=\"product-accordion__specification-row-heading\" style=\"text-align: left;\">Boost-Funktion<\/th>\n<td class=\"product-accordion__specification-row-value\">Ja<\/td>\n<\/tr>\n<tr>\n<th class=\"product-accordion__specification-row-heading\" style=\"text-align: left;\">Boost-Sperre<\/th>\n<td class=\"product-accordion__specification-row-value\">Nein<\/td>\n<\/tr>\n<tr>\n<th class=\"product-accordion__specification-row-heading\" style=\"text-align: left;\">Max. Luftvolumen (m\u00b3\/h)<\/th>\n<td class=\"product-accordion__specification-row-value\">1138<\/td>\n<\/tr>\n<tr>\n<th class=\"product-accordion__specification-row-heading\" style=\"text-align: left;\">Max. Luftgeschwindigkeit (m\/s)<\/th>\n<td class=\"product-accordion__specification-row-value\">71<\/td>\n<\/tr>\n<tr>\n<th class=\"product-accordion__specification-row-heading\">Max. Luftgeschwindigkeit mit Kegeld\u00fcse (m\/s)<\/th>\n<td class=\"product-accordion__specification-row-value\">80<\/td>\n<\/tr>\n<tr>\n<th class=\"product-accordion__specification-row-heading\" style=\"text-align: left;\">Werkzeuggewicht (kg)<\/th>\n<td class=\"product-accordion__specification-row-value\">2.17<\/td>\n<\/tr>\n<\/tbody>\n<\/table>\n","protected":false},"excerpt":{"rendered":"<h3>Beschreibung<\/h3>\n<p>Pflegen Sie Ihren Garten m\u00fchelos mit dem EGO <strong>LB6704E Laubbl\u00e4ser-Kit<\/strong>. Dieses umfassende Kit bietet Komfort und Power, mit dem leistungsstarken<strong> LB6700E Laubbl\u00e4ser<\/strong>, einem <strong>5-Ah-Akku<\/strong> und einem <strong>Schnelladeger\u00e4t<\/strong>. Steuern Sie den Luftstrom ganz einfach \u00fcber den variablen Geschwindigkeitsregler mit dem Daumen und bew\u00e4ltigen Sie schwierige Aufgaben mit einer beeindruckenden Leistung von 1138 m\u00b3\/h im Boost-Modus und 21 N Luftkraft.<\/p>\n<p>Mit dem EGO LB6704E Laubbl\u00e4ser-Kit erreichen Sie bei der Gartenpflege ganz neue Dimensionen. Es enth\u00e4lt den leistungsstarken LB6700E Laubbl\u00e4ser, einen 5-Ah-Akku und ein Schnellladeger\u00e4t, um Ausfallzeiten zu reduzieren. Beherrschen Sie die pr\u00e4zise Steuerung des Luftstroms mit dem variablen Geschwindigkeits- Daumenschalter.<br \/>\nDer LB6704E liefert eine herausragende Leistung von 1138 m\u00b3\/h im Boost-Modus und eine Luftkraft von 21 N, damit Ihr Garten unabh\u00e4ngig von der Aufgabe makellos bleibt. Mit den mitgelieferten D\u00fcsen AN6000R und AN6000F k\u00f6nnen Sie die Leistung individuell anpassen und f\u00fcr eine noch l\u00e4ngere Laufzeit an einen EGO Power+ r\u00fcckentragbaren Akku anschlie\u00dfen. Ver\u00e4ndern Sie Ihr Gartenerlebnis mit dem leistungsstarken, effizienten und einfach zu bedienenden LB6704E Laubbl\u00e4ser-Kit!<\/p>\n<p>&nbsp;<\/p>\n<p>Kit:<\/p>\n<p>&#8211; LB6704E (Laubbl\u00e4ser)<\/p>\n<p>&#8211; CH5500E (Schnelladeger\u00e4t)<\/p>\n<p>&#8211; BA2800T (5Ah Akku)<\/p>\n<p>&nbsp;<\/p>\n<p>&nbsp;<\/p>\n","protected":false},"featured_media":13741,"comment_status":"open","ping_status":"closed","template":"","meta":[],"product_brand":[297],"product_cat":[134,140],"product_tag":[516,152,209],"class_list":{"0":"post-13739","1":"product","2":"type-product","3":"status-publish","4":"has-post-thumbnail","6":"product_brand-ego","7":"product_cat-gartenbau","8":"product_cat-laubblaeser","9":"product_tag-516","10":"product_tag-ego","11":"product_tag-laubblaeser","13":"first","14":"instock","15":"taxable","16":"shipping-taxable","17":"purchasable","18":"product-type-simple"},"_links":{"self":[{"href":"https:\/\/benimarkt.at\/index.php?rest_route=\/wp\/v2\/product\/13739","targetHints":{"allow":["GET"]}}],"collection":[{"href":"https:\/\/benimarkt.at\/index.php?rest_route=\/wp\/v2\/product"}],"about":[{"href":"https:\/\/benimarkt.at\/index.php?rest_route=\/wp\/v2\/types\/product"}],"replies":[{"embeddable":true,"href":"https:\/\/benimarkt.at\/index.php?rest_route=%2Fwp%2Fv2%2Fcomments&post=13739"}],"version-history":[{"count":2,"href":"https:\/\/benimarkt.at\/index.php?rest_route=\/wp\/v2\/product\/13739\/revisions"}],"predecessor-version":[{"id":13830,"href":"https:\/\/benimarkt.at\/index.php?rest_route=\/wp\/v2\/product\/13739\/revisions\/13830"}],"wp:featuredmedia":[{"embeddable":true,"href":"https:\/\/benimarkt.at\/index.php?rest_route=\/wp\/v2\/media\/13741"}],"wp:attachment":[{"href":"https:\/\/benimarkt.at\/index.php?rest_route=%2Fwp%2Fv2%2Fmedia&parent=13739"}],"wp:term":[{"taxonomy":"product_brand","embeddable":true,"href":"https:\/\/benimarkt.at\/index.php?rest_route=%2Fwp%2Fv2%2Fproduct_brand&post=13739"},{"taxonomy":"product_cat","embeddable":true,"href":"https:\/\/benimarkt.at\/index.php?rest_route=%2Fwp%2Fv2%2Fproduct_cat&post=13739"},{"taxonomy":"product_tag","embeddable":true,"href":"https:\/\/benimarkt.at\/index.php?rest_route=%2Fwp%2Fv2%2Fproduct_tag&post=13739"}],"curies":[{"name":"wp","href":"https:\/\/api.w.org\/{rel}","templated":true}]}}