{"id":13686,"date":"2025-12-10T09:55:33","date_gmt":"2025-12-10T09:55:33","guid":{"rendered":"https:\/\/benimarkt.at\/?post_type=product&#038;p=13686"},"modified":"2026-03-26T13:19:43","modified_gmt":"2026-03-26T13:19:43","slug":"husqvarna-benzin-38-cm-motorsaege-550xp-mark-ii","status":"publish","type":"product","link":"https:\/\/benimarkt.at\/?product=husqvarna-benzin-38-cm-motorsaege-550xp-mark-ii","title":{"rendered":"Husqvarna 550XP 38cm Benzin Motors\u00e4ge 550 XP Mark II"},"content":{"rendered":"<p>TECHNISCHE DATEN:<\/p>\n<p>&nbsp;<\/p>\n<p>&nbsp;<\/p>\n<table class=\"hbd-table hbd-spec-table\">\n<tbody>\n<tr class=\"hbd-spec-table__group-start hbd-spec-table__column-sticky\">\n<td class=\"hbd-spec-table__group-name hui-text-subtitle1\">Motor<\/td>\n<td class=\"hbd-spec-table__article hui-text-body2 hbd-spec-table__article--active\">\n<div>550 XP\u00ae II 15&#8243; SN SP33G<\/div>\n<div class=\"hbd-spec-table__article-number\">Art-Nr.: 967\u00a069\u00a008\u201135<\/div>\n<\/td>\n<td class=\"hbd-spec-table__article hui-text-body2\">\n<div class=\"hbd-spec-table__article-number\"><\/div>\n<\/td>\n<\/tr>\n<tr class=\"hbd-spec-table__spec-row hbd-spec-table__column-sticky\">\n<th class=\"hbd-spec-table__spec-name hui-text-body2\">Kettengeschwindigkeit bei max. Leistung<\/th>\n<td class=\"hbd-spec-table__spec-value hui-text-body2 hbd-spec-table__spec-value--active\">19,6 m\/s<\/td>\n<td class=\"hbd-spec-table__spec-value hui-text-body2\"><\/td>\n<\/tr>\n<tr class=\"hbd-spec-table__spec-row hbd-spec-table__column-sticky\">\n<th class=\"hbd-spec-table__spec-name hui-text-body2\">Hubraum<\/th>\n<td class=\"hbd-spec-table__spec-value hui-text-body2 hbd-spec-table__spec-value--active\">50,1 cm\u00b3<\/td>\n<td class=\"hbd-spec-table__spec-value hui-text-body2\"><\/td>\n<\/tr>\n<tr class=\"hbd-spec-table__spec-row hbd-spec-table__column-sticky\">\n<th class=\"hbd-spec-table__spec-name hui-text-body2\">\n<div>Ausgangsleistung<sup>1<\/sup><\/div>\n<\/th>\n<td class=\"hbd-spec-table__spec-value hui-text-body2 hbd-spec-table__spec-value--active\">3 kW<\/td>\n<td class=\"hbd-spec-table__spec-value hui-text-body2\"><\/td>\n<\/tr>\n<tr class=\"hbd-spec-table__group-start hbd-spec-table__column-sticky\">\n<td class=\"hbd-spec-table__group-name hui-text-subtitle1\">Ausr\u00fcstung<\/td>\n<td class=\"hbd-spec-table__article hui-text-body2 hbd-spec-table__article--active\"><\/td>\n<td class=\"hbd-spec-table__article hui-text-body2\"><\/td>\n<\/tr>\n<tr class=\"hbd-spec-table__spec-row hbd-spec-table__column-sticky\">\n<th class=\"hbd-spec-table__spec-name hui-text-body2\">Empfohlene Schienenl\u00e4nge, min. (cm)<\/th>\n<td class=\"hbd-spec-table__spec-value hui-text-body2 hbd-spec-table__spec-value--active\">33 cm<\/td>\n<td class=\"hbd-spec-table__spec-value hui-text-body2\"><\/td>\n<\/tr>\n<tr class=\"hbd-spec-table__spec-row hbd-spec-table__column-sticky\">\n<th class=\"hbd-spec-table__spec-name hui-text-body2\">Teilung<\/th>\n<td class=\"hbd-spec-table__spec-value hui-text-body2 hbd-spec-table__spec-value--active\">.325&#8243;<\/td>\n<td class=\"hbd-spec-table__spec-value hui-text-body2\"><\/td>\n<\/tr>\n<tr class=\"hbd-spec-table__spec-row hbd-spec-table__column-sticky\">\n<th class=\"hbd-spec-table__spec-name hui-text-body2\">Empfohlene Schienenl\u00e4nge, max. (cm)<\/th>\n<td class=\"hbd-spec-table__spec-value hui-text-body2 hbd-spec-table__spec-value--active\">50 cm<\/td>\n<td class=\"hbd-spec-table__spec-value hui-text-body2\"><\/td>\n<\/tr>\n<tr class=\"hbd-spec-table__spec-row hbd-spec-table__column-sticky\">\n<th class=\"hbd-spec-table__spec-name hui-text-body2\">Kettentyp<\/th>\n<td class=\"hbd-spec-table__spec-value hui-text-body2 hbd-spec-table__spec-value--active\">SP33G<\/td>\n<td class=\"hbd-spec-table__spec-value hui-text-body2\"><\/td>\n<\/tr>\n<tr class=\"hbd-spec-table__spec-row hbd-spec-table__column-sticky\">\n<th class=\"hbd-spec-table__spec-name hui-text-body2\">Schienenl\u00e4nge<\/th>\n<td class=\"hbd-spec-table__spec-value hui-text-body2 hbd-spec-table__spec-value--active\">38 cm<\/td>\n<td class=\"hbd-spec-table__spec-value hui-text-body2\"><\/td>\n<\/tr>\n<tr class=\"hbd-spec-table__spec-row hbd-spec-table__column-sticky\">\n<th class=\"hbd-spec-table__spec-name hui-text-body2\">Schienenl\u00e4nge (Zoll)<\/th>\n<td class=\"hbd-spec-table__spec-value hui-text-body2 hbd-spec-table__spec-value--active\">15 in<\/td>\n<td class=\"hbd-spec-table__spec-value hui-text-body2\"><\/td>\n<\/tr>\n<tr class=\"hbd-spec-table__group-start hbd-spec-table__column-sticky\">\n<td class=\"hbd-spec-table__group-name hui-text-subtitle1\">Abmessungen<\/td>\n<td class=\"hbd-spec-table__article hui-text-body2 hbd-spec-table__article--active\"><\/td>\n<td class=\"hbd-spec-table__article hui-text-body2\"><\/td>\n<\/tr>\n<tr class=\"hbd-spec-table__spec-row hbd-spec-table__column-sticky\">\n<th class=\"hbd-spec-table__spec-name hui-text-body2\">Gewicht (exkl. Schneidausr\u00fcstung)<\/th>\n<td class=\"hbd-spec-table__spec-value hui-text-body2 hbd-spec-table__spec-value--active\">5,3 kg<\/td>\n<td class=\"hbd-spec-table__spec-value hui-text-body2\"><\/td>\n<\/tr>\n<\/tbody>\n<\/table>\n","protected":false},"excerpt":{"rendered":"<p>BESCHREIBUNG:<\/p>\n<h3>50-cm\u00b3-Motors\u00e4ge f\u00fcr professionelle Forstarbeit und Baumpflege<\/h3>\n<p>Die Husqvarna 550 XP\u00ae Mark II ist eine leistungsstarke und modern gestaltete Benzin-Kettens\u00e4ge, die speziell f\u00fcr professionelle Forstwirtschaft entwickelt wurde.<br \/>\nSie ist die ideale Wahl, wenn eine wendige 50-cm\u00b3-Motors\u00e4ge mit au\u00dfergew\u00f6hnlicher Beschleunigung ben\u00f6tigt wird. Perfekt geeignet f\u00fcr das F\u00e4llen, Entasten und Abl\u00e4ngen mittelgro\u00dfer Nadelb\u00e4ume sowie f\u00fcr anspruchsvolle Baumpflegearbeiten.<\/p>\n<p>Das schlanke Design kombiniert mit innovativen Funktionen wie AutoTune gew\u00e4hrleistet effizientes und komfortables Arbeiten. Kompatibel mit F\u00fchrungsschienen bis zu 20 Zoll.<\/p>\n","protected":false},"featured_media":13688,"comment_status":"open","ping_status":"closed","template":"","meta":[],"product_brand":[299],"product_cat":[134,130],"product_tag":[477,476,328],"class_list":{"0":"post-13686","1":"product","2":"type-product","3":"status-publish","4":"has-post-thumbnail","6":"product_brand-husqvarna","7":"product_cat-gartenbau","8":"product_cat-motorsaegen","9":"product_tag-477","10":"product_tag-husqvarna","11":"product_tag-motorsaegen","13":"first","14":"outofstock","15":"taxable","16":"shipping-taxable","17":"product-type-simple"},"_links":{"self":[{"href":"https:\/\/benimarkt.at\/index.php?rest_route=\/wp\/v2\/product\/13686","targetHints":{"allow":["GET"]}}],"collection":[{"href":"https:\/\/benimarkt.at\/index.php?rest_route=\/wp\/v2\/product"}],"about":[{"href":"https:\/\/benimarkt.at\/index.php?rest_route=\/wp\/v2\/types\/product"}],"replies":[{"embeddable":true,"href":"https:\/\/benimarkt.at\/index.php?rest_route=%2Fwp%2Fv2%2Fcomments&post=13686"}],"version-history":[{"count":2,"href":"https:\/\/benimarkt.at\/index.php?rest_route=\/wp\/v2\/product\/13686\/revisions"}],"predecessor-version":[{"id":13719,"href":"https:\/\/benimarkt.at\/index.php?rest_route=\/wp\/v2\/product\/13686\/revisions\/13719"}],"wp:featuredmedia":[{"embeddable":true,"href":"https:\/\/benimarkt.at\/index.php?rest_route=\/wp\/v2\/media\/13688"}],"wp:attachment":[{"href":"https:\/\/benimarkt.at\/index.php?rest_route=%2Fwp%2Fv2%2Fmedia&parent=13686"}],"wp:term":[{"taxonomy":"product_brand","embeddable":true,"href":"https:\/\/benimarkt.at\/index.php?rest_route=%2Fwp%2Fv2%2Fproduct_brand&post=13686"},{"taxonomy":"product_cat","embeddable":true,"href":"https:\/\/benimarkt.at\/index.php?rest_route=%2Fwp%2Fv2%2Fproduct_cat&post=13686"},{"taxonomy":"product_tag","embeddable":true,"href":"https:\/\/benimarkt.at\/index.php?rest_route=%2Fwp%2Fv2%2Fproduct_tag&post=13686"}],"curies":[{"name":"wp","href":"https:\/\/api.w.org\/{rel}","templated":true}]}}