{"id":12731,"date":"2025-10-10T09:01:24","date_gmt":"2025-10-10T09:01:24","guid":{"rendered":"https:\/\/benimarkt.at\/?post_type=product&#038;p=12731"},"modified":"2026-03-16T12:45:11","modified_gmt":"2026-03-16T12:45:11","slug":"polar-grit-x2-pro-black-h10-gps-uhr-mit-herzfrequenzgurt","status":"publish","type":"product","link":"https:\/\/benimarkt.at\/?product=polar-grit-x2-pro-black-h10-gps-uhr-mit-herzfrequenzgurt","title":{"rendered":"Polar Grit X2 Pro Black + H10 GPS-Uhr mit Herzfrequenzgurt"},"content":{"rendered":"<h4>Technische Daten<\/h4>\n<p><strong>Kardiog\u00fcrtel\u00a0H10\u00a0:<\/strong><br \/>\n&#8211; Stromversorgung: bis zu 400h (nicht wiederaufladbare Batterie)<br \/>\n&#8211; EKG-Messung der Herzfrequenz<br \/>\n&#8211;\u00a0Dual Bluetooth,\u00a0ANT+\u00a0&amp; 5Khz<br \/>\n&#8211; Interner Speicher : 1 Training<br \/>\n&#8211; Kompatibel mit der Anwendung\u00a0Polar Flow<br \/>\n&#8211; Wasserdicht: bis zu 30 m (WR30)<br \/>\n&#8211; Betriebstemperatur : -10\u00b0C &#8211; 50\u00b0C<\/p>\n<p><strong>Abmessungen Zifferblatt<\/strong>\u00a0 &#8211; 48,6cm x 48,6 cm x 13,4 cm<\/p>\n<p><strong>Breite Armband <\/strong>&#8211; 22 mm<\/p>\n<p><strong>Interne Speicherung &#8211; <\/strong>32 GO<\/p>\n<p><strong>Bildschirm &#8211; <\/strong>Touchscreen\u00a0AMOLED\u00a0(Farbbildschirm, Touchscreen-Display)<\/p>\n<p><strong>Material:<\/strong><br \/>\n&#8211; Geh\u00e4use: Edelstahl<br \/>\n&#8211; Boden: glasfaserverst\u00e4rktes Polymer<br \/>\n&#8211; Bildschirm: Saphirglas<br \/>\n&#8211; Armband: Silikon<\/p>\n<p><strong>GPS &#8211; <\/strong>GPS,\u00a0GLONASS,\u00a0Galileo, QZSS<\/p>\n<p><strong>Konnektivit\u00e4t &#8211; <\/strong>Bluetooth\u00a0\/ Cable\u00a0USB\u00a0nach Ma\u00df<\/p>\n<p><strong>Bruchlast &#8211; <\/strong>Milit\u00e4rischer Standard\u00a0MIL-STD-810G<\/p>\n<p><strong>Betriebstemperatur &#8211; <\/strong>-20\u00b0C bis 50\u00b0C<\/p>\n<p><strong>Wasserdichtheit &#8211; <\/strong>Norm WR100<\/p>\n<p><strong>Batterielaufzeit &#8211; <\/strong>Trainingsmodus : 43h \/ Mode Uhr: 10 Tage \/ Eco-Modus-Training : 140h<\/p>\n<p><strong>Barometer &#8211; <\/strong>Barometrische H\u00f6he<\/p>\n<p><strong>Kompass &#8211; <\/strong>Magnetometer (funktioniert auch ohne GPS)<\/p>\n<p><strong>Uhrfunktionen :<\/strong>\u00a0Uhrzeit, Datum, Alarm, Timer, Stoppuhr<\/p>\n","protected":false},"excerpt":{"rendered":"<h4>Beschreibung<\/h4>\n<p>Die\u00a0Grit X2 Pro\u00a0Black\u00a0ist eine GPS-Uhr der Marke\u00a0Polar\u00a0wird im Paket mit dem Herzfrequenzgurt verkauft.\u00a0H10Das ist die perfekte Kombination, um Ihren Herzschlag zu verfolgen, wo immer er Sie hinf\u00fchrt.<br \/>\nAls hochwertige Multisportuhr ist die\u00a0Grit X2 Pro\u00a0ist das Flaggschiff der Outdoor-Reihe der finnischen Marke. Das\u00a0Saphirglas\u00a0und das\u00a0Geh\u00e4use aus Stahl\u00a0halten allen\u00a0Widrigkeitenstand. Die Uhr ist\u00a0bis 100 m wasserdicht und kann bei Temperaturen zwischen -20 und +50 \u00b0C verwendet werden. Dank der sorgf\u00e4ltig ausgew\u00e4hlten Materialien wird auch der Stil nicht vernachl\u00e4ssigt.<br \/>\nBereit f\u00fcr alle Ihre Outdoor-Aktivit\u00e4ten, die\u00a0Grit X2 Pro bietet mehr als 150 kompatible Sportarten. Seine stets aktivierten Outdoor-Dashboards sorgen daf\u00fcr, dass Sie die wichtigsten Infos immer zur Hand haben. Kompass, GPS-Koordinaten, H\u00f6he zur Orientierung, Wetter, um die Bedingungen vorherzusehen, und Sonnenzeit, um Ihren Tag zu 100% zu nutzen.<br \/>\nAls echtes technisches Juwel bietet die\u00a0Grit X2 Pro\u00a0bietet einen Katalog von Funktionen, mit denen Sie Ihr Training oder Ihren Schlaf analysieren k\u00f6nnen. Mit der F\u00fchrung in Partnerschaft mit\u00a0KomootWenn Sie sich auf den Weg machen, m\u00fcssen Sie nicht mehr nach dem Weg suchen, sondern k\u00f6nnen einfach weiterlaufen.<br \/>\nMit dem neuesten Update k\u00f6nnen Sie Ihr Erlebnis individuell gestalten, indem Sie aus\u00a0f\u00fcnf neuen\u00a0analogen und digitalen\u00a0Zifferbl\u00e4ttern\u00a0w\u00e4hlen. Sie k\u00f6nnen Ihre Navigation auch verbessern, indem Sie mithilfe von\u00a0Points of Interest (POIs)\u00a0wichtige Orte wie eine Bergh\u00fctte oder ein Caf\u00e9, das Sie besonders m\u00f6gen, leicht finden. Die Anzeige detaillierter Daten zu Ihrem Schwimmstil nach dem Schwimmen im Schwimmbad erm\u00f6glicht eine genauere Analyse Ihrer Tagesleistung, w\u00e4hrend Sie Ihr Telefon dank der zuletzt synchronisierten Position leicht wiederfinden k\u00f6nnen. Schlie\u00dflich gibt es noch\u00a0interne Benachrichtigungen , die Sie daran erinnern, die Uhr mit Ihrem Telefon zu synchronisieren, wenn Sie in Ihre Trainingseinheiten vertieft sind, und die t\u00e4glich geplanten Trainingseinheiten zu absolvieren.<br \/>\nWenn Sie eine robuste und ausdauernde Uhr mit einer Vielzahl von Daten suchen, entscheiden Sie sich f\u00fcr die\u00a0Grit X2 Pro, ihrem Herzfrequenzgurt\u00a0H10\u00a0und seine brandneuen Funktionen.<\/p>\n","protected":false},"featured_media":12732,"comment_status":"open","ping_status":"closed","template":"","meta":[],"product_brand":[302],"product_cat":[348,162],"product_tag":[346,323],"class_list":{"0":"post-12731","1":"product","2":"type-product","3":"status-publish","4":"has-post-thumbnail","6":"product_brand-polar","7":"product_cat-polar","8":"product_cat-smartwatches-gps-zubehoer","9":"product_tag-polar","10":"product_tag-smartwatch","12":"first","13":"outofstock","14":"taxable","15":"shipping-taxable","16":"purchasable","17":"product-type-simple"},"_links":{"self":[{"href":"https:\/\/benimarkt.at\/index.php?rest_route=\/wp\/v2\/product\/12731","targetHints":{"allow":["GET"]}}],"collection":[{"href":"https:\/\/benimarkt.at\/index.php?rest_route=\/wp\/v2\/product"}],"about":[{"href":"https:\/\/benimarkt.at\/index.php?rest_route=\/wp\/v2\/types\/product"}],"replies":[{"embeddable":true,"href":"https:\/\/benimarkt.at\/index.php?rest_route=%2Fwp%2Fv2%2Fcomments&post=12731"}],"version-history":[{"count":2,"href":"https:\/\/benimarkt.at\/index.php?rest_route=\/wp\/v2\/product\/12731\/revisions"}],"predecessor-version":[{"id":12739,"href":"https:\/\/benimarkt.at\/index.php?rest_route=\/wp\/v2\/product\/12731\/revisions\/12739"}],"wp:featuredmedia":[{"embeddable":true,"href":"https:\/\/benimarkt.at\/index.php?rest_route=\/wp\/v2\/media\/12732"}],"wp:attachment":[{"href":"https:\/\/benimarkt.at\/index.php?rest_route=%2Fwp%2Fv2%2Fmedia&parent=12731"}],"wp:term":[{"taxonomy":"product_brand","embeddable":true,"href":"https:\/\/benimarkt.at\/index.php?rest_route=%2Fwp%2Fv2%2Fproduct_brand&post=12731"},{"taxonomy":"product_cat","embeddable":true,"href":"https:\/\/benimarkt.at\/index.php?rest_route=%2Fwp%2Fv2%2Fproduct_cat&post=12731"},{"taxonomy":"product_tag","embeddable":true,"href":"https:\/\/benimarkt.at\/index.php?rest_route=%2Fwp%2Fv2%2Fproduct_tag&post=12731"}],"curies":[{"name":"wp","href":"https:\/\/api.w.org\/{rel}","templated":true}]}}