{"id":12596,"date":"2025-10-08T10:47:16","date_gmt":"2025-10-08T10:47:16","guid":{"rendered":"https:\/\/benimarkt.at\/?post_type=product&#038;p=12596"},"modified":"2026-04-15T12:38:15","modified_gmt":"2026-04-15T12:38:15","slug":"cube-nulane-pro-2026-greynchrome-trapeze-50","status":"publish","type":"product","link":"https:\/\/benimarkt.at\/?product=cube-nulane-pro-2026-greynchrome-trapeze-50","title":{"rendered":"CUBE Nulane Pro 2026 grey\u00b4n\u00b4chrome Trapeze &#8211; 50"},"content":{"rendered":"<h3><strong>Technische Daten:<\/strong><\/h3>\n<div class=\"col-12 col-md-3 col-lg-2\">\n<div class=\"table-row row g-0\">\n<div class=\"col-12 col-md-9 col-lg-10\">\n<div id=\"productAccordion\" class=\"product-detail-description-accordion\">\n<div class=\"card \">\n<div id=\"heading-1\" class=\"card-header\">\n<ul>\n<li class=\"d-grid\"><strong>Rahmen<\/strong> &#8211; Aluminium Superlite Trekking Sport, Flat Mount Disc, 12x142mm, AXH<\/li>\n<li class=\"d-grid\"><strong>Gr\u00f6\u00dfe<\/strong> &#8211; <span style=\"color: #000000;\">Trapeze: 50cm<\/span><\/li>\n<li class=\"d-grid\"><strong>Gabel<\/strong> &#8211; CUBE TS Disc, Full Carbon, Taper, Flat Mount, 12x100mm<\/li>\n<li class=\"d-grid\"><span style=\"font-size: 14.4px;\"><strong>Bremsanlage<\/strong> &#8211; <\/span><span style=\"color: #555555; font-size: 14.4px;\">Tektro HD-R280, Hydr. Disc, Flat Mount (160\/160)<\/span><\/li>\n<li class=\"d-grid\"><span style=\"font-size: 14.4px;\"><strong>Schaltwerk<\/strong> &#8211; <\/span><span style=\"font-size: 14.4px; color: #555555;\">Shimano Cues RD-U4000-GS, 9-Speed<\/span><\/li>\n<li class=\"d-grid\"><span style=\"font-size: 14.4px;\"><strong>Schalthebel<\/strong> &#8211; <\/span><span style=\"font-size: 14.4px; color: #555555;\">Shimano Cues SL-U4010- Rapidfire-Plus<\/span><\/li>\n<li class=\"d-grid\"><span style=\"font-size: 14.4px;\"><strong>Innenlager<\/strong> &#8211; <\/span><span style=\"font-size: 14.4px; color: #555555;\">Shimano BB-RS500PB, Pressfit<\/span><\/li>\n<li class=\"d-grid\"><span style=\"font-size: 14.4px;\"><strong>Kurbelgarnitur<\/strong> &#8211; <\/span><span style=\"font-size: 14.4px; color: #555555;\">ACID Gravel Pro, 40T<\/span><\/li>\n<li class=\"d-grid\"><span style=\"font-size: 14.4px;\"><strong>Kassette<\/strong> &#8211; <\/span><span style=\"font-size: 14.4px; color: #555555;\">Shimano Cues CS-LG300, 11-46T<\/span><\/li>\n<li class=\"d-grid\"><span style=\"font-size: 14.4px;\"><strong>Kette<\/strong> &#8211; <\/span><span style=\"font-size: 14.4px; color: #555555;\">KMC xGlide<\/span><\/li>\n<li class=\"d-grid\"><span style=\"font-size: 14.4px;\"><strong>Steuersatz<\/strong> &#8211; <\/span><span style=\"font-size: 14.4px; color: #555555;\">VP Z-t, Top Zero-Stack 1 1\/8&#8243; (OD 44mm), Bottom Integrated 1 1\/4&#8243;<\/span><\/li>\n<li class=\"d-grid\"><span style=\"font-size: 14.4px;\"><strong>Vorbau<\/strong> &#8211; <\/span><span style=\"font-size: 14.4px; color: #555555;\">CUBE Performance Stem SLX, 31.8mm<\/span><\/li>\n<li class=\"d-grid\"><span style=\"font-size: 14.4px;\"><strong>Lenker<\/strong> &#8211; <\/span><span style=\"font-size: 14.4px; color: #555555;\">CUBE Flat Race Bar, 660mm<\/span><\/li>\n<li class=\"d-grid\"><span style=\"font-size: 14.4px;\"><strong>Griffe<\/strong> &#8211; <\/span><span style=\"font-size: 14.4px; color: #555555;\">ACID Travel<\/span><\/li>\n<li class=\"d-grid\"><span style=\"font-size: 14.4px;\"><strong>Laufradsatz<\/strong> &#8211; <\/span><span style=\"font-size: 14.4px; color: #555555;\">ACID EX25, 28H, Disc, Tubeless Ready<\/span><\/li>\n<li class=\"d-grid\"><span style=\"font-size: 14.4px;\"><strong>Reifen<\/strong> &#8211; <\/span><span style=\"font-size: 14.4px; color: #555555;\">Schwalbe G-One Comp, ActiveL, 40-622<\/span><\/li>\n<li class=\"d-grid\"><span style=\"font-size: 14.4px;\"><strong>Sattel<\/strong> &#8211; <\/span><span style=\"font-size: 14.4px; color: #555555;\">ACID Nuance Lite<\/span><\/li>\n<li class=\"d-grid\"><span style=\"font-size: 14.4px;\"><strong>Sattelst\u00fctze<\/strong> &#8211; <\/span><span style=\"font-size: 14.4px; color: #555555;\">CUBE Performance Post, 27.2mm<\/span><\/li>\n<li class=\"d-grid\"><span style=\"font-size: 14.4px;\"><strong>Pedale<\/strong> &#8211; <\/span><span style=\"font-size: 14.4px; color: #555555;\">ACID PP Trekking<\/span><\/li>\n<li class=\"d-grid\"><span style=\"font-size: 14.4px;\"><strong>Farbe<\/strong> &#8211; <\/span><span style=\"font-size: 14.4px; color: #555555;\">grey\u00b4n\u00b4chrome\u00a0<\/span><\/li>\n<\/ul>\n<\/div>\n<\/div>\n<\/div>\n<\/div>\n<div>\n<h3><\/h3>\n<h3 class=\"text-uppercase mb-4\"><\/h3>\n<div class=\"row align-items-start\">\n<div class=\"col-lg-7\">\n<div class=\"e-geometry-table-wrapper\">\n<table id=\"e-geometry-integration-table\" class=\"table e-geometry-table\">\n<thead>\n<tr>\n<th class=\"table-header\">\n<h3 class=\"text-uppercase mb-4\"><span style=\"color: #008000;\"><strong>Geometrie<\/strong><\/span><\/h3>\n<\/th>\n<td class=\"geometry-table-field\" data-sizekey=\"32600\"><\/td>\n<td class=\"geometry-table-field\" data-sizekey=\"32900\"><span style=\"color: #008000;\"><strong>50 cm<\/strong><\/span><\/td>\n<td class=\"geometry-table-field\" data-sizekey=\"33100\"><\/td>\n<\/tr>\n<\/thead>\n<tbody>\n<tr>\n<th class=\"e-geometry-table-row\" data-id=\"A\">Sitzrohr<\/th>\n<td class=\"geometry-table-field\" data-id=\"A\" data-sizekey=\"32600\"><\/td>\n<td class=\"geometry-table-field\" data-id=\"A\" data-sizekey=\"32900\"><span style=\"color: #008000;\"><strong>460<\/strong><\/span><\/td>\n<td class=\"geometry-table-field\" data-id=\"A\" data-sizekey=\"33100\"><\/td>\n<\/tr>\n<tr>\n<th class=\"e-geometry-table-row\" data-id=\"B\">Oberrohr horizontal<\/th>\n<td class=\"geometry-table-field\" data-id=\"B\" data-sizekey=\"32600\"><\/td>\n<td class=\"geometry-table-field\" data-id=\"B\" data-sizekey=\"32900\"><span style=\"color: #008000;\"><strong>544<\/strong><\/span><\/td>\n<td class=\"geometry-table-field\" data-id=\"B\" data-sizekey=\"33100\"><\/td>\n<\/tr>\n<tr>\n<th class=\"e-geometry-table-row\" data-id=\"C\">Sitzwinkel<\/th>\n<td class=\"geometry-table-field\" data-id=\"C\" data-sizekey=\"32600\"><\/td>\n<td class=\"geometry-table-field\" data-id=\"C\" data-sizekey=\"32900\"><span style=\"color: #008000;\"><strong>74.5\u00b0<\/strong><\/span><\/td>\n<td class=\"geometry-table-field\" data-id=\"C\" data-sizekey=\"33100\"><\/td>\n<\/tr>\n<tr>\n<th class=\"e-geometry-table-row\" data-id=\"D\">Steuerrohrwinkel<\/th>\n<td class=\"geometry-table-field\" data-id=\"D\" data-sizekey=\"32600\"><\/td>\n<td class=\"geometry-table-field\" data-id=\"D\" data-sizekey=\"32900\"><span style=\"color: #008000;\"><strong>70.5\u00b0<\/strong><\/span><\/td>\n<td class=\"geometry-table-field\" data-id=\"D\" data-sizekey=\"33100\"><\/td>\n<\/tr>\n<tr>\n<th class=\"e-geometry-table-row\" data-id=\"E\">Kettenstreben<\/th>\n<td class=\"geometry-table-field\" data-id=\"E\" data-sizekey=\"32600\"><\/td>\n<td class=\"geometry-table-field\" data-id=\"E\" data-sizekey=\"32900\"><span style=\"color: #008000;\"><strong>442<\/strong><\/span><\/td>\n<td class=\"geometry-table-field\" data-id=\"E\" data-sizekey=\"33100\"><\/td>\n<\/tr>\n<tr>\n<th class=\"e-geometry-table-row\" data-id=\"F\">Steuerrohr<\/th>\n<td class=\"geometry-table-field\" data-id=\"F\" data-sizekey=\"32600\"><\/td>\n<td class=\"geometry-table-field\" data-id=\"F\" data-sizekey=\"32900\"><span style=\"color: #008000;\"><strong>142<\/strong><\/span><\/td>\n<td class=\"geometry-table-field\" data-id=\"F\" data-sizekey=\"33100\"><\/td>\n<\/tr>\n<tr>\n<th class=\"e-geometry-table-row\" data-id=\"G\">Radstand<\/th>\n<td class=\"geometry-table-field\" data-id=\"G\" data-sizekey=\"32600\"><\/td>\n<td class=\"geometry-table-field\" data-id=\"G\" data-sizekey=\"32900\"><span style=\"color: #008000;\"><strong>1052<\/strong><\/span><\/td>\n<td class=\"geometry-table-field\" data-id=\"G\" data-sizekey=\"33100\"><\/td>\n<\/tr>\n<tr>\n<th class=\"e-geometry-table-row\" data-id=\"H\">Tretlagerh\u00f6he zur Nabenachse<\/th>\n<td class=\"geometry-table-field\" data-id=\"H\" data-sizekey=\"32600\"><\/td>\n<td class=\"geometry-table-field\" data-id=\"H\" data-sizekey=\"32900\"><span style=\"color: #008000;\"><strong>60<\/strong><\/span><\/td>\n<td class=\"geometry-table-field\" data-id=\"H\" data-sizekey=\"33100\"><\/td>\n<\/tr>\n<tr>\n<th class=\"e-geometry-table-row\" data-id=\"T 80\">\u00dcberstandsh\u00f6he &#8211; 80mm<\/th>\n<td class=\"geometry-table-field\" data-id=\"T 80\" data-sizekey=\"32600\"><\/td>\n<td class=\"geometry-table-field\" data-id=\"T 80\" data-sizekey=\"32900\"><span style=\"color: #008000;\"><strong>628<\/strong><\/span><\/td>\n<td class=\"geometry-table-field\" data-id=\"T 80\" data-sizekey=\"33100\"><\/td>\n<\/tr>\n<tr>\n<th class=\"e-geometry-table-row\" data-id=\"R\">Reach<\/th>\n<td class=\"geometry-table-field\" data-id=\"R\" data-sizekey=\"32600\"><\/td>\n<td class=\"geometry-table-field\" data-id=\"R\" data-sizekey=\"32900\"><span style=\"color: #008000;\"><strong>391<\/strong><\/span><\/td>\n<td class=\"geometry-table-field\" data-id=\"R\" data-sizekey=\"33100\"><\/td>\n<\/tr>\n<tr>\n<th class=\"e-geometry-table-row\" data-id=\"S\">Stack<\/th>\n<td class=\"geometry-table-field\" data-id=\"S\" data-sizekey=\"32600\"><\/td>\n<td class=\"geometry-table-field\" data-id=\"S\" data-sizekey=\"32900\"><span style=\"color: #008000;\"><strong>553<\/strong><\/span><\/td>\n<td class=\"geometry-table-field\" data-id=\"S\" data-sizekey=\"33100\"><\/td>\n<\/tr>\n<\/tbody>\n<\/table>\n<\/div>\n<\/div>\n<\/div>\n<\/div>\n<\/div>\n<\/div>\n","protected":false},"excerpt":{"rendered":"<h3><strong>Beschreibung:<\/strong><\/h3>\n<p data-start=\"43\" data-end=\"849\">Auf den ersten Blick wirkt der Trapezrahmen unseres vielseitigen Nulane vielleicht schlicht \u2013 doch in puncto Komfort und Handling setzt er Ma\u00dfst\u00e4be. Das leichte Auf- und Absteigen gelingt besonders bequem und unkompliziert. Die superleichten, doppelt konifizierten Aluminiumrohre in Kombination mit der Vollcarbongabel sorgen f\u00fcr ein besonders geringes Gewicht und gleichzeitig f\u00fcr hohe Stabilit\u00e4t. Praktisch: Zahlreiche Montagepunkte erlauben das einfache Nachr\u00fcsten von Schutzblechen und Gep\u00e4cktr\u00e4gern \u2013 sowohl an der Front- als auch an der Hinterachse. Ein technisches Highlight sind die Steckachsen an beiden Laufr\u00e4dern, die f\u00fcr zuverl\u00e4ssige Stabilit\u00e4t und sicheres Fahrverhalten sorgen \u2013 egal, ob mit vollgepacktem Gep\u00e4cktr\u00e4ger oder pur unterwegs.<\/p>\n<p data-start=\"43\" data-end=\"849\">Bei der Entwicklung des Nulane Pro haben wir uns von mehreren unserer Bike-Serien inspirieren lassen. Das Ergebnis: ein unkomplizierter Allrounder, der die Robustheit eines Gravel-Modells, den Speed eines Rennrads und das praktische Handling eines Tourers auf einen Nenner bringt. Seine breit gef\u00e4cherte, leichtg\u00e4ngige Shimano Cues 9-Gang Schaltung hat f\u00fcr jede Situation den richtigen Gang im Angebot. Die schnell rollenden 40 mm Reifen von Schwalbe k\u00f6nnen sowohl mit Asphalt als auch mit Schotter bestens umgehen. Selbst bei N\u00e4sse zuverl\u00e4ssig und sicher gebremst wird mit den leistungsstarken hydraulischen Scheibenbremsen. Was noch? Eine Vollcarbongabel f\u00fcr top Fahrkomfort und pr\u00e4zises Lenken. Ob City-Runde oder Radtour ins Gr\u00fcne \u2013 dieses Bike hat&#8217;s drauf!<\/p>\n<p><img fetchpriority=\"high\" decoding=\"async\" class=\"alignnone wp-image-8037\" src=\"https:\/\/shop.isarsilver.eu\/wp-content\/uploads\/2025\/09\/image-1-5.png\" alt=\"\" width=\"260\" height=\"260\" \/><\/p>\n","protected":false},"featured_media":14232,"comment_status":"open","ping_status":"closed","template":"","meta":[],"product_brand":[342],"product_cat":[341],"product_tag":[368,344,345],"class_list":{"0":"post-12596","1":"product","2":"type-product","3":"status-publish","4":"has-post-thumbnail","6":"product_brand-cube","7":"product_cat-fahrraeder","8":"product_tag-368","9":"product_tag-cube","10":"product_tag-fahrraeder","12":"first","13":"instock","14":"taxable","15":"shipping-taxable","16":"purchasable","17":"product-type-simple"},"_links":{"self":[{"href":"https:\/\/benimarkt.at\/index.php?rest_route=\/wp\/v2\/product\/12596","targetHints":{"allow":["GET"]}}],"collection":[{"href":"https:\/\/benimarkt.at\/index.php?rest_route=\/wp\/v2\/product"}],"about":[{"href":"https:\/\/benimarkt.at\/index.php?rest_route=\/wp\/v2\/types\/product"}],"replies":[{"embeddable":true,"href":"https:\/\/benimarkt.at\/index.php?rest_route=%2Fwp%2Fv2%2Fcomments&post=12596"}],"version-history":[{"count":3,"href":"https:\/\/benimarkt.at\/index.php?rest_route=\/wp\/v2\/product\/12596\/revisions"}],"predecessor-version":[{"id":12773,"href":"https:\/\/benimarkt.at\/index.php?rest_route=\/wp\/v2\/product\/12596\/revisions\/12773"}],"wp:featuredmedia":[{"embeddable":true,"href":"https:\/\/benimarkt.at\/index.php?rest_route=\/wp\/v2\/media\/14232"}],"wp:attachment":[{"href":"https:\/\/benimarkt.at\/index.php?rest_route=%2Fwp%2Fv2%2Fmedia&parent=12596"}],"wp:term":[{"taxonomy":"product_brand","embeddable":true,"href":"https:\/\/benimarkt.at\/index.php?rest_route=%2Fwp%2Fv2%2Fproduct_brand&post=12596"},{"taxonomy":"product_cat","embeddable":true,"href":"https:\/\/benimarkt.at\/index.php?rest_route=%2Fwp%2Fv2%2Fproduct_cat&post=12596"},{"taxonomy":"product_tag","embeddable":true,"href":"https:\/\/benimarkt.at\/index.php?rest_route=%2Fwp%2Fv2%2Fproduct_tag&post=12596"}],"curies":[{"name":"wp","href":"https:\/\/api.w.org\/{rel}","templated":true}]}}