{"id":12537,"date":"2025-10-07T12:34:52","date_gmt":"2025-10-07T12:34:52","guid":{"rendered":"https:\/\/benimarkt.at\/?post_type=product&#038;p=12537"},"modified":"2026-03-16T12:43:38","modified_gmt":"2026-03-16T12:43:38","slug":"polar-ignite-2-fitnessuhr","status":"publish","type":"product","link":"https:\/\/benimarkt.at\/?product=polar-ignite-2-fitnessuhr","title":{"rendered":"Polar Ignite 2 Fitnessuhr"},"content":{"rendered":"<p>Funktionen<\/p>\n<h5>Training und Erholung<\/h5>\n<p>Training Load Pro\u2122, Energiequellen, FitSpark\u00ae, Laufprogramm<\/p>\n<h5><span class=\"title\">Aktivit\u00e4t<\/span><\/h5>\n<p>24\/7 Activity Tracking, Smart Calories<\/p>\n<h5><span class=\"title\">Schlaf und Wohlbefinden<\/span><\/h5>\n<p>SleepWise\u2122, Nightly Recharge\u2122, Sleep Plus Stages\u2122, Serene\u2122<\/p>\n<h5><span class=\"title\">Tests<\/span><\/h5>\n<p>Fitness Test<\/p>\n<h5><span class=\"title\">Dienstprogramme<\/span><\/h5>\n<p>Musiksteuerung, Smart Notifications<\/p>\n<h4>Technische Daten<\/h4>\n<p>Abmessungen &#8211; Breite:<strong>43 mm, <\/strong>H\u00f6he:<strong>43 mm, <\/strong>St\u00e4rke:<strong>8.5 mm<\/strong><\/p>\n<p>Gewicht &#8211; Gesamtgewicht:<strong>35 g, <\/strong>Gesamtgewicht ohne Armband:<strong>21 g<\/strong><\/p>\n<p>Display &#8211; Displaytyp:<strong>TFT, <\/strong>Displaygr\u00f6\u00dfe:<strong>1.2 Inch, <\/strong>Displayaufl\u00f6sung:<strong>240 \u00d7 240, <\/strong>Touchscreen:<strong>Ja<\/strong><\/p>\n<p>Leistung &#8211; CPU-Geschwindigkeit:<strong>120 MHz, <\/strong>Speicher:<strong>0.64 MB, <\/strong>Aufbewahrung:<strong>32 MB<\/strong><\/p>\n<p>Materialien &#8211; Geh\u00e4usematerial:<strong>Plastic, <\/strong>Bildschirmmaterial:<strong>Dragontail, <\/strong>L\u00fcnettenmaterial:<strong>Stainless steel<\/strong><\/p>\n<p>Geo-Standort &#8211; GPS:<strong>Ja, <\/strong>Glonass:<strong>Ja, <\/strong>Galileo:<strong>Ja, <\/strong>QZSS:<strong>Ja, <\/strong>Assisted GPS:<strong>Ja, <\/strong>Assisted Glonass:<strong>Ja, <\/strong>Assisted Galileo:<strong>Ja, <\/strong>Assisted QZSS:<strong>Ja<\/strong><\/p>\n<p>Konnektivit\u00e4t &#8211; Bluetooth-Technologie:<strong>Bluetooth\u00ae LE, <\/strong>USB-Kabel:<strong>Propriatery \/ USB-A<\/strong><\/p>\n<p>Strapazierf\u00e4higkeit &#8211; Betriebstemperatur min.:<strong>-10 \u00b0C, <\/strong>Betriebstemperatur max.:<strong>50 \u00b0C, <\/strong>Wasserbest\u00e4ndigkeit:<strong>WR30<\/strong><\/p>\n<p>Sensoren &#8211; EKG:<strong>none, <\/strong>SpO2:<strong>none, <\/strong>Hauttemperatur:<strong>none, <\/strong>OHR:<strong>GEN 3, <\/strong>Beschleunigungssensor:<strong>Ja<\/strong><\/p>\n<p>Akku &#8211; Akkukapazit\u00e4t:<strong>165 mAh, <\/strong>Batterietyp:<strong>Li-Pol, <\/strong>Akku wiederaufladbar:<strong>Ja, <\/strong>Trainingsmodus mit max. Tracking:<strong>18 h, <\/strong>Energiespar-Trainingsmodus:<strong>103 h, <\/strong>Smartwatch-Modus:<strong>4.5 d<\/strong><\/p>\n<p>Verschiedenes &#8211; Stoppuhr:<strong>Ja, <\/strong>Geschwindigkeit Tempo:<strong>Ja, <\/strong>Countdown-Timer:<strong>Ja, <\/strong>Intervalltimer:<strong>Ja, <\/strong>Automatische Runden:<strong>Ja, <\/strong>Autostart Stopp:<strong>Ja, <\/strong>Vibrationsalarme:<strong>Ja, <\/strong>Wecker:<strong>Ja, <\/strong>Uhr:<strong>Ja, <\/strong>Displaybeleuchtung:<strong>Ja, <\/strong>Datum und Wochentag:<strong>Ja, <\/strong>Uhrzeit:<strong>Ja, <\/strong>Tastensperre:<strong>Ja, <\/strong>Aktualisierbare Firmware:<strong>Ja<\/strong><\/p>\n<p>&nbsp;<\/p>\n","protected":false},"excerpt":{"rendered":"<h4>Beschreibung<\/h4>\n<p>Die Polar Ignite 2 Fitnessuhr ist elegant, schlank und intelligent. Erhalte personalisierte Trainingseinheiten sowie Einblicke in deine Erholung und deinen Schlaf \u2013 und das von einer Uhr, die durch ein attraktives Design besticht und rund um die Uhr angenehm zu tragen ist.<\/p>\n<p>Sie ist sehr benutzerfreundlich und kann zudem noch durch verschiedene Armb\u00e4nder und Anzeigendesigns personalisiert werden.<br \/>\nGenaue, einfach interpretierbare Daten zu deinem Puls, deinem Schlaf und deiner Erholung helfen dir, Wohlbefinden zu erlangen. Unsere FitSpark-Funktion liefert dir individuell zusammengestellte Trainingsvorschl\u00e4ge, die deine Tagesform und deine Trainingshistorie ber\u00fccksichtigen. Zusammen mit den zus\u00e4tzlichen Funktionen wie Musiksteuerung, Wettervorhersage und Smart Notifications hast du alles, was du brauchst, um gest\u00e4rkt zur\u00fcckzukommen.<\/p>\n<h5 class=\"color-title\">Farbe:\u00a0<span class=\"js-variant-name\">Gold &amp; Champagner<\/span><\/h5>\n","protected":false},"featured_media":12538,"comment_status":"open","ping_status":"closed","template":"","meta":[],"product_brand":[302],"product_cat":[348,162],"product_tag":[346,323],"class_list":{"0":"post-12537","1":"product","2":"type-product","3":"status-publish","4":"has-post-thumbnail","6":"product_brand-polar","7":"product_cat-polar","8":"product_cat-smartwatches-gps-zubehoer","9":"product_tag-polar","10":"product_tag-smartwatch","12":"first","13":"outofstock","14":"taxable","15":"shipping-taxable","16":"purchasable","17":"product-type-simple"},"_links":{"self":[{"href":"https:\/\/benimarkt.at\/index.php?rest_route=\/wp\/v2\/product\/12537","targetHints":{"allow":["GET"]}}],"collection":[{"href":"https:\/\/benimarkt.at\/index.php?rest_route=\/wp\/v2\/product"}],"about":[{"href":"https:\/\/benimarkt.at\/index.php?rest_route=\/wp\/v2\/types\/product"}],"replies":[{"embeddable":true,"href":"https:\/\/benimarkt.at\/index.php?rest_route=%2Fwp%2Fv2%2Fcomments&post=12537"}],"version-history":[{"count":1,"href":"https:\/\/benimarkt.at\/index.php?rest_route=\/wp\/v2\/product\/12537\/revisions"}],"predecessor-version":[{"id":12542,"href":"https:\/\/benimarkt.at\/index.php?rest_route=\/wp\/v2\/product\/12537\/revisions\/12542"}],"wp:featuredmedia":[{"embeddable":true,"href":"https:\/\/benimarkt.at\/index.php?rest_route=\/wp\/v2\/media\/12538"}],"wp:attachment":[{"href":"https:\/\/benimarkt.at\/index.php?rest_route=%2Fwp%2Fv2%2Fmedia&parent=12537"}],"wp:term":[{"taxonomy":"product_brand","embeddable":true,"href":"https:\/\/benimarkt.at\/index.php?rest_route=%2Fwp%2Fv2%2Fproduct_brand&post=12537"},{"taxonomy":"product_cat","embeddable":true,"href":"https:\/\/benimarkt.at\/index.php?rest_route=%2Fwp%2Fv2%2Fproduct_cat&post=12537"},{"taxonomy":"product_tag","embeddable":true,"href":"https:\/\/benimarkt.at\/index.php?rest_route=%2Fwp%2Fv2%2Fproduct_tag&post=12537"}],"curies":[{"name":"wp","href":"https:\/\/api.w.org\/{rel}","templated":true}]}}