{"id":12490,"date":"2025-10-07T07:49:15","date_gmt":"2025-10-07T07:49:15","guid":{"rendered":"https:\/\/benimarkt.at\/?post_type=product&#038;p=12490"},"modified":"2026-03-16T12:42:54","modified_gmt":"2026-03-16T12:42:54","slug":"polar-pacer-pro-ambitionierte-gps-sportuhr-3","status":"publish","type":"product","link":"https:\/\/benimarkt.at\/?product=polar-pacer-pro-ambitionierte-gps-sportuhr-3","title":{"rendered":"Polar Pacer Pro Ambitionierte GPS-Sportuhr"},"content":{"rendered":"<h3>Technische Daten<\/h3>\n<p>Abmessungen &#8211; Breite:<strong>45 mm, <\/strong>H\u00f6he:<strong>45 mm, <\/strong>St\u00e4rke:<strong>11.5 mm<\/strong><\/p>\n<div class=\"tab-block active\">\n<div class=\"at-glance-tech__glb\">\n<dl class=\"tech-spec-group\">\n<dt>Gewicht &#8211; Gesamtgewicht:<strong>41 g, <\/strong>Gesamtgewicht ohne Armband:<strong>23 g<\/strong><\/dt>\n<\/dl>\n<dl class=\"tech-spec-group\">\n<dt>Display &#8211; Displaytyp:<strong>MIP, <\/strong>Displaygr\u00f6\u00dfe:<strong>1.2 Inch, <\/strong>Displayaufl\u00f6sung:<strong>240 \u00d7 240, <\/strong>Display immer eingeschaltet:<strong>Ja<\/strong><\/dt>\n<\/dl>\n<dl class=\"tech-spec-group\">\n<dt>Leistung &#8211; CPU-Geschwindigkeit:<strong>192 MHz, <\/strong>Speicher:<strong>5 MB, <\/strong>Aufbewahrung:<strong>32 MB<\/strong><\/dt>\n<\/dl>\n<dl class=\"tech-spec-group\">\n<dt>Materialien &#8211; Geh\u00e4usematerial:<strong>Plastic, <\/strong>Bildschirmmaterial:<strong>Gorilla Glass, <\/strong>L\u00fcnettenmaterial:<strong>Aerospace aluminium<\/strong><\/dt>\n<\/dl>\n<dl class=\"tech-spec-group\">\n<dt>Geo-Standort &#8211; GPS:<strong>Ja, <\/strong>Glonass:<strong>Ja, <\/strong>Galileo:<strong>Ja, <\/strong>QZSS:<strong>Ja, <\/strong>Assisted GPS:<strong>Ja, <\/strong>Assisted Glonass:<strong>Ja, <\/strong>Assisted Galileo:<strong>Ja, <\/strong>Assisted QZSS:<strong>Ja<\/strong><\/dt>\n<\/dl>\n<dl class=\"tech-spec-group\">\n<dt>Konnektivit\u00e4t &#8211; Bluetooth-Technologie:<strong>Bluetooth\u00ae LE, <\/strong>USB-Kabel:<strong>Propriatery \/ USB-A<\/strong><\/dt>\n<\/dl>\n<dl class=\"tech-spec-group\">\n<dt>Strapazierf\u00e4higkeit &#8211; Betriebstemperatur min.:<strong>-10 \u00b0C, <\/strong>Betriebstemperatur max.:<strong>50 \u00b0C, <\/strong>Wasserbest\u00e4ndigkeit:<strong>WR50, <\/strong>Nach Milit\u00e4rnorm gepr\u00fcft:<strong>MIL-STD-810G<\/strong><\/dt>\n<\/dl>\n<dl class=\"tech-spec-group\">\n<dt>Sensoren &#8211; EKG:<strong>none, <\/strong>SpO2:<strong>none, <\/strong>Hauttemperatur:<strong>none, <\/strong>OHR:<strong>GEN 3.5, <\/strong>Barometer:<strong>Ja, <\/strong>Magnetometer-Kompass:<strong>Ja, <\/strong>Beschleunigungssensor:<strong>Ja<\/strong><\/dt>\n<\/dl>\n<dl class=\"tech-spec-group\">\n<dt>Akku &#8211; Akkukapazit\u00e4t:<strong>265 mAh, <\/strong>Batterietyp:<strong>Li-Pol, <\/strong>Akku wiederaufladbar:<strong>Ja, <\/strong>Trainingsmodus mit max. Tracking:<strong>30 h, <\/strong>Energiespar-Trainingsmodus:<strong>139 h, <\/strong>Smartwatch-Modus:<strong>6.5 d<\/strong><\/dt>\n<\/dl>\n<dl class=\"tech-spec-group\">\n<dt>Verschiedenes &#8211; Stoppuhr:<strong>Ja, <\/strong>Geschwindigkeit Tempo:<strong>Ja, <\/strong>Countdown-Timer:<strong>Ja, <\/strong>Intervalltimer:<strong>Ja, <\/strong>Manuelle Runden:<strong>Ja, <\/strong>Automatische Runden:<strong>Ja, <\/strong>Autostart Stopp:<strong>Ja, <\/strong>Vibrationsalarme:<strong>Ja, <\/strong>Wecker:<strong>Ja, <\/strong>Uhr:<strong>Ja, <\/strong>Displaybeleuchtung:<strong>Ja, <\/strong>Datum und Wochentag:<strong>Ja, <\/strong>Uhrzeit:<strong>Ja, <\/strong>Tastensperre:<strong>Ja, <\/strong>Aktualisierbare Firmware:<strong>Ja<\/strong><\/dt>\n<\/dl>\n<div><\/div>\n<\/div>\n<h3>Funktionen<\/h3>\n<h4>Training und Erholung<\/h4>\n<\/div>\n<div>\n<p>Training Load Pro\u2122,\u00a0 Energiequellen,\u00a0 \u00a0Running Power am Handgelenk,\u00a0 FitSpark\u00ae,\u00a0 FuelWise\u2122,\u00a0 W\u00f6chentliche Zusammenfassung,\u00a0 Schwimm-Metriken,\u00a0 Laufprogramm,\u00a0 Saisonplaner,\u00a0 Trainingsziele,\u00a0 Sprachf\u00fchrung<\/p>\n<h4>Aktivitat<\/h4>\n<p>24\/7 Activity Tracking,\u00a0 Schrittz\u00e4hler<\/p>\n<h4><span class=\"title\">Schlaf und Wohlbefinden<\/span><\/h4>\n<p>SleepWise\u2122,\u00a0 Nightly Recharge\u2122,\u00a0 \u00a0Sleep Plus Stages\u2122,\u00a0 Serene\u2122<\/p>\n<h4>Outdoor-Sport und Navigation<\/h4>\n<p>Globales Navigationssatellitensystem,\u00a0 Turn-by-Turn Navigation powered by komoot,\u00a0 Hill Splitter\u2122,\u00a0 Routen- und H\u00f6henprofile,\u00a0 Routenf\u00fchrung,\u00a0 Back-to-start,\u00a0 H\u00f6henmesser<\/p>\n<h4><span class=\"title\">Tests<\/span><\/h4>\n<p>Lauf-Leistungstest,\u00a0 Fitness Test,\u00a0 Walking-Test,\u00a0 Rad-Leistungstest<\/p>\n<h4><span class=\"title\">Dienstprogramme<\/span><\/h4>\n<p>Farbvarianten der Displayansicht,\u00a0 Wetter,\u00a0 Polar Flow,\u00a0 Musiksteuerung,\u00a0 Smart Notifications<\/p>\n<h4><span class=\"title\">Hardware<\/span><\/h4>\n<p>Precision Prime\u2122,\u00a0 Ultralange Akkulaufzeit,\u00a0 Kompass,\u00a0 H\u00f6henmesser<\/p>\n<h4><span class=\"title\">Konnektivit\u00e4t<\/span><\/h4>\n<p>Pulssensor-Modus<\/p>\n<\/div>\n","protected":false},"excerpt":{"rendered":"<h3>Beschreibung<\/h3>\n<p>Diese moderne ultraleichte Sportuhr mit integriertem Barometer bietet Sportbegeisterten fortschrittliche Tools zur Verbesserung von Lauf\u00f6konomie, Trainingseinheiten und Leistung.<br \/>\nDie Polar Pacer Pro ist eine Sportuhr der neuesten Generation f\u00fcr erfolgreiches Training. Sie verf\u00fcgt \u00fcber ein neues integriertes Antennendesign f\u00fcr eine verbesserte GPS-Ortung, n\u00fctzliche Trainingsfunktionen und personalisierte Erholungs- und Schlaffunktionen, die dich dabei unterst\u00fctzen, dein Bestes zu geben. Ultraleichtes Design, ein helles Display und das Barometer helfen dir, deine Kraft richtig zu nutzen und in jeder Sportart wettbewerbsf\u00e4hig zu sein.<\/p>\n<h5 class=\"color-title\">Farbe:\u00a0<span class=\"js-variant-name\">Snow White<\/span><\/h5>\n","protected":false},"featured_media":12492,"comment_status":"open","ping_status":"closed","template":"","meta":[],"product_brand":[302],"product_cat":[348,162],"product_tag":[346,323],"class_list":{"0":"post-12490","1":"product","2":"type-product","3":"status-publish","4":"has-post-thumbnail","6":"product_brand-polar","7":"product_cat-polar","8":"product_cat-smartwatches-gps-zubehoer","9":"product_tag-polar","10":"product_tag-smartwatch","12":"first","13":"outofstock","14":"taxable","15":"shipping-taxable","16":"purchasable","17":"product-type-simple"},"_links":{"self":[{"href":"https:\/\/benimarkt.at\/index.php?rest_route=\/wp\/v2\/product\/12490","targetHints":{"allow":["GET"]}}],"collection":[{"href":"https:\/\/benimarkt.at\/index.php?rest_route=\/wp\/v2\/product"}],"about":[{"href":"https:\/\/benimarkt.at\/index.php?rest_route=\/wp\/v2\/types\/product"}],"replies":[{"embeddable":true,"href":"https:\/\/benimarkt.at\/index.php?rest_route=%2Fwp%2Fv2%2Fcomments&post=12490"}],"version-history":[{"count":1,"href":"https:\/\/benimarkt.at\/index.php?rest_route=\/wp\/v2\/product\/12490\/revisions"}],"predecessor-version":[{"id":12491,"href":"https:\/\/benimarkt.at\/index.php?rest_route=\/wp\/v2\/product\/12490\/revisions\/12491"}],"wp:featuredmedia":[{"embeddable":true,"href":"https:\/\/benimarkt.at\/index.php?rest_route=\/wp\/v2\/media\/12492"}],"wp:attachment":[{"href":"https:\/\/benimarkt.at\/index.php?rest_route=%2Fwp%2Fv2%2Fmedia&parent=12490"}],"wp:term":[{"taxonomy":"product_brand","embeddable":true,"href":"https:\/\/benimarkt.at\/index.php?rest_route=%2Fwp%2Fv2%2Fproduct_brand&post=12490"},{"taxonomy":"product_cat","embeddable":true,"href":"https:\/\/benimarkt.at\/index.php?rest_route=%2Fwp%2Fv2%2Fproduct_cat&post=12490"},{"taxonomy":"product_tag","embeddable":true,"href":"https:\/\/benimarkt.at\/index.php?rest_route=%2Fwp%2Fv2%2Fproduct_tag&post=12490"}],"curies":[{"name":"wp","href":"https:\/\/api.w.org\/{rel}","templated":true}]}}