{"id":12447,"date":"2025-10-03T08:44:59","date_gmt":"2025-10-03T08:44:59","guid":{"rendered":"https:\/\/benimarkt.at\/?post_type=product&#038;p=12447"},"modified":"2026-04-15T12:42:38","modified_gmt":"2026-04-15T12:42:38","slug":"cube-stereo-hybrid-one77-hpc-race-800-2026-willowgreennblack-m","status":"publish","type":"product","link":"https:\/\/benimarkt.at\/?product=cube-stereo-hybrid-one77-hpc-race-800-2026-willowgreennblack-m","title":{"rendered":"CUBE Stereo Hybrid ONE77 HPC Race 800 2026 willowgreen\u00b4n\u00b4black &#8211; M"},"content":{"rendered":"<div>\n<div class=\"col-12 col-md-3 col-lg-2\">\n<div class=\"table-row row g-0\">\n<div class=\"col-12 col-md-3 col-lg-2\">\n<div class=\"section\">\n<div class=\"table-row row g-0\">\n<div class=\"col-12 col-md-3 col-lg-2\">\n<h3><strong>Technische Daten:<\/strong><\/h3>\n<ul>\n<li class=\"title\">Rahmen &#8211; C:62\u00ae Monocoque Advanced Twin Mold Technology, Aluminium 6061 T6 Rear Triangle, Efficient Trail Control, FSP 4-Link, Agile Trail Geometry, Boost 148, UDH\u2122, Full Integrated Battery,Advanced Internal Cable Routing<\/li>\n<li class=\"title\">Gr\u00f6\u00dfe &#8211; M, L,<\/li>\n<li class=\"title\">Federgabel &#8211; SR Suntour Aion 38X 2CR Air, Tapered, 15x110mm, Lockout, 170mm<\/li>\n<li class=\"title\">D\u00e4mpfer &#8211; SR Suntour TRIAir 2CR 230x65mm<\/li>\n<li class=\"title\">D\u00e4mpfer Hardware &#8211; Front: 30x8mm, Rear: DU-Bushing 12.7mm<\/li>\n<li class=\"title\">Bremsanlage &#8211; Magura Louise, Front 4-Piston\/Rear 4-Piston, Hydr. Disc Brake (203\/203)<\/li>\n<li class=\"title\">Schaltwerk &#8211; Shimano XT RD-M8100-SGS, ShadowPlus, 12-Speed<\/li>\n<li class=\"title\">Schalthebel &#8211; Shimano Deore SL-M6100, Rapidfire-Plus<\/li>\n<li class=\"title\">Kurbelgarnitur &#8211; ACID MTB Hybrid Pro, 36T<\/li>\n<li class=\"title\">Kassette &#8211; Shimano Deore CS-M6100, 10-51T<\/li>\n<li class=\"title\">Kette &#8211; KMC e12<\/li>\n<li class=\"title\">Kettenf\u00fchrung &#8211; Reverse Flip-Guide E-Chain Guide, Direct Mount, I-Plate<\/li>\n<li class=\"title\">Steuersatz &#8211; ACROS AZF-675, ICR (Integrated Cable Routing), Top Zero-Stack 1 1\/2&#8243; (ZS 56mm), Bottom Zero-Stack 1 1\/2&#8243; (ZS 56mm), Fiber Inserts for Angle Adjustment, X-Connect Interface<\/li>\n<li class=\"title\">Vorbau &#8211; CUBE Performance Stem E-MTB 35, FPI-Link<\/li>\n<li class=\"title\">Lenker &#8211; CUBE Rise Trail Bar 35<\/li>\n<li class=\"title\">Griffe &#8211; ACID Disrupt, Soft Compound<\/li>\n<li class=\"title\">Laufradsatz &#8211; ACID SLX 30, 32\/32 Spokes, 15x110mm\/12x148mm, Tubeless Ready<\/li>\n<li class=\"title\">Vorderreifen &#8211; Schwalbe Magic Mary, Performance, 2.4<\/li>\n<li class=\"title\">Hinterreifen &#8211; Schwalbe Big Betty, Performance, 2.4<\/li>\n<li class=\"title\">Sattel &#8211; ACID Venec EMTB Trail 140<\/li>\n<li class=\"title\">Sattelst\u00fctze &#8211; CUBE Dropper Post, Handlebar Lever, Internal Cable Routing, 31.6mm<\/li>\n<li class=\"title\">Pedale &#8211; ACID PP MTB<\/li>\n<li class=\"title\">Farbe &#8211; willowgreen\u00b4n\u00b4black<\/li>\n<\/ul>\n<\/div>\n<\/div>\n<\/div>\n<\/div>\n<\/div>\n<\/div>\n<\/div>\n<h3><strong>Geometrie:<\/strong><\/h3>\n<div class=\"row align-items-start\">\n<div class=\"col-lg-7\">\n<div class=\"e-geometry-table-wrapper\">\n<table id=\"e-geometry-integration-table\" class=\"table e-geometry-table\">\n<thead>\n<tr>\n<th class=\"table-header\">Slack\/Moderate<\/th>\n<td class=\"geometry-table-field\" data-sizekey=\"500\"><\/td>\n<td class=\"geometry-table-field\" data-sizekey=\"900\"><span style=\"color: #00ff00;\"><strong>M<\/strong><\/span><\/td>\n<td class=\"geometry-table-field\" data-sizekey=\"1100\">L<\/td>\n<td class=\"geometry-table-field\" data-sizekey=\"1300\"><\/td>\n<\/tr>\n<\/thead>\n<tbody>\n<tr>\n<th class=\"e-geometry-table-row\" data-id=\"A\">Sitzrohr<\/th>\n<td class=\"geometry-table-field\" data-id=\"A\" data-sizekey=\"500\"><\/td>\n<td class=\"geometry-table-field\" data-id=\"A\" data-sizekey=\"900\"><strong>405<\/strong><\/td>\n<td class=\"geometry-table-field\" data-id=\"A\" data-sizekey=\"1100\">420<\/td>\n<td class=\"geometry-table-field\" data-id=\"A\" data-sizekey=\"1300\"><\/td>\n<\/tr>\n<tr>\n<th class=\"e-geometry-table-row\" data-id=\"B\">Oberrohr horizontal<\/th>\n<td class=\"geometry-table-field\" data-id=\"B\" data-sizekey=\"500\"><\/td>\n<td class=\"geometry-table-field\" data-id=\"B\" data-sizekey=\"900\"><strong>597 \/ 598<\/strong><\/td>\n<td class=\"geometry-table-field\" data-id=\"B\" data-sizekey=\"1100\">625 \/ 626<\/td>\n<td class=\"geometry-table-field\" data-id=\"B\" data-sizekey=\"1300\"><\/td>\n<\/tr>\n<tr>\n<th class=\"e-geometry-table-row\" data-id=\"C\">Sitzwinkel<\/th>\n<td class=\"geometry-table-field\" data-id=\"C\" data-sizekey=\"500\"><\/td>\n<td class=\"geometry-table-field\" data-id=\"C\" data-sizekey=\"900\"><strong>76.7\u00b0 \/ 76.5<\/strong>\u00b0<\/td>\n<td class=\"geometry-table-field\" data-id=\"C\" data-sizekey=\"1100\">76.7\u00b0 \/ 76.5\u00b0<\/td>\n<td class=\"geometry-table-field\" data-id=\"C\" data-sizekey=\"1300\"><\/td>\n<\/tr>\n<tr>\n<th class=\"e-geometry-table-row\" data-id=\"D\">Steuerrohrwinkel<\/th>\n<td class=\"geometry-table-field\" data-id=\"D\" data-sizekey=\"500\"><\/td>\n<td class=\"geometry-table-field\" data-id=\"D\" data-sizekey=\"900\"><strong>63.8\u00b0 \/ 64.4\u00b0<\/strong><\/td>\n<td class=\"geometry-table-field\" data-id=\"D\" data-sizekey=\"1100\">63.8\u00b0 \/ 64.4\u00b0<\/td>\n<td class=\"geometry-table-field\" data-id=\"D\" data-sizekey=\"1300\"><\/td>\n<\/tr>\n<tr>\n<th class=\"e-geometry-table-row\" data-id=\"E\">Kettenstreben<\/th>\n<td class=\"geometry-table-field\" data-id=\"E\" data-sizekey=\"500\"><\/td>\n<td class=\"geometry-table-field\" data-id=\"E\" data-sizekey=\"900\"><strong>443<\/strong><\/td>\n<td class=\"geometry-table-field\" data-id=\"E\" data-sizekey=\"1100\">443<\/td>\n<td class=\"geometry-table-field\" data-id=\"E\" data-sizekey=\"1300\"><\/td>\n<\/tr>\n<tr>\n<th class=\"e-geometry-table-row\" data-id=\"F\">Steuerrohr<\/th>\n<td class=\"geometry-table-field\" data-id=\"F\" data-sizekey=\"500\"><\/td>\n<td class=\"geometry-table-field\" data-id=\"F\" data-sizekey=\"900\"><strong>103<\/strong><\/td>\n<td class=\"geometry-table-field\" data-id=\"F\" data-sizekey=\"1100\">115<\/td>\n<td class=\"geometry-table-field\" data-id=\"F\" data-sizekey=\"1300\"><\/td>\n<\/tr>\n<tr>\n<th class=\"e-geometry-table-row\" data-id=\"G\">Radstand<\/th>\n<td class=\"geometry-table-field\" data-id=\"G\" data-sizekey=\"500\"><\/td>\n<td class=\"geometry-table-field\" data-id=\"G\" data-sizekey=\"900\"><strong>1238 \/ 1231<\/strong><\/td>\n<td class=\"geometry-table-field\" data-id=\"G\" data-sizekey=\"1100\">1269 \/ 1261<\/td>\n<td class=\"geometry-table-field\" data-id=\"G\" data-sizekey=\"1300\"><\/td>\n<\/tr>\n<tr>\n<th class=\"e-geometry-table-row\" data-id=\"H\">Tretlagerh\u00f6he zur Nabenachse<\/th>\n<td class=\"geometry-table-field\" data-id=\"H\" data-sizekey=\"500\"><\/td>\n<td class=\"geometry-table-field\" data-id=\"H\" data-sizekey=\"900\"><strong>13<\/strong><\/td>\n<td class=\"geometry-table-field\" data-id=\"H\" data-sizekey=\"1100\">13<\/td>\n<td class=\"geometry-table-field\" data-id=\"H\" data-sizekey=\"1300\"><\/td>\n<\/tr>\n<tr>\n<th class=\"e-geometry-table-row\" data-id=\"T 80\">\u00dcberstandsh\u00f6he &#8211; 80mm<\/th>\n<td class=\"geometry-table-field\" data-id=\"T 80\" data-sizekey=\"500\"><\/td>\n<td class=\"geometry-table-field\" data-id=\"T 80\" data-sizekey=\"900\"><strong>754<\/strong><\/td>\n<td class=\"geometry-table-field\" data-id=\"T 80\" data-sizekey=\"1100\">753<\/td>\n<td class=\"geometry-table-field\" data-id=\"T 80\" data-sizekey=\"1300\"><\/td>\n<\/tr>\n<tr>\n<th class=\"e-geometry-table-row\" data-id=\"R\">Reach<\/th>\n<td class=\"geometry-table-field\" data-id=\"R\" data-sizekey=\"500\"><\/td>\n<td class=\"geometry-table-field\" data-id=\"R\" data-sizekey=\"900\"><strong>452 \/ 450<\/strong><\/td>\n<td class=\"geometry-table-field\" data-id=\"R\" data-sizekey=\"1100\">477 \/ 475<\/td>\n<td class=\"geometry-table-field\" data-id=\"R\" data-sizekey=\"1300\"><\/td>\n<\/tr>\n<tr>\n<th class=\"e-geometry-table-row\" data-id=\"S\">Stack<\/th>\n<td class=\"geometry-table-field\" data-id=\"S\" data-sizekey=\"500\"><\/td>\n<td class=\"geometry-table-field\" data-id=\"S\" data-sizekey=\"900\"><strong>635 \/ 637<\/strong><\/td>\n<td class=\"geometry-table-field\" data-id=\"S\" data-sizekey=\"1100\">645 \/ 648<\/td>\n<td class=\"geometry-table-field\" data-id=\"S\" data-sizekey=\"1300\"><\/td>\n<\/tr>\n<\/tbody>\n<\/table>\n<\/div>\n<\/div>\n<\/div>\n","protected":false},"excerpt":{"rendered":"<h3><strong>Beschreibung:<\/strong><\/h3>\n<p data-start=\"43\" data-end=\"849\">Der Rahmen des Stereo Hybrid ONE77 HPC ist wahrlich eine Klasse f\u00fcr sich, denn hier treffen 170 mm Federweg an der Front und am Heck auf ein Mullet-Set-up mit einem 29 Zoll Vorderrad und 27.5 Zoll Hinterrad. Damit werden Big-Mountain-Trail-Tr\u00e4ume wahr! Wie immer bei CUBE maximal detailverliebt konstruiert auch der Rest: Integrated Cable Routing sorgt f\u00fcr einen supercleanen Look. Dazu kommt ein Steuersatz zur Winkelverstellung, mit dem sich das Handling an individuelle Vorlieben und Anforderungen anpassen l\u00e4sst. Au\u00dferdem haben wir den 800 Wh starken PowerTube Akku gleich \u00fcber dem Bosch CX Motor sauber und formsch\u00f6n ins Carbon-Unterrohr integriert. F\u00fcr einfachere Ersatzteilverf\u00fcgbarkeit gibt&#8217;s ein UDH am Aluminium-Hinterbau \u2013 und weil wir auch eine Direct Mount Kettenf\u00fchrung verbaut haben, geht&#8217;s mit diesem Fully selbst bei schwierigen Bedingungen weiter, weiter und immer weiter.<\/p>\n<p data-start=\"43\" data-end=\"849\">Ein Blick auf die raffinierte Geometrie und das Mullet-Set-up und es ist klar: Das Stereo Hybrid ONE77 HPC Race macht keine Kompromisse. Bei seiner Entwicklung haben wir extreme Liebe zum Detail walten lassen und einen Bosch CX Motor samt 800 Wh PowerTube Akku mit einer Shimano XT 12-fach Schaltung kombiniert. Damit werden selbst anspruchsvollste Strecken zum Kinderspiel! Bergab packen die hydraulischen Magura MT Louise Scheibenbremsen beherzt zu und bringen die supergriffigen 2.4 Zoll Schwalbe Magic Mary und Big Betty Pneus bei allen m\u00f6glichen und unm\u00f6glichen (Trail-)Bedingungen kontrolliert und sicher zum Stehen. F\u00fcr einwandfreie Bodenhaftung und Spurtreue ist die Suntour Aion 38X Federgabel zust\u00e4ndig, der wir einen Triair 2CR D\u00e4mpfer mit Ausgleichsbeh\u00e4lter zur Seite gestellt haben. Eine versenkbare Sattelst\u00fctze f\u00fcr noch besseres Handling im Gel\u00e4nde f\u00e4hrt auch mit. Dein Bike, deine Lines, dein Big-Mountain-Fahrspa\u00df!<\/p>\n<p><img fetchpriority=\"high\" decoding=\"async\" class=\"alignnone wp-image-8037\" src=\"https:\/\/shop.isarsilver.eu\/wp-content\/uploads\/2025\/09\/image-1-5.png\" alt=\"\" width=\"385\" height=\"385\" \/><\/p>\n","protected":false},"featured_media":14238,"comment_status":"open","ping_status":"closed","template":"","meta":[],"product_brand":[342],"product_cat":[341],"product_tag":[377,344,345],"class_list":{"0":"post-12447","1":"product","2":"type-product","3":"status-publish","4":"has-post-thumbnail","6":"product_brand-cube","7":"product_cat-fahrraeder","8":"product_tag-377","9":"product_tag-cube","10":"product_tag-fahrraeder","12":"first","13":"instock","14":"taxable","15":"shipping-taxable","16":"purchasable","17":"product-type-simple"},"_links":{"self":[{"href":"https:\/\/benimarkt.at\/index.php?rest_route=\/wp\/v2\/product\/12447","targetHints":{"allow":["GET"]}}],"collection":[{"href":"https:\/\/benimarkt.at\/index.php?rest_route=\/wp\/v2\/product"}],"about":[{"href":"https:\/\/benimarkt.at\/index.php?rest_route=\/wp\/v2\/types\/product"}],"replies":[{"embeddable":true,"href":"https:\/\/benimarkt.at\/index.php?rest_route=%2Fwp%2Fv2%2Fcomments&post=12447"}],"version-history":[{"count":1,"href":"https:\/\/benimarkt.at\/index.php?rest_route=\/wp\/v2\/product\/12447\/revisions"}],"predecessor-version":[{"id":12448,"href":"https:\/\/benimarkt.at\/index.php?rest_route=\/wp\/v2\/product\/12447\/revisions\/12448"}],"wp:featuredmedia":[{"embeddable":true,"href":"https:\/\/benimarkt.at\/index.php?rest_route=\/wp\/v2\/media\/14238"}],"wp:attachment":[{"href":"https:\/\/benimarkt.at\/index.php?rest_route=%2Fwp%2Fv2%2Fmedia&parent=12447"}],"wp:term":[{"taxonomy":"product_brand","embeddable":true,"href":"https:\/\/benimarkt.at\/index.php?rest_route=%2Fwp%2Fv2%2Fproduct_brand&post=12447"},{"taxonomy":"product_cat","embeddable":true,"href":"https:\/\/benimarkt.at\/index.php?rest_route=%2Fwp%2Fv2%2Fproduct_cat&post=12447"},{"taxonomy":"product_tag","embeddable":true,"href":"https:\/\/benimarkt.at\/index.php?rest_route=%2Fwp%2Fv2%2Fproduct_tag&post=12447"}],"curies":[{"name":"wp","href":"https:\/\/api.w.org\/{rel}","templated":true}]}}